{"id":12323,"date":"2024-04-20T07:39:46","date_gmt":"2024-04-20T07:39:46","guid":{"rendered":"https:\/\/demo9.inetproductions.be\/product\/passo-gardena-selva-di-val-gardena\/"},"modified":"2025-07-13T09:20:39","modified_gmt":"2025-07-13T09:20:39","slug":"passo-gardena-selva-di-val-gardena","status":"publish","type":"product","link":"https:\/\/www.cyclosouvenir.be\/en\/product\/passo-gardena-selva-di-val-gardena\/","title":{"rendered":"Passo Gardena &#8211; Selva di Val Gardena"},"content":{"rendered":"","protected":false},"excerpt":{"rendered":"<p>The Gardena Pass (Ladin (Gherd\u00ebina): J\u00ebuf de Frea, Ladin (Badia): Ju de Frara, German: Gr\u00f6dnerjoch, Italian: Passo di Gardena) forms the link in Italy between Val Gardena (Gr\u00f6dnertal) and Val Badia (Gadertal). The route is normally passable throughout the year. The pass road is often driven in combination with the Pordoi Pass, Campolongo Pass and Sella Pass, which also circle the mighty Sella mountain massif. The area through which the pass road passes is bilingual: Ladin and German. Source Wikipedia<\/p>\n","protected":false},"featured_media":10773,"comment_status":"open","ping_status":"closed","template":"","meta":{"_et_pb_use_builder":"","_et_pb_old_content":"","_et_gb_content_width":""},"product_brand":[],"product_cat":[3499,3568,302],"product_tag":[],"class_list":{"0":"post-12323","1":"product","2":"type-product","3":"status-publish","4":"has-post-thumbnail","6":"product_cat-italy-en","7":"product_cat-dolomites-en","8":"product_cat-road-markers","9":"tm-has-options","11":"first","12":"instock","13":"taxable","14":"shipping-taxable","15":"purchasable","16":"product-type-simple"},"yoast_head":"<!-- This site is optimized with the Yoast SEO plugin v26.2 - https:\/\/yoast.com\/wordpress\/plugins\/seo\/ -->\n<title>Passo Gardena - Selva di Val Gardena - Cyclosouvenir<\/title>\n<meta name=\"robots\" content=\"index, follow, max-snippet:-1, max-image-preview:large, max-video-preview:-1\" \/>\n<link rel=\"canonical\" href=\"https:\/\/www.cyclosouvenir.be\/en\/product\/passo-gardena-selva-di-val-gardena\/\" \/>\n<meta property=\"og:locale\" content=\"en_US\" \/>\n<meta property=\"og:type\" content=\"article\" \/>\n<meta property=\"og:title\" content=\"Passo Gardena - Selva di Val Gardena - Cyclosouvenir\" \/>\n<meta property=\"og:description\" content=\"The Gardena Pass (Ladin (Gherd\u00ebina): J\u00ebuf de Frea, Ladin (Badia): Ju de Frara, German: Gr\u00f6dnerjoch, Italian: Passo di Gardena) forms the link in Italy between Val Gardena (Gr\u00f6dnertal) and Val Badia (Gadertal). The route is normally passable throughout the year. The pass road is often driven in combination with the Pordoi Pass, Campolongo Pass and Sella Pass, which also circle the mighty Sella mountain massif. The area through which the pass road passes is bilingual: Ladin and German. Source Wikipedia\" \/>\n<meta property=\"og:url\" content=\"https:\/\/www.cyclosouvenir.be\/en\/product\/passo-gardena-selva-di-val-gardena\/\" \/>\n<meta property=\"og:site_name\" content=\"Cyclosouvenir\" \/>\n<meta property=\"article:modified_time\" content=\"2025-07-13T09:20:39+00:00\" \/>\n<meta property=\"og:image\" content=\"https:\/\/www.cyclosouvenir.be\/wp-content\/uploads\/2024\/02\/Passo_Gardena_Selva_di_Val_Gardena.png\" \/>\n\t<meta property=\"og:image:width\" content=\"250\" \/>\n\t<meta property=\"og:image:height\" content=\"300\" \/>\n\t<meta property=\"og:image:type\" content=\"image\/png\" \/>\n<meta name=\"twitter:card\" content=\"summary_large_image\" \/>\n<script type=\"application\/ld+json\" class=\"yoast-schema-graph\">{\"@context\":\"https:\/\/schema.org\",\"@graph\":[{\"@type\":\"WebPage\",\"@id\":\"https:\/\/www.cyclosouvenir.be\/en\/product\/passo-gardena-selva-di-val-gardena\/\",\"url\":\"https:\/\/www.cyclosouvenir.be\/en\/product\/passo-gardena-selva-di-val-gardena\/\",\"name\":\"Passo Gardena - Selva di Val Gardena - Cyclosouvenir\",\"isPartOf\":{\"@id\":\"https:\/\/www.cyclosouvenir.be\/en\/#website\"},\"primaryImageOfPage\":{\"@id\":\"https:\/\/www.cyclosouvenir.be\/en\/product\/passo-gardena-selva-di-val-gardena\/#primaryimage\"},\"image\":{\"@id\":\"https:\/\/www.cyclosouvenir.be\/en\/product\/passo-gardena-selva-di-val-gardena\/#primaryimage\"},\"thumbnailUrl\":\"https:\/\/www.cyclosouvenir.be\/wp-content\/uploads\/2024\/02\/Passo_Gardena_Selva_di_Val_Gardena.png\",\"datePublished\":\"2024-04-20T07:39:46+00:00\",\"dateModified\":\"2025-07-13T09:20:39+00:00\",\"breadcrumb\":{\"@id\":\"https:\/\/www.cyclosouvenir.be\/en\/product\/passo-gardena-selva-di-val-gardena\/#breadcrumb\"},\"inLanguage\":\"en-US\",\"potentialAction\":[{\"@type\":\"ReadAction\",\"target\":[\"https:\/\/www.cyclosouvenir.be\/en\/product\/passo-gardena-selva-di-val-gardena\/\"]}]},{\"@type\":\"ImageObject\",\"inLanguage\":\"en-US\",\"@id\":\"https:\/\/www.cyclosouvenir.be\/en\/product\/passo-gardena-selva-di-val-gardena\/#primaryimage\",\"url\":\"https:\/\/www.cyclosouvenir.be\/wp-content\/uploads\/2024\/02\/Passo_Gardena_Selva_di_Val_Gardena.png\",\"contentUrl\":\"https:\/\/www.cyclosouvenir.be\/wp-content\/uploads\/2024\/02\/Passo_Gardena_Selva_di_Val_Gardena.png\",\"width\":250,\"height\":300},{\"@type\":\"BreadcrumbList\",\"@id\":\"https:\/\/www.cyclosouvenir.be\/en\/product\/passo-gardena-selva-di-val-gardena\/#breadcrumb\",\"itemListElement\":[{\"@type\":\"ListItem\",\"position\":1,\"name\":\"Home\",\"item\":\"https:\/\/www.cyclosouvenir.be\/en\/\"},{\"@type\":\"ListItem\",\"position\":2,\"name\":\"Store\",\"item\":\"https:\/\/www.cyclosouvenir.be\/winkel\/\"},{\"@type\":\"ListItem\",\"position\":3,\"name\":\"Passo Gardena &#8211; Selva di Val Gardena\"}]},{\"@type\":\"WebSite\",\"@id\":\"https:\/\/www.cyclosouvenir.be\/en\/#website\",\"url\":\"https:\/\/www.cyclosouvenir.be\/en\/\",\"name\":\"Cyclosouvenir\",\"description\":\"De trofee voor een memorabele beklimming.\",\"publisher\":{\"@id\":\"https:\/\/www.cyclosouvenir.be\/en\/#organization\"},\"potentialAction\":[{\"@type\":\"SearchAction\",\"target\":{\"@type\":\"EntryPoint\",\"urlTemplate\":\"https:\/\/www.cyclosouvenir.be\/en\/?s={search_term_string}\"},\"query-input\":{\"@type\":\"PropertyValueSpecification\",\"valueRequired\":true,\"valueName\":\"search_term_string\"}}],\"inLanguage\":\"en-US\"},{\"@type\":\"Organization\",\"@id\":\"https:\/\/www.cyclosouvenir.be\/en\/#organization\",\"name\":\"Cyclosouvenir\",\"url\":\"https:\/\/www.cyclosouvenir.be\/en\/\",\"logo\":{\"@type\":\"ImageObject\",\"inLanguage\":\"en-US\",\"@id\":\"https:\/\/www.cyclosouvenir.be\/en\/#\/schema\/logo\/image\/\",\"url\":\"https:\/\/www.cyclosouvenir.be\/wp-content\/uploads\/2024\/02\/Cyclosouvenir_Banner-removebg-preview.png\",\"contentUrl\":\"https:\/\/www.cyclosouvenir.be\/wp-content\/uploads\/2024\/02\/Cyclosouvenir_Banner-removebg-preview.png\",\"width\":997,\"height\":250,\"caption\":\"Cyclosouvenir\"},\"image\":{\"@id\":\"https:\/\/www.cyclosouvenir.be\/en\/#\/schema\/logo\/image\/\"}}]}<\/script>\n<!-- \/ Yoast SEO plugin. -->","yoast_head_json":{"title":"Passo Gardena - Selva di Val Gardena - Cyclosouvenir","robots":{"index":"index","follow":"follow","max-snippet":"max-snippet:-1","max-image-preview":"max-image-preview:large","max-video-preview":"max-video-preview:-1"},"canonical":"https:\/\/www.cyclosouvenir.be\/en\/product\/passo-gardena-selva-di-val-gardena\/","og_locale":"en_US","og_type":"article","og_title":"Passo Gardena - Selva di Val Gardena - Cyclosouvenir","og_description":"The Gardena Pass (Ladin (Gherd\u00ebina): J\u00ebuf de Frea, Ladin (Badia): Ju de Frara, German: Gr\u00f6dnerjoch, Italian: Passo di Gardena) forms the link in Italy between Val Gardena (Gr\u00f6dnertal) and Val Badia (Gadertal). The route is normally passable throughout the year. The pass road is often driven in combination with the Pordoi Pass, Campolongo Pass and Sella Pass, which also circle the mighty Sella mountain massif. The area through which the pass road passes is bilingual: Ladin and German. Source Wikipedia","og_url":"https:\/\/www.cyclosouvenir.be\/en\/product\/passo-gardena-selva-di-val-gardena\/","og_site_name":"Cyclosouvenir","article_modified_time":"2025-07-13T09:20:39+00:00","og_image":[{"width":250,"height":300,"url":"https:\/\/www.cyclosouvenir.be\/wp-content\/uploads\/2024\/02\/Passo_Gardena_Selva_di_Val_Gardena.png","type":"image\/png"}],"twitter_card":"summary_large_image","schema":{"@context":"https:\/\/schema.org","@graph":[{"@type":"WebPage","@id":"https:\/\/www.cyclosouvenir.be\/en\/product\/passo-gardena-selva-di-val-gardena\/","url":"https:\/\/www.cyclosouvenir.be\/en\/product\/passo-gardena-selva-di-val-gardena\/","name":"Passo Gardena - Selva di Val Gardena - Cyclosouvenir","isPartOf":{"@id":"https:\/\/www.cyclosouvenir.be\/en\/#website"},"primaryImageOfPage":{"@id":"https:\/\/www.cyclosouvenir.be\/en\/product\/passo-gardena-selva-di-val-gardena\/#primaryimage"},"image":{"@id":"https:\/\/www.cyclosouvenir.be\/en\/product\/passo-gardena-selva-di-val-gardena\/#primaryimage"},"thumbnailUrl":"https:\/\/www.cyclosouvenir.be\/wp-content\/uploads\/2024\/02\/Passo_Gardena_Selva_di_Val_Gardena.png","datePublished":"2024-04-20T07:39:46+00:00","dateModified":"2025-07-13T09:20:39+00:00","breadcrumb":{"@id":"https:\/\/www.cyclosouvenir.be\/en\/product\/passo-gardena-selva-di-val-gardena\/#breadcrumb"},"inLanguage":"en-US","potentialAction":[{"@type":"ReadAction","target":["https:\/\/www.cyclosouvenir.be\/en\/product\/passo-gardena-selva-di-val-gardena\/"]}]},{"@type":"ImageObject","inLanguage":"en-US","@id":"https:\/\/www.cyclosouvenir.be\/en\/product\/passo-gardena-selva-di-val-gardena\/#primaryimage","url":"https:\/\/www.cyclosouvenir.be\/wp-content\/uploads\/2024\/02\/Passo_Gardena_Selva_di_Val_Gardena.png","contentUrl":"https:\/\/www.cyclosouvenir.be\/wp-content\/uploads\/2024\/02\/Passo_Gardena_Selva_di_Val_Gardena.png","width":250,"height":300},{"@type":"BreadcrumbList","@id":"https:\/\/www.cyclosouvenir.be\/en\/product\/passo-gardena-selva-di-val-gardena\/#breadcrumb","itemListElement":[{"@type":"ListItem","position":1,"name":"Home","item":"https:\/\/www.cyclosouvenir.be\/en\/"},{"@type":"ListItem","position":2,"name":"Store","item":"https:\/\/www.cyclosouvenir.be\/winkel\/"},{"@type":"ListItem","position":3,"name":"Passo Gardena &#8211; Selva di Val Gardena"}]},{"@type":"WebSite","@id":"https:\/\/www.cyclosouvenir.be\/en\/#website","url":"https:\/\/www.cyclosouvenir.be\/en\/","name":"Cyclosouvenir","description":"De trofee voor een memorabele beklimming.","publisher":{"@id":"https:\/\/www.cyclosouvenir.be\/en\/#organization"},"potentialAction":[{"@type":"SearchAction","target":{"@type":"EntryPoint","urlTemplate":"https:\/\/www.cyclosouvenir.be\/en\/?s={search_term_string}"},"query-input":{"@type":"PropertyValueSpecification","valueRequired":true,"valueName":"search_term_string"}}],"inLanguage":"en-US"},{"@type":"Organization","@id":"https:\/\/www.cyclosouvenir.be\/en\/#organization","name":"Cyclosouvenir","url":"https:\/\/www.cyclosouvenir.be\/en\/","logo":{"@type":"ImageObject","inLanguage":"en-US","@id":"https:\/\/www.cyclosouvenir.be\/en\/#\/schema\/logo\/image\/","url":"https:\/\/www.cyclosouvenir.be\/wp-content\/uploads\/2024\/02\/Cyclosouvenir_Banner-removebg-preview.png","contentUrl":"https:\/\/www.cyclosouvenir.be\/wp-content\/uploads\/2024\/02\/Cyclosouvenir_Banner-removebg-preview.png","width":997,"height":250,"caption":"Cyclosouvenir"},"image":{"@id":"https:\/\/www.cyclosouvenir.be\/en\/#\/schema\/logo\/image\/"}}]}},"_links":{"self":[{"href":"https:\/\/www.cyclosouvenir.be\/en\/wp-json\/wp\/v2\/product\/12323","targetHints":{"allow":["GET"]}}],"collection":[{"href":"https:\/\/www.cyclosouvenir.be\/en\/wp-json\/wp\/v2\/product"}],"about":[{"href":"https:\/\/www.cyclosouvenir.be\/en\/wp-json\/wp\/v2\/types\/product"}],"replies":[{"embeddable":true,"href":"https:\/\/www.cyclosouvenir.be\/en\/wp-json\/wp\/v2\/comments?post=12323"}],"wp:featuredmedia":[{"embeddable":true,"href":"https:\/\/www.cyclosouvenir.be\/en\/wp-json\/wp\/v2\/media\/10773"}],"wp:attachment":[{"href":"https:\/\/www.cyclosouvenir.be\/en\/wp-json\/wp\/v2\/media?parent=12323"}],"wp:term":[{"taxonomy":"product_brand","embeddable":true,"href":"https:\/\/www.cyclosouvenir.be\/en\/wp-json\/wp\/v2\/product_brand?post=12323"},{"taxonomy":"product_cat","embeddable":true,"href":"https:\/\/www.cyclosouvenir.be\/en\/wp-json\/wp\/v2\/product_cat?post=12323"},{"taxonomy":"product_tag","embeddable":true,"href":"https:\/\/www.cyclosouvenir.be\/en\/wp-json\/wp\/v2\/product_tag?post=12323"}],"curies":[{"name":"wp","href":"https:\/\/api.w.org\/{rel}","templated":true}]}}

<p>The Gardena Pass (Ladin (Gherdëina): Jëuf de Frea, Ladin (Badia): Ju de Frara, German: Grödnerjoch, Italian: Passo di Gardena) forms the link in Italy between Val Gardena (Grödnertal) and Val Badia (Gadertal). The route is normally passable throughout the year. The pass road is often driven in combination with the Pordoi Pass, Campolongo Pass and Sella Pass, which also circle the mighty Sella mountain massif. The area through which the pass road passes is bilingual: Ladin and German. Source Wikipedia</p>

<!-- This site is optimized with the Yoast SEO plugin v26.2 - https://yoast.com/wordpress/plugins/seo/ -->
<title>Passo Gardena - Selva di Val Gardena - Cyclosouvenir</title>
<meta name="robots" content="index, follow, max-snippet:-1, max-image-preview:large, max-video-preview:-1" />
<link rel="canonical" href="https://www.cyclosouvenir.be/en/product/passo-gardena-selva-di-val-gardena/" />
<meta property="og:locale" content="en_US" />
<meta property="og:type" content="article" />
<meta property="og:title" content="Passo Gardena - Selva di Val Gardena - Cyclosouvenir" />
<meta property="og:description" content="The Gardena Pass (Ladin (Gherdëina): Jëuf de Frea, Ladin (Badia): Ju de Frara, German: Grödnerjoch, Italian: Passo di Gardena) forms the link in Italy between Val Gardena (Grödnertal) and Val Badia (Gadertal). The route is normally passable throughout the year. The pass road is often driven in combination with the Pordoi Pass, Campolongo Pass and Sella Pass, which also circle the mighty Sella mountain massif. The area through which the pass road passes is bilingual: Ladin and German. Source Wikipedia" />
<meta property="og:url" content="https://www.cyclosouvenir.be/en/product/passo-gardena-selva-di-val-gardena/" />
<meta property="og:site_name" content="Cyclosouvenir" />
<meta property="article:modified_time" content="2025-07-13T09:20:39+00:00" />
<meta property="og:image" content="https://www.cyclosouvenir.be/wp-content/uploads/2024/02/Passo_Gardena_Selva_di_Val_Gardena.png" />
	<meta property="og:image:width" content="250" />
	<meta property="og:image:height" content="300" />
	<meta property="og:image:type" content="image/png" />
<meta name="twitter:card" content="summary_large_image" />
<script type="application/ld+json" class="yoast-schema-graph">{"@context":"https://schema.org","@graph":[{"@type":"WebPage","@id":"https://www.cyclosouvenir.be/en/product/passo-gardena-selva-di-val-gardena/","url":"https://www.cyclosouvenir.be/en/product/passo-gardena-selva-di-val-gardena/","name":"Passo Gardena - Selva di Val Gardena - Cyclosouvenir","isPartOf":{"@id":"https://www.cyclosouvenir.be/en/#website"},"primaryImageOfPage":{"@id":"https://www.cyclosouvenir.be/en/product/passo-gardena-selva-di-val-gardena/#primaryimage"},"image":{"@id":"https://www.cyclosouvenir.be/en/product/passo-gardena-selva-di-val-gardena/#primaryimage"},"thumbnailUrl":"https://www.cyclosouvenir.be/wp-content/uploads/2024/02/Passo_Gardena_Selva_di_Val_Gardena.png","datePublished":"2024-04-20T07:39:46+00:00","dateModified":"2025-07-13T09:20:39+00:00","breadcrumb":{"@id":"https://www.cyclosouvenir.be/en/product/passo-gardena-selva-di-val-gardena/#breadcrumb"},"inLanguage":"en-US","potentialAction":[{"@type":"ReadAction","target":["https://www.cyclosouvenir.be/en/product/passo-gardena-selva-di-val-gardena/"]}]},{"@type":"ImageObject","inLanguage":"en-US","@id":"https://www.cyclosouvenir.be/en/product/passo-gardena-selva-di-val-gardena/#primaryimage","url":"https://www.cyclosouvenir.be/wp-content/uploads/2024/02/Passo_Gardena_Selva_di_Val_Gardena.png","contentUrl":"https://www.cyclosouvenir.be/wp-content/uploads/2024/02/Passo_Gardena_Selva_di_Val_Gardena.png","width":250,"height":300},{"@type":"BreadcrumbList","@id":"https://www.cyclosouvenir.be/en/product/passo-gardena-selva-di-val-gardena/#breadcrumb","itemListElement":[{"@type":"ListItem","position":1,"name":"Home","item":"https://www.cyclosouvenir.be/en/"},{"@type":"ListItem","position":2,"name":"Store","item":"https://www.cyclosouvenir.be/winkel/"},{"@type":"ListItem","position":3,"name":"Passo Gardena &#8211; Selva di Val Gardena"}]},{"@type":"WebSite","@id":"https://www.cyclosouvenir.be/en/#website","url":"https://www.cyclosouvenir.be/en/","name":"Cyclosouvenir","description":"De trofee voor een memorabele beklimming.","publisher":{"@id":"https://www.cyclosouvenir.be/en/#organization"},"potentialAction":[{"@type":"SearchAction","target":{"@type":"EntryPoint","urlTemplate":"https://www.cyclosouvenir.be/en/?s={search_term_string}"},"query-input":{"@type":"PropertyValueSpecification","valueRequired":true,"valueName":"search_term_string"}}],"inLanguage":"en-US"},{"@type":"Organization","@id":"https://www.cyclosouvenir.be/en/#organization","name":"Cyclosouvenir","url":"https://www.cyclosouvenir.be/en/","logo":{"@type":"ImageObject","inLanguage":"en-US","@id":"https://www.cyclosouvenir.be/en/#/schema/logo/image/","url":"https://www.cyclosouvenir.be/wp-content/uploads/2024/02/Cyclosouvenir_Banner-removebg-preview.png","contentUrl":"https://www.cyclosouvenir.be/wp-content/uploads/2024/02/Cyclosouvenir_Banner-removebg-preview.png","width":997,"height":250,"caption":"Cyclosouvenir"},"image":{"@id":"https://www.cyclosouvenir.be/en/#/schema/logo/image/"}}]}</script>
<!-- / Yoast SEO plugin. -->

The Gardena Pass (Ladin (Gherdëina): Jëuf de Frea, Ladin (Badia): Ju de Frara, German: Grödnerjoch, Italian: Passo di Gardena) forms the link in Italy between Val Gardena (Grödnertal) and Val Badia (Gadertal). The route is normally passable throughout the year. The pass road is often driven in combination with the Pordoi Pass, Campolongo Pass and Sella Pass, which also circle the mighty Sella mountain massif. The area through which the pass road passes is bilingual: Ladin and German. Source Wikipedia
