{"id":11141,"date":"2024-02-13T11:38:43","date_gmt":"2024-02-13T11:38:43","guid":{"rendered":"https:\/\/demo9.inetproductions.be\/product\/col-du-hundsruck-bitschwiller\/"},"modified":"2025-07-13T09:16:39","modified_gmt":"2025-07-13T09:16:39","slug":"col-du-hundsruck-bitschwiller","status":"publish","type":"product","link":"https:\/\/www.cyclosouvenir.be\/fr\/produit\/col-du-hundsruck-bitschwiller\/","title":{"rendered":"Col du Hundsruck &#8211; Bitschwiller"},"content":{"rendered":"","protected":false},"excerpt":{"rendered":"<p>Le col du Hundsruck, situ\u00e9 \u00e0 746 m d&rsquo;altitude, est un col du massif des Vosges, dans le Haut-Rhin, \u00e0 l&rsquo;est de la France.<\/p>\n<p>Le col a \u00e9t\u00e9 travers\u00e9 par le Tour de France en 1952 avec Rapha\u00ebl Geminiani en t\u00eate, en 1972 par Joachim Agostinho, en 1997 dans la 18e \u00e9tape par Richard Virenque et dans le Tour de France 2019 dans la 6e \u00e9tape avec arriv\u00e9e \u00e0 La Planche des Belles Filles par Natnael Berhane. Source : Wikipedia<\/p>\n","protected":false},"featured_media":1631,"comment_status":"closed","ping_status":"closed","template":"","meta":{"_et_pb_use_builder":"","_et_pb_old_content":"","_et_gb_content_width":""},"product_brand":[],"product_cat":[3503,3563,306],"product_tag":[],"class_list":{"0":"post-11141","1":"product","2":"type-product","3":"status-publish","4":"has-post-thumbnail","6":"product_cat-france-fr-2","7":"product_cat-vosges-fr-2","8":"product_cat-bornes","9":"tm-has-options","11":"first","12":"instock","13":"taxable","14":"shipping-taxable","15":"purchasable","16":"product-type-simple"},"yoast_head":"<!-- This site is optimized with the Yoast SEO plugin v26.2 - https:\/\/yoast.com\/wordpress\/plugins\/seo\/ -->\n<title>Col du Hundsruck - Bitschwiller - Cyclosouvenir<\/title>\n<meta name=\"robots\" content=\"index, follow, max-snippet:-1, max-image-preview:large, max-video-preview:-1\" \/>\n<link rel=\"canonical\" href=\"https:\/\/www.cyclosouvenir.be\/fr\/produit\/col-du-hundsruck-bitschwiller\/\" \/>\n<meta property=\"og:locale\" content=\"fr_FR\" \/>\n<meta property=\"og:type\" content=\"article\" \/>\n<meta property=\"og:title\" content=\"Col du Hundsruck - Bitschwiller - Cyclosouvenir\" \/>\n<meta property=\"og:description\" content=\"Le col du Hundsruck, situ\u00e9 \u00e0 746 m d&#039;altitude, est un col du massif des Vosges, dans le Haut-Rhin, \u00e0 l&#039;est de la France. Le col a \u00e9t\u00e9 travers\u00e9 par le Tour de France en 1952 avec Rapha\u00ebl Geminiani en t\u00eate, en 1972 par Joachim Agostinho, en 1997 dans la 18e \u00e9tape par Richard Virenque et dans le Tour de France 2019 dans la 6e \u00e9tape avec arriv\u00e9e \u00e0 La Planche des Belles Filles par Natnael Berhane. Source : Wikipedia\" \/>\n<meta property=\"og:url\" content=\"https:\/\/www.cyclosouvenir.be\/fr\/produit\/col-du-hundsruck-bitschwiller\/\" \/>\n<meta property=\"og:site_name\" content=\"Cyclosouvenir\" \/>\n<meta property=\"article:modified_time\" content=\"2025-07-13T09:16:39+00:00\" \/>\n<meta property=\"og:image\" content=\"https:\/\/www.cyclosouvenir.be\/wp-content\/uploads\/2024\/02\/Col_du_Hundsruck_Bitschwiller.png\" \/>\n\t<meta property=\"og:image:width\" content=\"250\" \/>\n\t<meta property=\"og:image:height\" content=\"300\" \/>\n\t<meta property=\"og:image:type\" content=\"image\/png\" \/>\n<meta name=\"twitter:card\" content=\"summary_large_image\" \/>\n<script type=\"application\/ld+json\" class=\"yoast-schema-graph\">{\"@context\":\"https:\/\/schema.org\",\"@graph\":[{\"@type\":\"WebPage\",\"@id\":\"https:\/\/www.cyclosouvenir.be\/fr\/produit\/col-du-hundsruck-bitschwiller\/\",\"url\":\"https:\/\/www.cyclosouvenir.be\/fr\/produit\/col-du-hundsruck-bitschwiller\/\",\"name\":\"Col du Hundsruck - Bitschwiller - Cyclosouvenir\",\"isPartOf\":{\"@id\":\"https:\/\/www.cyclosouvenir.be\/fr\/#website\"},\"primaryImageOfPage\":{\"@id\":\"https:\/\/www.cyclosouvenir.be\/fr\/produit\/col-du-hundsruck-bitschwiller\/#primaryimage\"},\"image\":{\"@id\":\"https:\/\/www.cyclosouvenir.be\/fr\/produit\/col-du-hundsruck-bitschwiller\/#primaryimage\"},\"thumbnailUrl\":\"https:\/\/www.cyclosouvenir.be\/wp-content\/uploads\/2024\/02\/Col_du_Hundsruck_Bitschwiller.png\",\"datePublished\":\"2024-02-13T11:38:43+00:00\",\"dateModified\":\"2025-07-13T09:16:39+00:00\",\"breadcrumb\":{\"@id\":\"https:\/\/www.cyclosouvenir.be\/fr\/produit\/col-du-hundsruck-bitschwiller\/#breadcrumb\"},\"inLanguage\":\"fr-FR\",\"potentialAction\":[{\"@type\":\"ReadAction\",\"target\":[\"https:\/\/www.cyclosouvenir.be\/fr\/produit\/col-du-hundsruck-bitschwiller\/\"]}]},{\"@type\":\"ImageObject\",\"inLanguage\":\"fr-FR\",\"@id\":\"https:\/\/www.cyclosouvenir.be\/fr\/produit\/col-du-hundsruck-bitschwiller\/#primaryimage\",\"url\":\"https:\/\/www.cyclosouvenir.be\/wp-content\/uploads\/2024\/02\/Col_du_Hundsruck_Bitschwiller.png\",\"contentUrl\":\"https:\/\/www.cyclosouvenir.be\/wp-content\/uploads\/2024\/02\/Col_du_Hundsruck_Bitschwiller.png\",\"width\":250,\"height\":300},{\"@type\":\"BreadcrumbList\",\"@id\":\"https:\/\/www.cyclosouvenir.be\/fr\/produit\/col-du-hundsruck-bitschwiller\/#breadcrumb\",\"itemListElement\":[{\"@type\":\"ListItem\",\"position\":1,\"name\":\"Home\",\"item\":\"https:\/\/www.cyclosouvenir.be\/fr\/\"},{\"@type\":\"ListItem\",\"position\":2,\"name\":\"Boutique\",\"item\":\"https:\/\/www.cyclosouvenir.be\/fr\/boutique\/\"},{\"@type\":\"ListItem\",\"position\":3,\"name\":\"Col du Hundsruck &#8211; Bitschwiller\"}]},{\"@type\":\"WebSite\",\"@id\":\"https:\/\/www.cyclosouvenir.be\/fr\/#website\",\"url\":\"https:\/\/www.cyclosouvenir.be\/fr\/\",\"name\":\"Cyclosouvenir\",\"description\":\"De trofee voor een memorabele beklimming.\",\"publisher\":{\"@id\":\"https:\/\/www.cyclosouvenir.be\/fr\/#organization\"},\"potentialAction\":[{\"@type\":\"SearchAction\",\"target\":{\"@type\":\"EntryPoint\",\"urlTemplate\":\"https:\/\/www.cyclosouvenir.be\/fr\/?s={search_term_string}\"},\"query-input\":{\"@type\":\"PropertyValueSpecification\",\"valueRequired\":true,\"valueName\":\"search_term_string\"}}],\"inLanguage\":\"fr-FR\"},{\"@type\":\"Organization\",\"@id\":\"https:\/\/www.cyclosouvenir.be\/fr\/#organization\",\"name\":\"Cyclosouvenir\",\"url\":\"https:\/\/www.cyclosouvenir.be\/fr\/\",\"logo\":{\"@type\":\"ImageObject\",\"inLanguage\":\"fr-FR\",\"@id\":\"https:\/\/www.cyclosouvenir.be\/fr\/#\/schema\/logo\/image\/\",\"url\":\"https:\/\/www.cyclosouvenir.be\/wp-content\/uploads\/2024\/02\/Cyclosouvenir_Banner-removebg-preview.png\",\"contentUrl\":\"https:\/\/www.cyclosouvenir.be\/wp-content\/uploads\/2024\/02\/Cyclosouvenir_Banner-removebg-preview.png\",\"width\":997,\"height\":250,\"caption\":\"Cyclosouvenir\"},\"image\":{\"@id\":\"https:\/\/www.cyclosouvenir.be\/fr\/#\/schema\/logo\/image\/\"}}]}<\/script>\n<!-- \/ Yoast SEO plugin. -->","yoast_head_json":{"title":"Col du Hundsruck - Bitschwiller - Cyclosouvenir","robots":{"index":"index","follow":"follow","max-snippet":"max-snippet:-1","max-image-preview":"max-image-preview:large","max-video-preview":"max-video-preview:-1"},"canonical":"https:\/\/www.cyclosouvenir.be\/fr\/produit\/col-du-hundsruck-bitschwiller\/","og_locale":"fr_FR","og_type":"article","og_title":"Col du Hundsruck - Bitschwiller - Cyclosouvenir","og_description":"Le col du Hundsruck, situ\u00e9 \u00e0 746 m d'altitude, est un col du massif des Vosges, dans le Haut-Rhin, \u00e0 l'est de la France. Le col a \u00e9t\u00e9 travers\u00e9 par le Tour de France en 1952 avec Rapha\u00ebl Geminiani en t\u00eate, en 1972 par Joachim Agostinho, en 1997 dans la 18e \u00e9tape par Richard Virenque et dans le Tour de France 2019 dans la 6e \u00e9tape avec arriv\u00e9e \u00e0 La Planche des Belles Filles par Natnael Berhane. Source : Wikipedia","og_url":"https:\/\/www.cyclosouvenir.be\/fr\/produit\/col-du-hundsruck-bitschwiller\/","og_site_name":"Cyclosouvenir","article_modified_time":"2025-07-13T09:16:39+00:00","og_image":[{"width":250,"height":300,"url":"https:\/\/www.cyclosouvenir.be\/wp-content\/uploads\/2024\/02\/Col_du_Hundsruck_Bitschwiller.png","type":"image\/png"}],"twitter_card":"summary_large_image","schema":{"@context":"https:\/\/schema.org","@graph":[{"@type":"WebPage","@id":"https:\/\/www.cyclosouvenir.be\/fr\/produit\/col-du-hundsruck-bitschwiller\/","url":"https:\/\/www.cyclosouvenir.be\/fr\/produit\/col-du-hundsruck-bitschwiller\/","name":"Col du Hundsruck - Bitschwiller - Cyclosouvenir","isPartOf":{"@id":"https:\/\/www.cyclosouvenir.be\/fr\/#website"},"primaryImageOfPage":{"@id":"https:\/\/www.cyclosouvenir.be\/fr\/produit\/col-du-hundsruck-bitschwiller\/#primaryimage"},"image":{"@id":"https:\/\/www.cyclosouvenir.be\/fr\/produit\/col-du-hundsruck-bitschwiller\/#primaryimage"},"thumbnailUrl":"https:\/\/www.cyclosouvenir.be\/wp-content\/uploads\/2024\/02\/Col_du_Hundsruck_Bitschwiller.png","datePublished":"2024-02-13T11:38:43+00:00","dateModified":"2025-07-13T09:16:39+00:00","breadcrumb":{"@id":"https:\/\/www.cyclosouvenir.be\/fr\/produit\/col-du-hundsruck-bitschwiller\/#breadcrumb"},"inLanguage":"fr-FR","potentialAction":[{"@type":"ReadAction","target":["https:\/\/www.cyclosouvenir.be\/fr\/produit\/col-du-hundsruck-bitschwiller\/"]}]},{"@type":"ImageObject","inLanguage":"fr-FR","@id":"https:\/\/www.cyclosouvenir.be\/fr\/produit\/col-du-hundsruck-bitschwiller\/#primaryimage","url":"https:\/\/www.cyclosouvenir.be\/wp-content\/uploads\/2024\/02\/Col_du_Hundsruck_Bitschwiller.png","contentUrl":"https:\/\/www.cyclosouvenir.be\/wp-content\/uploads\/2024\/02\/Col_du_Hundsruck_Bitschwiller.png","width":250,"height":300},{"@type":"BreadcrumbList","@id":"https:\/\/www.cyclosouvenir.be\/fr\/produit\/col-du-hundsruck-bitschwiller\/#breadcrumb","itemListElement":[{"@type":"ListItem","position":1,"name":"Home","item":"https:\/\/www.cyclosouvenir.be\/fr\/"},{"@type":"ListItem","position":2,"name":"Boutique","item":"https:\/\/www.cyclosouvenir.be\/fr\/boutique\/"},{"@type":"ListItem","position":3,"name":"Col du Hundsruck &#8211; Bitschwiller"}]},{"@type":"WebSite","@id":"https:\/\/www.cyclosouvenir.be\/fr\/#website","url":"https:\/\/www.cyclosouvenir.be\/fr\/","name":"Cyclosouvenir","description":"De trofee voor een memorabele beklimming.","publisher":{"@id":"https:\/\/www.cyclosouvenir.be\/fr\/#organization"},"potentialAction":[{"@type":"SearchAction","target":{"@type":"EntryPoint","urlTemplate":"https:\/\/www.cyclosouvenir.be\/fr\/?s={search_term_string}"},"query-input":{"@type":"PropertyValueSpecification","valueRequired":true,"valueName":"search_term_string"}}],"inLanguage":"fr-FR"},{"@type":"Organization","@id":"https:\/\/www.cyclosouvenir.be\/fr\/#organization","name":"Cyclosouvenir","url":"https:\/\/www.cyclosouvenir.be\/fr\/","logo":{"@type":"ImageObject","inLanguage":"fr-FR","@id":"https:\/\/www.cyclosouvenir.be\/fr\/#\/schema\/logo\/image\/","url":"https:\/\/www.cyclosouvenir.be\/wp-content\/uploads\/2024\/02\/Cyclosouvenir_Banner-removebg-preview.png","contentUrl":"https:\/\/www.cyclosouvenir.be\/wp-content\/uploads\/2024\/02\/Cyclosouvenir_Banner-removebg-preview.png","width":997,"height":250,"caption":"Cyclosouvenir"},"image":{"@id":"https:\/\/www.cyclosouvenir.be\/fr\/#\/schema\/logo\/image\/"}}]}},"_links":{"self":[{"href":"https:\/\/www.cyclosouvenir.be\/fr\/wp-json\/wp\/v2\/product\/11141","targetHints":{"allow":["GET"]}}],"collection":[{"href":"https:\/\/www.cyclosouvenir.be\/fr\/wp-json\/wp\/v2\/product"}],"about":[{"href":"https:\/\/www.cyclosouvenir.be\/fr\/wp-json\/wp\/v2\/types\/product"}],"replies":[{"embeddable":true,"href":"https:\/\/www.cyclosouvenir.be\/fr\/wp-json\/wp\/v2\/comments?post=11141"}],"wp:featuredmedia":[{"embeddable":true,"href":"https:\/\/www.cyclosouvenir.be\/fr\/wp-json\/wp\/v2\/media\/1631"}],"wp:attachment":[{"href":"https:\/\/www.cyclosouvenir.be\/fr\/wp-json\/wp\/v2\/media?parent=11141"}],"wp:term":[{"taxonomy":"product_brand","embeddable":true,"href":"https:\/\/www.cyclosouvenir.be\/fr\/wp-json\/wp\/v2\/product_brand?post=11141"},{"taxonomy":"product_cat","embeddable":true,"href":"https:\/\/www.cyclosouvenir.be\/fr\/wp-json\/wp\/v2\/product_cat?post=11141"},{"taxonomy":"product_tag","embeddable":true,"href":"https:\/\/www.cyclosouvenir.be\/fr\/wp-json\/wp\/v2\/product_tag?post=11141"}],"curies":[{"name":"wp","href":"https:\/\/api.w.org\/{rel}","templated":true}]}}

<p>Le col du Hundsruck, situé à 746 m d&rsquo;altitude, est un col du massif des Vosges, dans le Haut-Rhin, à l&rsquo;est de la France.</p>
<p>Le col a été traversé par le Tour de France en 1952 avec Raphaël Geminiani en tête, en 1972 par Joachim Agostinho, en 1997 dans la 18e étape par Richard Virenque et dans le Tour de France 2019 dans la 6e étape avec arrivée à La Planche des Belles Filles par Natnael Berhane. Source : Wikipedia</p>

<!-- This site is optimized with the Yoast SEO plugin v26.2 - https://yoast.com/wordpress/plugins/seo/ -->
<title>Col du Hundsruck - Bitschwiller - Cyclosouvenir</title>
<meta name="robots" content="index, follow, max-snippet:-1, max-image-preview:large, max-video-preview:-1" />
<link rel="canonical" href="https://www.cyclosouvenir.be/fr/produit/col-du-hundsruck-bitschwiller/" />
<meta property="og:locale" content="fr_FR" />
<meta property="og:type" content="article" />
<meta property="og:title" content="Col du Hundsruck - Bitschwiller - Cyclosouvenir" />
<meta property="og:description" content="Le col du Hundsruck, situé à 746 m d&#039;altitude, est un col du massif des Vosges, dans le Haut-Rhin, à l&#039;est de la France. Le col a été traversé par le Tour de France en 1952 avec Raphaël Geminiani en tête, en 1972 par Joachim Agostinho, en 1997 dans la 18e étape par Richard Virenque et dans le Tour de France 2019 dans la 6e étape avec arrivée à La Planche des Belles Filles par Natnael Berhane. Source : Wikipedia" />
<meta property="og:url" content="https://www.cyclosouvenir.be/fr/produit/col-du-hundsruck-bitschwiller/" />
<meta property="og:site_name" content="Cyclosouvenir" />
<meta property="article:modified_time" content="2025-07-13T09:16:39+00:00" />
<meta property="og:image" content="https://www.cyclosouvenir.be/wp-content/uploads/2024/02/Col_du_Hundsruck_Bitschwiller.png" />
	<meta property="og:image:width" content="250" />
	<meta property="og:image:height" content="300" />
	<meta property="og:image:type" content="image/png" />
<meta name="twitter:card" content="summary_large_image" />
<script type="application/ld+json" class="yoast-schema-graph">{"@context":"https://schema.org","@graph":[{"@type":"WebPage","@id":"https://www.cyclosouvenir.be/fr/produit/col-du-hundsruck-bitschwiller/","url":"https://www.cyclosouvenir.be/fr/produit/col-du-hundsruck-bitschwiller/","name":"Col du Hundsruck - Bitschwiller - Cyclosouvenir","isPartOf":{"@id":"https://www.cyclosouvenir.be/fr/#website"},"primaryImageOfPage":{"@id":"https://www.cyclosouvenir.be/fr/produit/col-du-hundsruck-bitschwiller/#primaryimage"},"image":{"@id":"https://www.cyclosouvenir.be/fr/produit/col-du-hundsruck-bitschwiller/#primaryimage"},"thumbnailUrl":"https://www.cyclosouvenir.be/wp-content/uploads/2024/02/Col_du_Hundsruck_Bitschwiller.png","datePublished":"2024-02-13T11:38:43+00:00","dateModified":"2025-07-13T09:16:39+00:00","breadcrumb":{"@id":"https://www.cyclosouvenir.be/fr/produit/col-du-hundsruck-bitschwiller/#breadcrumb"},"inLanguage":"fr-FR","potentialAction":[{"@type":"ReadAction","target":["https://www.cyclosouvenir.be/fr/produit/col-du-hundsruck-bitschwiller/"]}]},{"@type":"ImageObject","inLanguage":"fr-FR","@id":"https://www.cyclosouvenir.be/fr/produit/col-du-hundsruck-bitschwiller/#primaryimage","url":"https://www.cyclosouvenir.be/wp-content/uploads/2024/02/Col_du_Hundsruck_Bitschwiller.png","contentUrl":"https://www.cyclosouvenir.be/wp-content/uploads/2024/02/Col_du_Hundsruck_Bitschwiller.png","width":250,"height":300},{"@type":"BreadcrumbList","@id":"https://www.cyclosouvenir.be/fr/produit/col-du-hundsruck-bitschwiller/#breadcrumb","itemListElement":[{"@type":"ListItem","position":1,"name":"Home","item":"https://www.cyclosouvenir.be/fr/"},{"@type":"ListItem","position":2,"name":"Boutique","item":"https://www.cyclosouvenir.be/fr/boutique/"},{"@type":"ListItem","position":3,"name":"Col du Hundsruck &#8211; Bitschwiller"}]},{"@type":"WebSite","@id":"https://www.cyclosouvenir.be/fr/#website","url":"https://www.cyclosouvenir.be/fr/","name":"Cyclosouvenir","description":"De trofee voor een memorabele beklimming.","publisher":{"@id":"https://www.cyclosouvenir.be/fr/#organization"},"potentialAction":[{"@type":"SearchAction","target":{"@type":"EntryPoint","urlTemplate":"https://www.cyclosouvenir.be/fr/?s={search_term_string}"},"query-input":{"@type":"PropertyValueSpecification","valueRequired":true,"valueName":"search_term_string"}}],"inLanguage":"fr-FR"},{"@type":"Organization","@id":"https://www.cyclosouvenir.be/fr/#organization","name":"Cyclosouvenir","url":"https://www.cyclosouvenir.be/fr/","logo":{"@type":"ImageObject","inLanguage":"fr-FR","@id":"https://www.cyclosouvenir.be/fr/#/schema/logo/image/","url":"https://www.cyclosouvenir.be/wp-content/uploads/2024/02/Cyclosouvenir_Banner-removebg-preview.png","contentUrl":"https://www.cyclosouvenir.be/wp-content/uploads/2024/02/Cyclosouvenir_Banner-removebg-preview.png","width":997,"height":250,"caption":"Cyclosouvenir"},"image":{"@id":"https://www.cyclosouvenir.be/fr/#/schema/logo/image/"}}]}</script>
<!-- / Yoast SEO plugin. -->

Le col du Hundsruck, situé à 746 m d'altitude, est un col du massif des Vosges, dans le Haut-Rhin, à l'est de la France. Le col a été traversé par le Tour de France en 1952 avec Raphaël Geminiani en tête, en 1972 par Joachim Agostinho, en 1997 dans la 18e étape par Richard Virenque et dans le Tour de France 2019 dans la 6e étape avec arrivée à La Planche des Belles Filles par Natnael Berhane. Source : Wikipedia
