{"id":11201,"date":"2024-02-13T11:38:35","date_gmt":"2024-02-13T11:38:35","guid":{"rendered":"https:\/\/demo9.inetproductions.be\/product\/coll-dels-reis-sa-calobra\/"},"modified":"2026-07-13T07:51:21","modified_gmt":"2026-07-13T07:51:21","slug":"coll-dels-reis-sa-calobra","status":"publish","type":"product","link":"https:\/\/www.cyclosouvenir.be\/fr\/produit\/coll-dels-reis-sa-calobra\/","title":{"rendered":"Coll dels Reis &#8211; Sa Calobra"},"content":{"rendered":"","protected":false},"excerpt":{"rendered":"<p>Avec ses 26 virages en \u00e9pingle \u00e0 cheveux, dont un virage \u00e0 270\u00b0 situ\u00e9 exactement au sommet, il n&rsquo;est pas \u00e9tonnant que la route reliant Sa Calobra au Coll dels Reis soit la plus c\u00e9l\u00e8bre de toute l&rsquo;\u00eele de Majorque. Elle part d&rsquo;un petit port peu peupl\u00e9, Port de Sa Calobra.  <\/p>\n","protected":false},"featured_media":1535,"comment_status":"closed","ping_status":"closed","template":"","meta":{"_et_pb_use_builder":"","_et_pb_old_content":"","_et_gb_content_width":""},"product_brand":[],"product_cat":[306,2595,3581],"product_tag":[],"class_list":["post-11201","product","type-product","status-publish","has-post-thumbnail","product_cat-bornes","product_cat-espagne","product_cat-mallorca-fr-2","tm-has-options","first","instock","taxable","shipping-taxable","purchasable","product-type-simple"],"yoast_head":"<!-- This site is optimized with the Yoast SEO plugin v26.2 - https:\/\/yoast.com\/wordpress\/plugins\/seo\/ -->\n<title>Coll dels Reis - Sa Calobra - Cyclosouvenir<\/title>\n<meta name=\"robots\" content=\"index, follow, max-snippet:-1, max-image-preview:large, max-video-preview:-1\" \/>\n<link rel=\"canonical\" href=\"https:\/\/www.cyclosouvenir.be\/fr\/produit\/coll-dels-reis-sa-calobra\/\" \/>\n<meta property=\"og:locale\" content=\"fr_FR\" \/>\n<meta property=\"og:type\" content=\"article\" \/>\n<meta property=\"og:title\" content=\"Coll dels Reis - Sa Calobra - Cyclosouvenir\" \/>\n<meta property=\"og:description\" content=\"Avec ses 26 virages en \u00e9pingle \u00e0 cheveux, dont un virage \u00e0 270\u00b0 situ\u00e9 exactement au sommet, il n&#039;est pas \u00e9tonnant que la route reliant Sa Calobra au Coll dels Reis soit la plus c\u00e9l\u00e8bre de toute l&#039;\u00eele de Majorque. Elle part d&#039;un petit port peu peupl\u00e9, Port de Sa Calobra.\" \/>\n<meta property=\"og:url\" content=\"https:\/\/www.cyclosouvenir.be\/fr\/produit\/coll-dels-reis-sa-calobra\/\" \/>\n<meta property=\"og:site_name\" content=\"Cyclosouvenir\" \/>\n<meta property=\"article:modified_time\" content=\"2026-07-13T07:51:21+00:00\" \/>\n<meta property=\"og:image\" content=\"https:\/\/www.cyclosouvenir.be\/wp-content\/uploads\/2024\/02\/Coll_dels_Reis_Sa_Calobra.png\" \/>\n\t<meta property=\"og:image:width\" content=\"250\" \/>\n\t<meta property=\"og:image:height\" content=\"300\" \/>\n\t<meta property=\"og:image:type\" content=\"image\/png\" \/>\n<meta name=\"twitter:card\" content=\"summary_large_image\" \/>\n<script type=\"application\/ld+json\" class=\"yoast-schema-graph\">{\"@context\":\"https:\/\/schema.org\",\"@graph\":[{\"@type\":\"WebPage\",\"@id\":\"https:\/\/www.cyclosouvenir.be\/fr\/produit\/coll-dels-reis-sa-calobra\/\",\"url\":\"https:\/\/www.cyclosouvenir.be\/fr\/produit\/coll-dels-reis-sa-calobra\/\",\"name\":\"Coll dels Reis - Sa Calobra - Cyclosouvenir\",\"isPartOf\":{\"@id\":\"https:\/\/www.cyclosouvenir.be\/fr\/#website\"},\"primaryImageOfPage\":{\"@id\":\"https:\/\/www.cyclosouvenir.be\/fr\/produit\/coll-dels-reis-sa-calobra\/#primaryimage\"},\"image\":{\"@id\":\"https:\/\/www.cyclosouvenir.be\/fr\/produit\/coll-dels-reis-sa-calobra\/#primaryimage\"},\"thumbnailUrl\":\"https:\/\/www.cyclosouvenir.be\/wp-content\/uploads\/2024\/02\/Coll_dels_Reis_Sa_Calobra.png\",\"datePublished\":\"2024-02-13T11:38:35+00:00\",\"dateModified\":\"2026-07-13T07:51:21+00:00\",\"breadcrumb\":{\"@id\":\"https:\/\/www.cyclosouvenir.be\/fr\/produit\/coll-dels-reis-sa-calobra\/#breadcrumb\"},\"inLanguage\":\"fr-FR\",\"potentialAction\":[{\"@type\":\"ReadAction\",\"target\":[\"https:\/\/www.cyclosouvenir.be\/fr\/produit\/coll-dels-reis-sa-calobra\/\"]}]},{\"@type\":\"ImageObject\",\"inLanguage\":\"fr-FR\",\"@id\":\"https:\/\/www.cyclosouvenir.be\/fr\/produit\/coll-dels-reis-sa-calobra\/#primaryimage\",\"url\":\"https:\/\/www.cyclosouvenir.be\/wp-content\/uploads\/2024\/02\/Coll_dels_Reis_Sa_Calobra.png\",\"contentUrl\":\"https:\/\/www.cyclosouvenir.be\/wp-content\/uploads\/2024\/02\/Coll_dels_Reis_Sa_Calobra.png\",\"width\":250,\"height\":300},{\"@type\":\"BreadcrumbList\",\"@id\":\"https:\/\/www.cyclosouvenir.be\/fr\/produit\/coll-dels-reis-sa-calobra\/#breadcrumb\",\"itemListElement\":[{\"@type\":\"ListItem\",\"position\":1,\"name\":\"Home\",\"item\":\"https:\/\/www.cyclosouvenir.be\/fr\/\"},{\"@type\":\"ListItem\",\"position\":2,\"name\":\"Boutique\",\"item\":\"https:\/\/www.cyclosouvenir.be\/fr\/boutique\/\"},{\"@type\":\"ListItem\",\"position\":3,\"name\":\"Coll dels Reis &#8211; Sa Calobra\"}]},{\"@type\":\"WebSite\",\"@id\":\"https:\/\/www.cyclosouvenir.be\/fr\/#website\",\"url\":\"https:\/\/www.cyclosouvenir.be\/fr\/\",\"name\":\"Cyclosouvenir\",\"description\":\"De trofee voor een memorabele beklimming.\",\"publisher\":{\"@id\":\"https:\/\/www.cyclosouvenir.be\/fr\/#organization\"},\"potentialAction\":[{\"@type\":\"SearchAction\",\"target\":{\"@type\":\"EntryPoint\",\"urlTemplate\":\"https:\/\/www.cyclosouvenir.be\/fr\/?s={search_term_string}\"},\"query-input\":{\"@type\":\"PropertyValueSpecification\",\"valueRequired\":true,\"valueName\":\"search_term_string\"}}],\"inLanguage\":\"fr-FR\"},{\"@type\":\"Organization\",\"@id\":\"https:\/\/www.cyclosouvenir.be\/fr\/#organization\",\"name\":\"Cyclosouvenir\",\"url\":\"https:\/\/www.cyclosouvenir.be\/fr\/\",\"logo\":{\"@type\":\"ImageObject\",\"inLanguage\":\"fr-FR\",\"@id\":\"https:\/\/www.cyclosouvenir.be\/fr\/#\/schema\/logo\/image\/\",\"url\":\"https:\/\/www.cyclosouvenir.be\/wp-content\/uploads\/2024\/02\/Cyclosouvenir_Banner-removebg-preview.png\",\"contentUrl\":\"https:\/\/www.cyclosouvenir.be\/wp-content\/uploads\/2024\/02\/Cyclosouvenir_Banner-removebg-preview.png\",\"width\":997,\"height\":250,\"caption\":\"Cyclosouvenir\"},\"image\":{\"@id\":\"https:\/\/www.cyclosouvenir.be\/fr\/#\/schema\/logo\/image\/\"}}]}<\/script>\n<!-- \/ Yoast SEO plugin. -->","yoast_head_json":{"title":"Coll dels Reis - Sa Calobra - Cyclosouvenir","robots":{"index":"index","follow":"follow","max-snippet":"max-snippet:-1","max-image-preview":"max-image-preview:large","max-video-preview":"max-video-preview:-1"},"canonical":"https:\/\/www.cyclosouvenir.be\/fr\/produit\/coll-dels-reis-sa-calobra\/","og_locale":"fr_FR","og_type":"article","og_title":"Coll dels Reis - Sa Calobra - Cyclosouvenir","og_description":"Avec ses 26 virages en \u00e9pingle \u00e0 cheveux, dont un virage \u00e0 270\u00b0 situ\u00e9 exactement au sommet, il n'est pas \u00e9tonnant que la route reliant Sa Calobra au Coll dels Reis soit la plus c\u00e9l\u00e8bre de toute l'\u00eele de Majorque. Elle part d'un petit port peu peupl\u00e9, Port de Sa Calobra.","og_url":"https:\/\/www.cyclosouvenir.be\/fr\/produit\/coll-dels-reis-sa-calobra\/","og_site_name":"Cyclosouvenir","article_modified_time":"2026-07-13T07:51:21+00:00","og_image":[{"width":250,"height":300,"url":"https:\/\/www.cyclosouvenir.be\/wp-content\/uploads\/2024\/02\/Coll_dels_Reis_Sa_Calobra.png","type":"image\/png"}],"twitter_card":"summary_large_image","schema":{"@context":"https:\/\/schema.org","@graph":[{"@type":"WebPage","@id":"https:\/\/www.cyclosouvenir.be\/fr\/produit\/coll-dels-reis-sa-calobra\/","url":"https:\/\/www.cyclosouvenir.be\/fr\/produit\/coll-dels-reis-sa-calobra\/","name":"Coll dels Reis - Sa Calobra - Cyclosouvenir","isPartOf":{"@id":"https:\/\/www.cyclosouvenir.be\/fr\/#website"},"primaryImageOfPage":{"@id":"https:\/\/www.cyclosouvenir.be\/fr\/produit\/coll-dels-reis-sa-calobra\/#primaryimage"},"image":{"@id":"https:\/\/www.cyclosouvenir.be\/fr\/produit\/coll-dels-reis-sa-calobra\/#primaryimage"},"thumbnailUrl":"https:\/\/www.cyclosouvenir.be\/wp-content\/uploads\/2024\/02\/Coll_dels_Reis_Sa_Calobra.png","datePublished":"2024-02-13T11:38:35+00:00","dateModified":"2026-07-13T07:51:21+00:00","breadcrumb":{"@id":"https:\/\/www.cyclosouvenir.be\/fr\/produit\/coll-dels-reis-sa-calobra\/#breadcrumb"},"inLanguage":"fr-FR","potentialAction":[{"@type":"ReadAction","target":["https:\/\/www.cyclosouvenir.be\/fr\/produit\/coll-dels-reis-sa-calobra\/"]}]},{"@type":"ImageObject","inLanguage":"fr-FR","@id":"https:\/\/www.cyclosouvenir.be\/fr\/produit\/coll-dels-reis-sa-calobra\/#primaryimage","url":"https:\/\/www.cyclosouvenir.be\/wp-content\/uploads\/2024\/02\/Coll_dels_Reis_Sa_Calobra.png","contentUrl":"https:\/\/www.cyclosouvenir.be\/wp-content\/uploads\/2024\/02\/Coll_dels_Reis_Sa_Calobra.png","width":250,"height":300},{"@type":"BreadcrumbList","@id":"https:\/\/www.cyclosouvenir.be\/fr\/produit\/coll-dels-reis-sa-calobra\/#breadcrumb","itemListElement":[{"@type":"ListItem","position":1,"name":"Home","item":"https:\/\/www.cyclosouvenir.be\/fr\/"},{"@type":"ListItem","position":2,"name":"Boutique","item":"https:\/\/www.cyclosouvenir.be\/fr\/boutique\/"},{"@type":"ListItem","position":3,"name":"Coll dels Reis &#8211; Sa Calobra"}]},{"@type":"WebSite","@id":"https:\/\/www.cyclosouvenir.be\/fr\/#website","url":"https:\/\/www.cyclosouvenir.be\/fr\/","name":"Cyclosouvenir","description":"De trofee voor een memorabele beklimming.","publisher":{"@id":"https:\/\/www.cyclosouvenir.be\/fr\/#organization"},"potentialAction":[{"@type":"SearchAction","target":{"@type":"EntryPoint","urlTemplate":"https:\/\/www.cyclosouvenir.be\/fr\/?s={search_term_string}"},"query-input":{"@type":"PropertyValueSpecification","valueRequired":true,"valueName":"search_term_string"}}],"inLanguage":"fr-FR"},{"@type":"Organization","@id":"https:\/\/www.cyclosouvenir.be\/fr\/#organization","name":"Cyclosouvenir","url":"https:\/\/www.cyclosouvenir.be\/fr\/","logo":{"@type":"ImageObject","inLanguage":"fr-FR","@id":"https:\/\/www.cyclosouvenir.be\/fr\/#\/schema\/logo\/image\/","url":"https:\/\/www.cyclosouvenir.be\/wp-content\/uploads\/2024\/02\/Cyclosouvenir_Banner-removebg-preview.png","contentUrl":"https:\/\/www.cyclosouvenir.be\/wp-content\/uploads\/2024\/02\/Cyclosouvenir_Banner-removebg-preview.png","width":997,"height":250,"caption":"Cyclosouvenir"},"image":{"@id":"https:\/\/www.cyclosouvenir.be\/fr\/#\/schema\/logo\/image\/"}}]}},"_links":{"self":[{"href":"https:\/\/www.cyclosouvenir.be\/fr\/wp-json\/wp\/v2\/product\/11201","targetHints":{"allow":["GET"]}}],"collection":[{"href":"https:\/\/www.cyclosouvenir.be\/fr\/wp-json\/wp\/v2\/product"}],"about":[{"href":"https:\/\/www.cyclosouvenir.be\/fr\/wp-json\/wp\/v2\/types\/product"}],"replies":[{"embeddable":true,"href":"https:\/\/www.cyclosouvenir.be\/fr\/wp-json\/wp\/v2\/comments?post=11201"}],"wp:featuredmedia":[{"embeddable":true,"href":"https:\/\/www.cyclosouvenir.be\/fr\/wp-json\/wp\/v2\/media\/1535"}],"wp:attachment":[{"href":"https:\/\/www.cyclosouvenir.be\/fr\/wp-json\/wp\/v2\/media?parent=11201"}],"wp:term":[{"taxonomy":"product_brand","embeddable":true,"href":"https:\/\/www.cyclosouvenir.be\/fr\/wp-json\/wp\/v2\/product_brand?post=11201"},{"taxonomy":"product_cat","embeddable":true,"href":"https:\/\/www.cyclosouvenir.be\/fr\/wp-json\/wp\/v2\/product_cat?post=11201"},{"taxonomy":"product_tag","embeddable":true,"href":"https:\/\/www.cyclosouvenir.be\/fr\/wp-json\/wp\/v2\/product_tag?post=11201"}],"curies":[{"name":"wp","href":"https:\/\/api.w.org\/{rel}","templated":true}]}}

<p>Avec ses 26 virages en épingle à cheveux, dont un virage à 270° situé exactement au sommet, il n&rsquo;est pas étonnant que la route reliant Sa Calobra au Coll dels Reis soit la plus célèbre de toute l&rsquo;île de Majorque. Elle part d&rsquo;un petit port peu peuplé, Port de Sa Calobra.  </p>

<!-- This site is optimized with the Yoast SEO plugin v26.2 - https://yoast.com/wordpress/plugins/seo/ -->
<title>Coll dels Reis - Sa Calobra - Cyclosouvenir</title>
<meta name="robots" content="index, follow, max-snippet:-1, max-image-preview:large, max-video-preview:-1" />
<link rel="canonical" href="https://www.cyclosouvenir.be/fr/produit/coll-dels-reis-sa-calobra/" />
<meta property="og:locale" content="fr_FR" />
<meta property="og:type" content="article" />
<meta property="og:title" content="Coll dels Reis - Sa Calobra - Cyclosouvenir" />
<meta property="og:description" content="Avec ses 26 virages en épingle à cheveux, dont un virage à 270° situé exactement au sommet, il n&#039;est pas étonnant que la route reliant Sa Calobra au Coll dels Reis soit la plus célèbre de toute l&#039;île de Majorque. Elle part d&#039;un petit port peu peuplé, Port de Sa Calobra." />
<meta property="og:url" content="https://www.cyclosouvenir.be/fr/produit/coll-dels-reis-sa-calobra/" />
<meta property="og:site_name" content="Cyclosouvenir" />
<meta property="article:modified_time" content="2026-07-13T07:51:21+00:00" />
<meta property="og:image" content="https://www.cyclosouvenir.be/wp-content/uploads/2024/02/Coll_dels_Reis_Sa_Calobra.png" />
	<meta property="og:image:width" content="250" />
	<meta property="og:image:height" content="300" />
	<meta property="og:image:type" content="image/png" />
<meta name="twitter:card" content="summary_large_image" />
<script type="application/ld+json" class="yoast-schema-graph">{"@context":"https://schema.org","@graph":[{"@type":"WebPage","@id":"https://www.cyclosouvenir.be/fr/produit/coll-dels-reis-sa-calobra/","url":"https://www.cyclosouvenir.be/fr/produit/coll-dels-reis-sa-calobra/","name":"Coll dels Reis - Sa Calobra - Cyclosouvenir","isPartOf":{"@id":"https://www.cyclosouvenir.be/fr/#website"},"primaryImageOfPage":{"@id":"https://www.cyclosouvenir.be/fr/produit/coll-dels-reis-sa-calobra/#primaryimage"},"image":{"@id":"https://www.cyclosouvenir.be/fr/produit/coll-dels-reis-sa-calobra/#primaryimage"},"thumbnailUrl":"https://www.cyclosouvenir.be/wp-content/uploads/2024/02/Coll_dels_Reis_Sa_Calobra.png","datePublished":"2024-02-13T11:38:35+00:00","dateModified":"2026-07-13T07:51:21+00:00","breadcrumb":{"@id":"https://www.cyclosouvenir.be/fr/produit/coll-dels-reis-sa-calobra/#breadcrumb"},"inLanguage":"fr-FR","potentialAction":[{"@type":"ReadAction","target":["https://www.cyclosouvenir.be/fr/produit/coll-dels-reis-sa-calobra/"]}]},{"@type":"ImageObject","inLanguage":"fr-FR","@id":"https://www.cyclosouvenir.be/fr/produit/coll-dels-reis-sa-calobra/#primaryimage","url":"https://www.cyclosouvenir.be/wp-content/uploads/2024/02/Coll_dels_Reis_Sa_Calobra.png","contentUrl":"https://www.cyclosouvenir.be/wp-content/uploads/2024/02/Coll_dels_Reis_Sa_Calobra.png","width":250,"height":300},{"@type":"BreadcrumbList","@id":"https://www.cyclosouvenir.be/fr/produit/coll-dels-reis-sa-calobra/#breadcrumb","itemListElement":[{"@type":"ListItem","position":1,"name":"Home","item":"https://www.cyclosouvenir.be/fr/"},{"@type":"ListItem","position":2,"name":"Boutique","item":"https://www.cyclosouvenir.be/fr/boutique/"},{"@type":"ListItem","position":3,"name":"Coll dels Reis &#8211; Sa Calobra"}]},{"@type":"WebSite","@id":"https://www.cyclosouvenir.be/fr/#website","url":"https://www.cyclosouvenir.be/fr/","name":"Cyclosouvenir","description":"De trofee voor een memorabele beklimming.","publisher":{"@id":"https://www.cyclosouvenir.be/fr/#organization"},"potentialAction":[{"@type":"SearchAction","target":{"@type":"EntryPoint","urlTemplate":"https://www.cyclosouvenir.be/fr/?s={search_term_string}"},"query-input":{"@type":"PropertyValueSpecification","valueRequired":true,"valueName":"search_term_string"}}],"inLanguage":"fr-FR"},{"@type":"Organization","@id":"https://www.cyclosouvenir.be/fr/#organization","name":"Cyclosouvenir","url":"https://www.cyclosouvenir.be/fr/","logo":{"@type":"ImageObject","inLanguage":"fr-FR","@id":"https://www.cyclosouvenir.be/fr/#/schema/logo/image/","url":"https://www.cyclosouvenir.be/wp-content/uploads/2024/02/Cyclosouvenir_Banner-removebg-preview.png","contentUrl":"https://www.cyclosouvenir.be/wp-content/uploads/2024/02/Cyclosouvenir_Banner-removebg-preview.png","width":997,"height":250,"caption":"Cyclosouvenir"},"image":{"@id":"https://www.cyclosouvenir.be/fr/#/schema/logo/image/"}}]}</script>
<!-- / Yoast SEO plugin. -->

Avec ses 26 virages en épingle à cheveux, dont un virage à 270° situé exactement au sommet, il n'est pas étonnant que la route reliant Sa Calobra au Coll dels Reis soit la plus célèbre de toute l'île de Majorque. Elle part d'un petit port peu peuplé, Port de Sa Calobra.
