{"id":11498,"date":"2024-02-13T11:38:03","date_gmt":"2024-02-13T11:38:03","guid":{"rendered":"https:\/\/demo9.inetproductions.be\/product\/passo-di-gardena-ponte-gardena\/"},"modified":"2024-05-08T08:35:29","modified_gmt":"2024-05-08T08:35:29","slug":"passo-di-gardena-ponte-gardena","status":"publish","type":"product","link":"https:\/\/www.cyclosouvenir.be\/fr\/produit\/passo-di-gardena-ponte-gardena\/","title":{"rendered":"Passo di Gardena &#8211; Ponte Gardena"},"content":{"rendered":"","protected":false},"excerpt":{"rendered":"<p>En Italie, le col de Gardena relie Val Gardena \u00e0 Val Badia. L&rsquo;itin\u00e9raire est normalement praticable tout au long de l&rsquo;ann\u00e9e. La route du col est souvent emprunt\u00e9e en combinaison avec le col de Pordoi, le col de Campolongo et le col de Sella, qui contournent \u00e9galement le puissant massif montagneux de Sella. Wikip\u00e9dia<\/p>\n","protected":false},"featured_media":1024,"comment_status":"closed","ping_status":"closed","template":"","meta":{"_et_pb_use_builder":"","_et_pb_old_content":"","_et_gb_content_width":""},"product_brand":[],"product_cat":[3507,3569,306],"product_tag":[],"class_list":{"0":"post-11498","1":"product","2":"type-product","3":"status-publish","4":"has-post-thumbnail","6":"product_cat-italie","7":"product_cat-les-dolomites","8":"product_cat-bornes","9":"tm-has-options","11":"first","12":"instock","13":"taxable","14":"shipping-taxable","15":"purchasable","16":"product-type-simple"},"yoast_head":"<!-- This site is optimized with the Yoast SEO plugin v26.2 - https:\/\/yoast.com\/wordpress\/plugins\/seo\/ -->\n<title>Passo di Gardena - Ponte Gardena - Cyclosouvenir<\/title>\n<meta name=\"robots\" content=\"index, follow, max-snippet:-1, max-image-preview:large, max-video-preview:-1\" \/>\n<link rel=\"canonical\" href=\"https:\/\/www.cyclosouvenir.be\/fr\/produit\/passo-di-gardena-ponte-gardena\/\" \/>\n<meta property=\"og:locale\" content=\"fr_FR\" \/>\n<meta property=\"og:type\" content=\"article\" \/>\n<meta property=\"og:title\" content=\"Passo di Gardena - Ponte Gardena - Cyclosouvenir\" \/>\n<meta property=\"og:description\" content=\"En Italie, le col de Gardena relie Val Gardena \u00e0 Val Badia. L&#039;itin\u00e9raire est normalement praticable tout au long de l&#039;ann\u00e9e. La route du col est souvent emprunt\u00e9e en combinaison avec le col de Pordoi, le col de Campolongo et le col de Sella, qui contournent \u00e9galement le puissant massif montagneux de Sella. Wikip\u00e9dia\" \/>\n<meta property=\"og:url\" content=\"https:\/\/www.cyclosouvenir.be\/fr\/produit\/passo-di-gardena-ponte-gardena\/\" \/>\n<meta property=\"og:site_name\" content=\"Cyclosouvenir\" \/>\n<meta property=\"article:modified_time\" content=\"2024-05-08T08:35:29+00:00\" \/>\n<meta property=\"og:image\" content=\"https:\/\/www.cyclosouvenir.be\/wp-content\/uploads\/2024\/02\/Passo_di_Gardena_Ponte_Gardena.png\" \/>\n\t<meta property=\"og:image:width\" content=\"250\" \/>\n\t<meta property=\"og:image:height\" content=\"300\" \/>\n\t<meta property=\"og:image:type\" content=\"image\/png\" \/>\n<meta name=\"twitter:card\" content=\"summary_large_image\" \/>\n<script type=\"application\/ld+json\" class=\"yoast-schema-graph\">{\"@context\":\"https:\/\/schema.org\",\"@graph\":[{\"@type\":\"WebPage\",\"@id\":\"https:\/\/www.cyclosouvenir.be\/fr\/produit\/passo-di-gardena-ponte-gardena\/\",\"url\":\"https:\/\/www.cyclosouvenir.be\/fr\/produit\/passo-di-gardena-ponte-gardena\/\",\"name\":\"Passo di Gardena - Ponte Gardena - Cyclosouvenir\",\"isPartOf\":{\"@id\":\"https:\/\/www.cyclosouvenir.be\/fr\/#website\"},\"primaryImageOfPage\":{\"@id\":\"https:\/\/www.cyclosouvenir.be\/fr\/produit\/passo-di-gardena-ponte-gardena\/#primaryimage\"},\"image\":{\"@id\":\"https:\/\/www.cyclosouvenir.be\/fr\/produit\/passo-di-gardena-ponte-gardena\/#primaryimage\"},\"thumbnailUrl\":\"https:\/\/www.cyclosouvenir.be\/wp-content\/uploads\/2024\/02\/Passo_di_Gardena_Ponte_Gardena.png\",\"datePublished\":\"2024-02-13T11:38:03+00:00\",\"dateModified\":\"2024-05-08T08:35:29+00:00\",\"breadcrumb\":{\"@id\":\"https:\/\/www.cyclosouvenir.be\/fr\/produit\/passo-di-gardena-ponte-gardena\/#breadcrumb\"},\"inLanguage\":\"fr-FR\",\"potentialAction\":[{\"@type\":\"ReadAction\",\"target\":[\"https:\/\/www.cyclosouvenir.be\/fr\/produit\/passo-di-gardena-ponte-gardena\/\"]}]},{\"@type\":\"ImageObject\",\"inLanguage\":\"fr-FR\",\"@id\":\"https:\/\/www.cyclosouvenir.be\/fr\/produit\/passo-di-gardena-ponte-gardena\/#primaryimage\",\"url\":\"https:\/\/www.cyclosouvenir.be\/wp-content\/uploads\/2024\/02\/Passo_di_Gardena_Ponte_Gardena.png\",\"contentUrl\":\"https:\/\/www.cyclosouvenir.be\/wp-content\/uploads\/2024\/02\/Passo_di_Gardena_Ponte_Gardena.png\",\"width\":250,\"height\":300},{\"@type\":\"BreadcrumbList\",\"@id\":\"https:\/\/www.cyclosouvenir.be\/fr\/produit\/passo-di-gardena-ponte-gardena\/#breadcrumb\",\"itemListElement\":[{\"@type\":\"ListItem\",\"position\":1,\"name\":\"Home\",\"item\":\"https:\/\/www.cyclosouvenir.be\/fr\/\"},{\"@type\":\"ListItem\",\"position\":2,\"name\":\"Boutique\",\"item\":\"https:\/\/www.cyclosouvenir.be\/fr\/boutique\/\"},{\"@type\":\"ListItem\",\"position\":3,\"name\":\"Passo di Gardena &#8211; Ponte Gardena\"}]},{\"@type\":\"WebSite\",\"@id\":\"https:\/\/www.cyclosouvenir.be\/fr\/#website\",\"url\":\"https:\/\/www.cyclosouvenir.be\/fr\/\",\"name\":\"Cyclosouvenir\",\"description\":\"De trofee voor een memorabele beklimming.\",\"publisher\":{\"@id\":\"https:\/\/www.cyclosouvenir.be\/fr\/#organization\"},\"potentialAction\":[{\"@type\":\"SearchAction\",\"target\":{\"@type\":\"EntryPoint\",\"urlTemplate\":\"https:\/\/www.cyclosouvenir.be\/fr\/?s={search_term_string}\"},\"query-input\":{\"@type\":\"PropertyValueSpecification\",\"valueRequired\":true,\"valueName\":\"search_term_string\"}}],\"inLanguage\":\"fr-FR\"},{\"@type\":\"Organization\",\"@id\":\"https:\/\/www.cyclosouvenir.be\/fr\/#organization\",\"name\":\"Cyclosouvenir\",\"url\":\"https:\/\/www.cyclosouvenir.be\/fr\/\",\"logo\":{\"@type\":\"ImageObject\",\"inLanguage\":\"fr-FR\",\"@id\":\"https:\/\/www.cyclosouvenir.be\/fr\/#\/schema\/logo\/image\/\",\"url\":\"https:\/\/www.cyclosouvenir.be\/wp-content\/uploads\/2024\/02\/Cyclosouvenir_Banner-removebg-preview.png\",\"contentUrl\":\"https:\/\/www.cyclosouvenir.be\/wp-content\/uploads\/2024\/02\/Cyclosouvenir_Banner-removebg-preview.png\",\"width\":997,\"height\":250,\"caption\":\"Cyclosouvenir\"},\"image\":{\"@id\":\"https:\/\/www.cyclosouvenir.be\/fr\/#\/schema\/logo\/image\/\"}}]}<\/script>\n<!-- \/ Yoast SEO plugin. -->","yoast_head_json":{"title":"Passo di Gardena - Ponte Gardena - Cyclosouvenir","robots":{"index":"index","follow":"follow","max-snippet":"max-snippet:-1","max-image-preview":"max-image-preview:large","max-video-preview":"max-video-preview:-1"},"canonical":"https:\/\/www.cyclosouvenir.be\/fr\/produit\/passo-di-gardena-ponte-gardena\/","og_locale":"fr_FR","og_type":"article","og_title":"Passo di Gardena - Ponte Gardena - Cyclosouvenir","og_description":"En Italie, le col de Gardena relie Val Gardena \u00e0 Val Badia. L'itin\u00e9raire est normalement praticable tout au long de l'ann\u00e9e. La route du col est souvent emprunt\u00e9e en combinaison avec le col de Pordoi, le col de Campolongo et le col de Sella, qui contournent \u00e9galement le puissant massif montagneux de Sella. Wikip\u00e9dia","og_url":"https:\/\/www.cyclosouvenir.be\/fr\/produit\/passo-di-gardena-ponte-gardena\/","og_site_name":"Cyclosouvenir","article_modified_time":"2024-05-08T08:35:29+00:00","og_image":[{"width":250,"height":300,"url":"https:\/\/www.cyclosouvenir.be\/wp-content\/uploads\/2024\/02\/Passo_di_Gardena_Ponte_Gardena.png","type":"image\/png"}],"twitter_card":"summary_large_image","schema":{"@context":"https:\/\/schema.org","@graph":[{"@type":"WebPage","@id":"https:\/\/www.cyclosouvenir.be\/fr\/produit\/passo-di-gardena-ponte-gardena\/","url":"https:\/\/www.cyclosouvenir.be\/fr\/produit\/passo-di-gardena-ponte-gardena\/","name":"Passo di Gardena - Ponte Gardena - Cyclosouvenir","isPartOf":{"@id":"https:\/\/www.cyclosouvenir.be\/fr\/#website"},"primaryImageOfPage":{"@id":"https:\/\/www.cyclosouvenir.be\/fr\/produit\/passo-di-gardena-ponte-gardena\/#primaryimage"},"image":{"@id":"https:\/\/www.cyclosouvenir.be\/fr\/produit\/passo-di-gardena-ponte-gardena\/#primaryimage"},"thumbnailUrl":"https:\/\/www.cyclosouvenir.be\/wp-content\/uploads\/2024\/02\/Passo_di_Gardena_Ponte_Gardena.png","datePublished":"2024-02-13T11:38:03+00:00","dateModified":"2024-05-08T08:35:29+00:00","breadcrumb":{"@id":"https:\/\/www.cyclosouvenir.be\/fr\/produit\/passo-di-gardena-ponte-gardena\/#breadcrumb"},"inLanguage":"fr-FR","potentialAction":[{"@type":"ReadAction","target":["https:\/\/www.cyclosouvenir.be\/fr\/produit\/passo-di-gardena-ponte-gardena\/"]}]},{"@type":"ImageObject","inLanguage":"fr-FR","@id":"https:\/\/www.cyclosouvenir.be\/fr\/produit\/passo-di-gardena-ponte-gardena\/#primaryimage","url":"https:\/\/www.cyclosouvenir.be\/wp-content\/uploads\/2024\/02\/Passo_di_Gardena_Ponte_Gardena.png","contentUrl":"https:\/\/www.cyclosouvenir.be\/wp-content\/uploads\/2024\/02\/Passo_di_Gardena_Ponte_Gardena.png","width":250,"height":300},{"@type":"BreadcrumbList","@id":"https:\/\/www.cyclosouvenir.be\/fr\/produit\/passo-di-gardena-ponte-gardena\/#breadcrumb","itemListElement":[{"@type":"ListItem","position":1,"name":"Home","item":"https:\/\/www.cyclosouvenir.be\/fr\/"},{"@type":"ListItem","position":2,"name":"Boutique","item":"https:\/\/www.cyclosouvenir.be\/fr\/boutique\/"},{"@type":"ListItem","position":3,"name":"Passo di Gardena &#8211; Ponte Gardena"}]},{"@type":"WebSite","@id":"https:\/\/www.cyclosouvenir.be\/fr\/#website","url":"https:\/\/www.cyclosouvenir.be\/fr\/","name":"Cyclosouvenir","description":"De trofee voor een memorabele beklimming.","publisher":{"@id":"https:\/\/www.cyclosouvenir.be\/fr\/#organization"},"potentialAction":[{"@type":"SearchAction","target":{"@type":"EntryPoint","urlTemplate":"https:\/\/www.cyclosouvenir.be\/fr\/?s={search_term_string}"},"query-input":{"@type":"PropertyValueSpecification","valueRequired":true,"valueName":"search_term_string"}}],"inLanguage":"fr-FR"},{"@type":"Organization","@id":"https:\/\/www.cyclosouvenir.be\/fr\/#organization","name":"Cyclosouvenir","url":"https:\/\/www.cyclosouvenir.be\/fr\/","logo":{"@type":"ImageObject","inLanguage":"fr-FR","@id":"https:\/\/www.cyclosouvenir.be\/fr\/#\/schema\/logo\/image\/","url":"https:\/\/www.cyclosouvenir.be\/wp-content\/uploads\/2024\/02\/Cyclosouvenir_Banner-removebg-preview.png","contentUrl":"https:\/\/www.cyclosouvenir.be\/wp-content\/uploads\/2024\/02\/Cyclosouvenir_Banner-removebg-preview.png","width":997,"height":250,"caption":"Cyclosouvenir"},"image":{"@id":"https:\/\/www.cyclosouvenir.be\/fr\/#\/schema\/logo\/image\/"}}]}},"_links":{"self":[{"href":"https:\/\/www.cyclosouvenir.be\/fr\/wp-json\/wp\/v2\/product\/11498","targetHints":{"allow":["GET"]}}],"collection":[{"href":"https:\/\/www.cyclosouvenir.be\/fr\/wp-json\/wp\/v2\/product"}],"about":[{"href":"https:\/\/www.cyclosouvenir.be\/fr\/wp-json\/wp\/v2\/types\/product"}],"replies":[{"embeddable":true,"href":"https:\/\/www.cyclosouvenir.be\/fr\/wp-json\/wp\/v2\/comments?post=11498"}],"wp:featuredmedia":[{"embeddable":true,"href":"https:\/\/www.cyclosouvenir.be\/fr\/wp-json\/wp\/v2\/media\/1024"}],"wp:attachment":[{"href":"https:\/\/www.cyclosouvenir.be\/fr\/wp-json\/wp\/v2\/media?parent=11498"}],"wp:term":[{"taxonomy":"product_brand","embeddable":true,"href":"https:\/\/www.cyclosouvenir.be\/fr\/wp-json\/wp\/v2\/product_brand?post=11498"},{"taxonomy":"product_cat","embeddable":true,"href":"https:\/\/www.cyclosouvenir.be\/fr\/wp-json\/wp\/v2\/product_cat?post=11498"},{"taxonomy":"product_tag","embeddable":true,"href":"https:\/\/www.cyclosouvenir.be\/fr\/wp-json\/wp\/v2\/product_tag?post=11498"}],"curies":[{"name":"wp","href":"https:\/\/api.w.org\/{rel}","templated":true}]}}

<p>En Italie, le col de Gardena relie Val Gardena à Val Badia. L&rsquo;itinéraire est normalement praticable tout au long de l&rsquo;année. La route du col est souvent empruntée en combinaison avec le col de Pordoi, le col de Campolongo et le col de Sella, qui contournent également le puissant massif montagneux de Sella. Wikipédia</p>

<!-- This site is optimized with the Yoast SEO plugin v26.2 - https://yoast.com/wordpress/plugins/seo/ -->
<title>Passo di Gardena - Ponte Gardena - Cyclosouvenir</title>
<meta name="robots" content="index, follow, max-snippet:-1, max-image-preview:large, max-video-preview:-1" />
<link rel="canonical" href="https://www.cyclosouvenir.be/fr/produit/passo-di-gardena-ponte-gardena/" />
<meta property="og:locale" content="fr_FR" />
<meta property="og:type" content="article" />
<meta property="og:title" content="Passo di Gardena - Ponte Gardena - Cyclosouvenir" />
<meta property="og:description" content="En Italie, le col de Gardena relie Val Gardena à Val Badia. L&#039;itinéraire est normalement praticable tout au long de l&#039;année. La route du col est souvent empruntée en combinaison avec le col de Pordoi, le col de Campolongo et le col de Sella, qui contournent également le puissant massif montagneux de Sella. Wikipédia" />
<meta property="og:url" content="https://www.cyclosouvenir.be/fr/produit/passo-di-gardena-ponte-gardena/" />
<meta property="og:site_name" content="Cyclosouvenir" />
<meta property="article:modified_time" content="2024-05-08T08:35:29+00:00" />
<meta property="og:image" content="https://www.cyclosouvenir.be/wp-content/uploads/2024/02/Passo_di_Gardena_Ponte_Gardena.png" />
	<meta property="og:image:width" content="250" />
	<meta property="og:image:height" content="300" />
	<meta property="og:image:type" content="image/png" />
<meta name="twitter:card" content="summary_large_image" />
<script type="application/ld+json" class="yoast-schema-graph">{"@context":"https://schema.org","@graph":[{"@type":"WebPage","@id":"https://www.cyclosouvenir.be/fr/produit/passo-di-gardena-ponte-gardena/","url":"https://www.cyclosouvenir.be/fr/produit/passo-di-gardena-ponte-gardena/","name":"Passo di Gardena - Ponte Gardena - Cyclosouvenir","isPartOf":{"@id":"https://www.cyclosouvenir.be/fr/#website"},"primaryImageOfPage":{"@id":"https://www.cyclosouvenir.be/fr/produit/passo-di-gardena-ponte-gardena/#primaryimage"},"image":{"@id":"https://www.cyclosouvenir.be/fr/produit/passo-di-gardena-ponte-gardena/#primaryimage"},"thumbnailUrl":"https://www.cyclosouvenir.be/wp-content/uploads/2024/02/Passo_di_Gardena_Ponte_Gardena.png","datePublished":"2024-02-13T11:38:03+00:00","dateModified":"2024-05-08T08:35:29+00:00","breadcrumb":{"@id":"https://www.cyclosouvenir.be/fr/produit/passo-di-gardena-ponte-gardena/#breadcrumb"},"inLanguage":"fr-FR","potentialAction":[{"@type":"ReadAction","target":["https://www.cyclosouvenir.be/fr/produit/passo-di-gardena-ponte-gardena/"]}]},{"@type":"ImageObject","inLanguage":"fr-FR","@id":"https://www.cyclosouvenir.be/fr/produit/passo-di-gardena-ponte-gardena/#primaryimage","url":"https://www.cyclosouvenir.be/wp-content/uploads/2024/02/Passo_di_Gardena_Ponte_Gardena.png","contentUrl":"https://www.cyclosouvenir.be/wp-content/uploads/2024/02/Passo_di_Gardena_Ponte_Gardena.png","width":250,"height":300},{"@type":"BreadcrumbList","@id":"https://www.cyclosouvenir.be/fr/produit/passo-di-gardena-ponte-gardena/#breadcrumb","itemListElement":[{"@type":"ListItem","position":1,"name":"Home","item":"https://www.cyclosouvenir.be/fr/"},{"@type":"ListItem","position":2,"name":"Boutique","item":"https://www.cyclosouvenir.be/fr/boutique/"},{"@type":"ListItem","position":3,"name":"Passo di Gardena &#8211; Ponte Gardena"}]},{"@type":"WebSite","@id":"https://www.cyclosouvenir.be/fr/#website","url":"https://www.cyclosouvenir.be/fr/","name":"Cyclosouvenir","description":"De trofee voor een memorabele beklimming.","publisher":{"@id":"https://www.cyclosouvenir.be/fr/#organization"},"potentialAction":[{"@type":"SearchAction","target":{"@type":"EntryPoint","urlTemplate":"https://www.cyclosouvenir.be/fr/?s={search_term_string}"},"query-input":{"@type":"PropertyValueSpecification","valueRequired":true,"valueName":"search_term_string"}}],"inLanguage":"fr-FR"},{"@type":"Organization","@id":"https://www.cyclosouvenir.be/fr/#organization","name":"Cyclosouvenir","url":"https://www.cyclosouvenir.be/fr/","logo":{"@type":"ImageObject","inLanguage":"fr-FR","@id":"https://www.cyclosouvenir.be/fr/#/schema/logo/image/","url":"https://www.cyclosouvenir.be/wp-content/uploads/2024/02/Cyclosouvenir_Banner-removebg-preview.png","contentUrl":"https://www.cyclosouvenir.be/wp-content/uploads/2024/02/Cyclosouvenir_Banner-removebg-preview.png","width":997,"height":250,"caption":"Cyclosouvenir"},"image":{"@id":"https://www.cyclosouvenir.be/fr/#/schema/logo/image/"}}]}</script>
<!-- / Yoast SEO plugin. -->

En Italie, le col de Gardena relie Val Gardena à Val Badia. L'itinéraire est normalement praticable tout au long de l'année. La route du col est souvent empruntée en combinaison avec le col de Pordoi, le col de Campolongo et le col de Sella, qui contournent également le puissant massif montagneux de Sella. Wikipédia
