{"id":12114,"date":"2024-04-11T19:33:01","date_gmt":"2024-04-11T19:33:01","guid":{"rendered":"https:\/\/demo9.inetproductions.be\/product\/col-de-burdincurutcheta-st-pierre-le-vieux\/"},"modified":"2024-05-02T07:40:01","modified_gmt":"2024-05-02T07:40:01","slug":"col-de-burdincurutcheta-st-pierre-le-vieux","status":"publish","type":"product","link":"https:\/\/www.cyclosouvenir.be\/fr\/produit\/col-de-burdincurutcheta-st-pierre-le-vieux\/","title":{"rendered":"Col de Burdincurutcheta &#8211; St Pierre le Vieux"},"content":{"rendered":"<p>Le <b>col de Burdinkurutxeta<\/b> (\u00ab la petite croix de fer \u00bb en <a title=\"Basque\" href=\"https:\/\/fr.wikipedia.org\/wiki\/Basque\">basque<\/a>) est un col des <a title=\"Pyr\u00e9n\u00e9es\" href=\"https:\/\/fr.wikipedia.org\/wiki\/Pyr%C3%A9n%C3%A9es\">Pyr\u00e9n\u00e9es<\/a> fran\u00e7aises situ\u00e9 en <a title=\"Basse-Navarre\" href=\"https:\/\/fr.wikipedia.org\/wiki\/Basse-Navarre\">Basse-Navarre<\/a> dans le d\u00e9partement des <a title=\"Pyr\u00e9n\u00e9es-Atlantiques\" href=\"https:\/\/fr.wikipedia.org\/wiki\/Pyr%C3%A9n%C3%A9es-Atlantiques\">Pyr\u00e9n\u00e9es-Atlantiques.<\/a> Il s&rsquo;\u00e9l\u00e8ve \u00e0 une altitude de 1 141 <abbr class=\"abbr\" title=\"m\u00e8tre\">m<\/abbr>. Il est emprunt\u00e9 par la <a title=\"Route des cols\" href=\"https:\/\/fr.wikipedia.org\/wiki\/Route_des_cols\">route des cols<\/a>. Source Wikip\u00e9dia<\/p>\n","protected":false},"excerpt":{"rendered":"<p>Le col de Burdinkurutxeta (\u00ab\u00a0la petite croix de fer\u00a0\u00bb en basque) est un col des Pyr\u00e9n\u00e9es fran\u00e7aises situ\u00e9 en Basse-Navarre dans le d\u00e9partement des Pyr\u00e9n\u00e9es-Atlantiques. Il s&rsquo;\u00e9l\u00e8ve \u00e0 une hauteur de 1 141 m. Il est utilis\u00e9 par la route des cols. Source Wikipedia<\/p>\n","protected":false},"featured_media":10702,"comment_status":"open","ping_status":"closed","template":"","meta":{"_et_pb_use_builder":"","_et_pb_old_content":"","_et_gb_content_width":""},"product_brand":[],"product_cat":[306],"product_tag":[],"class_list":{"0":"post-12114","1":"product","2":"type-product","3":"status-publish","4":"has-post-thumbnail","6":"product_cat-bornes","7":"tm-has-options","9":"first","10":"instock","11":"taxable","12":"shipping-taxable","13":"purchasable","14":"product-type-simple"},"yoast_head":"<!-- This site is optimized with the Yoast SEO plugin v26.2 - https:\/\/yoast.com\/wordpress\/plugins\/seo\/ -->\n<title>Col de Burdincurutcheta - St Pierre le Vieux - Cyclosouvenir<\/title>\n<meta name=\"robots\" content=\"index, follow, max-snippet:-1, max-image-preview:large, max-video-preview:-1\" \/>\n<link rel=\"canonical\" href=\"https:\/\/www.cyclosouvenir.be\/fr\/produit\/col-de-burdincurutcheta-st-pierre-le-vieux\/\" \/>\n<meta property=\"og:locale\" content=\"fr_FR\" \/>\n<meta property=\"og:type\" content=\"article\" \/>\n<meta property=\"og:title\" content=\"Col de Burdincurutcheta - St Pierre le Vieux - Cyclosouvenir\" \/>\n<meta property=\"og:description\" content=\"Le col de Burdinkurutxeta (&quot;la petite croix de fer&quot; en basque) est un col des Pyr\u00e9n\u00e9es fran\u00e7aises situ\u00e9 en Basse-Navarre dans le d\u00e9partement des Pyr\u00e9n\u00e9es-Atlantiques. Il s&#039;\u00e9l\u00e8ve \u00e0 une hauteur de 1 141 m. Il est utilis\u00e9 par la route des cols. Source Wikipedia\" \/>\n<meta property=\"og:url\" content=\"https:\/\/www.cyclosouvenir.be\/fr\/produit\/col-de-burdincurutcheta-st-pierre-le-vieux\/\" \/>\n<meta property=\"og:site_name\" content=\"Cyclosouvenir\" \/>\n<meta property=\"article:modified_time\" content=\"2024-05-02T07:40:01+00:00\" \/>\n<meta property=\"og:image\" content=\"https:\/\/www.cyclosouvenir.be\/wp-content\/uploads\/2024\/02\/Col_de_Burdincurutcheta_St_Jean_le_Vieux.png\" \/>\n\t<meta property=\"og:image:width\" content=\"250\" \/>\n\t<meta property=\"og:image:height\" content=\"300\" \/>\n\t<meta property=\"og:image:type\" content=\"image\/png\" \/>\n<meta name=\"twitter:card\" content=\"summary_large_image\" \/>\n<script type=\"application\/ld+json\" class=\"yoast-schema-graph\">{\"@context\":\"https:\/\/schema.org\",\"@graph\":[{\"@type\":\"WebPage\",\"@id\":\"https:\/\/www.cyclosouvenir.be\/fr\/produit\/col-de-burdincurutcheta-st-pierre-le-vieux\/\",\"url\":\"https:\/\/www.cyclosouvenir.be\/fr\/produit\/col-de-burdincurutcheta-st-pierre-le-vieux\/\",\"name\":\"Col de Burdincurutcheta - St Pierre le Vieux - Cyclosouvenir\",\"isPartOf\":{\"@id\":\"https:\/\/www.cyclosouvenir.be\/fr\/#website\"},\"primaryImageOfPage\":{\"@id\":\"https:\/\/www.cyclosouvenir.be\/fr\/produit\/col-de-burdincurutcheta-st-pierre-le-vieux\/#primaryimage\"},\"image\":{\"@id\":\"https:\/\/www.cyclosouvenir.be\/fr\/produit\/col-de-burdincurutcheta-st-pierre-le-vieux\/#primaryimage\"},\"thumbnailUrl\":\"https:\/\/www.cyclosouvenir.be\/wp-content\/uploads\/2024\/02\/Col_de_Burdincurutcheta_St_Jean_le_Vieux.png\",\"datePublished\":\"2024-04-11T19:33:01+00:00\",\"dateModified\":\"2024-05-02T07:40:01+00:00\",\"breadcrumb\":{\"@id\":\"https:\/\/www.cyclosouvenir.be\/fr\/produit\/col-de-burdincurutcheta-st-pierre-le-vieux\/#breadcrumb\"},\"inLanguage\":\"fr-FR\",\"potentialAction\":[{\"@type\":\"ReadAction\",\"target\":[\"https:\/\/www.cyclosouvenir.be\/fr\/produit\/col-de-burdincurutcheta-st-pierre-le-vieux\/\"]}]},{\"@type\":\"ImageObject\",\"inLanguage\":\"fr-FR\",\"@id\":\"https:\/\/www.cyclosouvenir.be\/fr\/produit\/col-de-burdincurutcheta-st-pierre-le-vieux\/#primaryimage\",\"url\":\"https:\/\/www.cyclosouvenir.be\/wp-content\/uploads\/2024\/02\/Col_de_Burdincurutcheta_St_Jean_le_Vieux.png\",\"contentUrl\":\"https:\/\/www.cyclosouvenir.be\/wp-content\/uploads\/2024\/02\/Col_de_Burdincurutcheta_St_Jean_le_Vieux.png\",\"width\":250,\"height\":300},{\"@type\":\"BreadcrumbList\",\"@id\":\"https:\/\/www.cyclosouvenir.be\/fr\/produit\/col-de-burdincurutcheta-st-pierre-le-vieux\/#breadcrumb\",\"itemListElement\":[{\"@type\":\"ListItem\",\"position\":1,\"name\":\"Home\",\"item\":\"https:\/\/www.cyclosouvenir.be\/fr\/\"},{\"@type\":\"ListItem\",\"position\":2,\"name\":\"Boutique\",\"item\":\"https:\/\/www.cyclosouvenir.be\/fr\/boutique\/\"},{\"@type\":\"ListItem\",\"position\":3,\"name\":\"Col de Burdincurutcheta &#8211; St Pierre le Vieux\"}]},{\"@type\":\"WebSite\",\"@id\":\"https:\/\/www.cyclosouvenir.be\/fr\/#website\",\"url\":\"https:\/\/www.cyclosouvenir.be\/fr\/\",\"name\":\"Cyclosouvenir\",\"description\":\"De trofee voor een memorabele beklimming.\",\"publisher\":{\"@id\":\"https:\/\/www.cyclosouvenir.be\/fr\/#organization\"},\"potentialAction\":[{\"@type\":\"SearchAction\",\"target\":{\"@type\":\"EntryPoint\",\"urlTemplate\":\"https:\/\/www.cyclosouvenir.be\/fr\/?s={search_term_string}\"},\"query-input\":{\"@type\":\"PropertyValueSpecification\",\"valueRequired\":true,\"valueName\":\"search_term_string\"}}],\"inLanguage\":\"fr-FR\"},{\"@type\":\"Organization\",\"@id\":\"https:\/\/www.cyclosouvenir.be\/fr\/#organization\",\"name\":\"Cyclosouvenir\",\"url\":\"https:\/\/www.cyclosouvenir.be\/fr\/\",\"logo\":{\"@type\":\"ImageObject\",\"inLanguage\":\"fr-FR\",\"@id\":\"https:\/\/www.cyclosouvenir.be\/fr\/#\/schema\/logo\/image\/\",\"url\":\"https:\/\/www.cyclosouvenir.be\/wp-content\/uploads\/2024\/02\/Cyclosouvenir_Banner-removebg-preview.png\",\"contentUrl\":\"https:\/\/www.cyclosouvenir.be\/wp-content\/uploads\/2024\/02\/Cyclosouvenir_Banner-removebg-preview.png\",\"width\":997,\"height\":250,\"caption\":\"Cyclosouvenir\"},\"image\":{\"@id\":\"https:\/\/www.cyclosouvenir.be\/fr\/#\/schema\/logo\/image\/\"}}]}<\/script>\n<!-- \/ Yoast SEO plugin. -->","yoast_head_json":{"title":"Col de Burdincurutcheta - St Pierre le Vieux - Cyclosouvenir","robots":{"index":"index","follow":"follow","max-snippet":"max-snippet:-1","max-image-preview":"max-image-preview:large","max-video-preview":"max-video-preview:-1"},"canonical":"https:\/\/www.cyclosouvenir.be\/fr\/produit\/col-de-burdincurutcheta-st-pierre-le-vieux\/","og_locale":"fr_FR","og_type":"article","og_title":"Col de Burdincurutcheta - St Pierre le Vieux - Cyclosouvenir","og_description":"Le col de Burdinkurutxeta (\"la petite croix de fer\" en basque) est un col des Pyr\u00e9n\u00e9es fran\u00e7aises situ\u00e9 en Basse-Navarre dans le d\u00e9partement des Pyr\u00e9n\u00e9es-Atlantiques. Il s'\u00e9l\u00e8ve \u00e0 une hauteur de 1 141 m. Il est utilis\u00e9 par la route des cols. Source Wikipedia","og_url":"https:\/\/www.cyclosouvenir.be\/fr\/produit\/col-de-burdincurutcheta-st-pierre-le-vieux\/","og_site_name":"Cyclosouvenir","article_modified_time":"2024-05-02T07:40:01+00:00","og_image":[{"width":250,"height":300,"url":"https:\/\/www.cyclosouvenir.be\/wp-content\/uploads\/2024\/02\/Col_de_Burdincurutcheta_St_Jean_le_Vieux.png","type":"image\/png"}],"twitter_card":"summary_large_image","schema":{"@context":"https:\/\/schema.org","@graph":[{"@type":"WebPage","@id":"https:\/\/www.cyclosouvenir.be\/fr\/produit\/col-de-burdincurutcheta-st-pierre-le-vieux\/","url":"https:\/\/www.cyclosouvenir.be\/fr\/produit\/col-de-burdincurutcheta-st-pierre-le-vieux\/","name":"Col de Burdincurutcheta - St Pierre le Vieux - Cyclosouvenir","isPartOf":{"@id":"https:\/\/www.cyclosouvenir.be\/fr\/#website"},"primaryImageOfPage":{"@id":"https:\/\/www.cyclosouvenir.be\/fr\/produit\/col-de-burdincurutcheta-st-pierre-le-vieux\/#primaryimage"},"image":{"@id":"https:\/\/www.cyclosouvenir.be\/fr\/produit\/col-de-burdincurutcheta-st-pierre-le-vieux\/#primaryimage"},"thumbnailUrl":"https:\/\/www.cyclosouvenir.be\/wp-content\/uploads\/2024\/02\/Col_de_Burdincurutcheta_St_Jean_le_Vieux.png","datePublished":"2024-04-11T19:33:01+00:00","dateModified":"2024-05-02T07:40:01+00:00","breadcrumb":{"@id":"https:\/\/www.cyclosouvenir.be\/fr\/produit\/col-de-burdincurutcheta-st-pierre-le-vieux\/#breadcrumb"},"inLanguage":"fr-FR","potentialAction":[{"@type":"ReadAction","target":["https:\/\/www.cyclosouvenir.be\/fr\/produit\/col-de-burdincurutcheta-st-pierre-le-vieux\/"]}]},{"@type":"ImageObject","inLanguage":"fr-FR","@id":"https:\/\/www.cyclosouvenir.be\/fr\/produit\/col-de-burdincurutcheta-st-pierre-le-vieux\/#primaryimage","url":"https:\/\/www.cyclosouvenir.be\/wp-content\/uploads\/2024\/02\/Col_de_Burdincurutcheta_St_Jean_le_Vieux.png","contentUrl":"https:\/\/www.cyclosouvenir.be\/wp-content\/uploads\/2024\/02\/Col_de_Burdincurutcheta_St_Jean_le_Vieux.png","width":250,"height":300},{"@type":"BreadcrumbList","@id":"https:\/\/www.cyclosouvenir.be\/fr\/produit\/col-de-burdincurutcheta-st-pierre-le-vieux\/#breadcrumb","itemListElement":[{"@type":"ListItem","position":1,"name":"Home","item":"https:\/\/www.cyclosouvenir.be\/fr\/"},{"@type":"ListItem","position":2,"name":"Boutique","item":"https:\/\/www.cyclosouvenir.be\/fr\/boutique\/"},{"@type":"ListItem","position":3,"name":"Col de Burdincurutcheta &#8211; St Pierre le Vieux"}]},{"@type":"WebSite","@id":"https:\/\/www.cyclosouvenir.be\/fr\/#website","url":"https:\/\/www.cyclosouvenir.be\/fr\/","name":"Cyclosouvenir","description":"De trofee voor een memorabele beklimming.","publisher":{"@id":"https:\/\/www.cyclosouvenir.be\/fr\/#organization"},"potentialAction":[{"@type":"SearchAction","target":{"@type":"EntryPoint","urlTemplate":"https:\/\/www.cyclosouvenir.be\/fr\/?s={search_term_string}"},"query-input":{"@type":"PropertyValueSpecification","valueRequired":true,"valueName":"search_term_string"}}],"inLanguage":"fr-FR"},{"@type":"Organization","@id":"https:\/\/www.cyclosouvenir.be\/fr\/#organization","name":"Cyclosouvenir","url":"https:\/\/www.cyclosouvenir.be\/fr\/","logo":{"@type":"ImageObject","inLanguage":"fr-FR","@id":"https:\/\/www.cyclosouvenir.be\/fr\/#\/schema\/logo\/image\/","url":"https:\/\/www.cyclosouvenir.be\/wp-content\/uploads\/2024\/02\/Cyclosouvenir_Banner-removebg-preview.png","contentUrl":"https:\/\/www.cyclosouvenir.be\/wp-content\/uploads\/2024\/02\/Cyclosouvenir_Banner-removebg-preview.png","width":997,"height":250,"caption":"Cyclosouvenir"},"image":{"@id":"https:\/\/www.cyclosouvenir.be\/fr\/#\/schema\/logo\/image\/"}}]}},"_links":{"self":[{"href":"https:\/\/www.cyclosouvenir.be\/fr\/wp-json\/wp\/v2\/product\/12114","targetHints":{"allow":["GET"]}}],"collection":[{"href":"https:\/\/www.cyclosouvenir.be\/fr\/wp-json\/wp\/v2\/product"}],"about":[{"href":"https:\/\/www.cyclosouvenir.be\/fr\/wp-json\/wp\/v2\/types\/product"}],"replies":[{"embeddable":true,"href":"https:\/\/www.cyclosouvenir.be\/fr\/wp-json\/wp\/v2\/comments?post=12114"}],"wp:featuredmedia":[{"embeddable":true,"href":"https:\/\/www.cyclosouvenir.be\/fr\/wp-json\/wp\/v2\/media\/10702"}],"wp:attachment":[{"href":"https:\/\/www.cyclosouvenir.be\/fr\/wp-json\/wp\/v2\/media?parent=12114"}],"wp:term":[{"taxonomy":"product_brand","embeddable":true,"href":"https:\/\/www.cyclosouvenir.be\/fr\/wp-json\/wp\/v2\/product_brand?post=12114"},{"taxonomy":"product_cat","embeddable":true,"href":"https:\/\/www.cyclosouvenir.be\/fr\/wp-json\/wp\/v2\/product_cat?post=12114"},{"taxonomy":"product_tag","embeddable":true,"href":"https:\/\/www.cyclosouvenir.be\/fr\/wp-json\/wp\/v2\/product_tag?post=12114"}],"curies":[{"name":"wp","href":"https:\/\/api.w.org\/{rel}","templated":true}]}}

<p>Le <b>col de Burdinkurutxeta</b> (« la petite croix de fer » en <a title="Basque" href="https://fr.wikipedia.org/wiki/Basque">basque</a>) est un col des <a title="Pyrénées" href="https://fr.wikipedia.org/wiki/Pyr%C3%A9n%C3%A9es">Pyrénées</a> françaises situé en <a title="Basse-Navarre" href="https://fr.wikipedia.org/wiki/Basse-Navarre">Basse-Navarre</a> dans le département des <a title="Pyrénées-Atlantiques" href="https://fr.wikipedia.org/wiki/Pyr%C3%A9n%C3%A9es-Atlantiques">Pyrénées-Atlantiques.</a> Il s&rsquo;élève à une altitude de 1 141 <abbr class="abbr" title="mètre">m</abbr>. Il est emprunté par la <a title="Route des cols" href="https://fr.wikipedia.org/wiki/Route_des_cols">route des cols</a>. Source Wikipédia</p>

<p>Le col de Burdinkurutxeta (« la petite croix de fer » en basque) est un col des Pyrénées françaises situé en Basse-Navarre dans le département des Pyrénées-Atlantiques. Il s&rsquo;élève à une hauteur de 1 141 m. Il est utilisé par la route des cols. Source Wikipedia</p>

<!-- This site is optimized with the Yoast SEO plugin v26.2 - https://yoast.com/wordpress/plugins/seo/ -->
<title>Col de Burdincurutcheta - St Pierre le Vieux - Cyclosouvenir</title>
<meta name="robots" content="index, follow, max-snippet:-1, max-image-preview:large, max-video-preview:-1" />
<link rel="canonical" href="https://www.cyclosouvenir.be/fr/produit/col-de-burdincurutcheta-st-pierre-le-vieux/" />
<meta property="og:locale" content="fr_FR" />
<meta property="og:type" content="article" />
<meta property="og:title" content="Col de Burdincurutcheta - St Pierre le Vieux - Cyclosouvenir" />
<meta property="og:description" content="Le col de Burdinkurutxeta (&quot;la petite croix de fer&quot; en basque) est un col des Pyrénées françaises situé en Basse-Navarre dans le département des Pyrénées-Atlantiques. Il s&#039;élève à une hauteur de 1 141 m. Il est utilisé par la route des cols. Source Wikipedia" />
<meta property="og:url" content="https://www.cyclosouvenir.be/fr/produit/col-de-burdincurutcheta-st-pierre-le-vieux/" />
<meta property="og:site_name" content="Cyclosouvenir" />
<meta property="article:modified_time" content="2024-05-02T07:40:01+00:00" />
<meta property="og:image" content="https://www.cyclosouvenir.be/wp-content/uploads/2024/02/Col_de_Burdincurutcheta_St_Jean_le_Vieux.png" />
	<meta property="og:image:width" content="250" />
	<meta property="og:image:height" content="300" />
	<meta property="og:image:type" content="image/png" />
<meta name="twitter:card" content="summary_large_image" />
<script type="application/ld+json" class="yoast-schema-graph">{"@context":"https://schema.org","@graph":[{"@type":"WebPage","@id":"https://www.cyclosouvenir.be/fr/produit/col-de-burdincurutcheta-st-pierre-le-vieux/","url":"https://www.cyclosouvenir.be/fr/produit/col-de-burdincurutcheta-st-pierre-le-vieux/","name":"Col de Burdincurutcheta - St Pierre le Vieux - Cyclosouvenir","isPartOf":{"@id":"https://www.cyclosouvenir.be/fr/#website"},"primaryImageOfPage":{"@id":"https://www.cyclosouvenir.be/fr/produit/col-de-burdincurutcheta-st-pierre-le-vieux/#primaryimage"},"image":{"@id":"https://www.cyclosouvenir.be/fr/produit/col-de-burdincurutcheta-st-pierre-le-vieux/#primaryimage"},"thumbnailUrl":"https://www.cyclosouvenir.be/wp-content/uploads/2024/02/Col_de_Burdincurutcheta_St_Jean_le_Vieux.png","datePublished":"2024-04-11T19:33:01+00:00","dateModified":"2024-05-02T07:40:01+00:00","breadcrumb":{"@id":"https://www.cyclosouvenir.be/fr/produit/col-de-burdincurutcheta-st-pierre-le-vieux/#breadcrumb"},"inLanguage":"fr-FR","potentialAction":[{"@type":"ReadAction","target":["https://www.cyclosouvenir.be/fr/produit/col-de-burdincurutcheta-st-pierre-le-vieux/"]}]},{"@type":"ImageObject","inLanguage":"fr-FR","@id":"https://www.cyclosouvenir.be/fr/produit/col-de-burdincurutcheta-st-pierre-le-vieux/#primaryimage","url":"https://www.cyclosouvenir.be/wp-content/uploads/2024/02/Col_de_Burdincurutcheta_St_Jean_le_Vieux.png","contentUrl":"https://www.cyclosouvenir.be/wp-content/uploads/2024/02/Col_de_Burdincurutcheta_St_Jean_le_Vieux.png","width":250,"height":300},{"@type":"BreadcrumbList","@id":"https://www.cyclosouvenir.be/fr/produit/col-de-burdincurutcheta-st-pierre-le-vieux/#breadcrumb","itemListElement":[{"@type":"ListItem","position":1,"name":"Home","item":"https://www.cyclosouvenir.be/fr/"},{"@type":"ListItem","position":2,"name":"Boutique","item":"https://www.cyclosouvenir.be/fr/boutique/"},{"@type":"ListItem","position":3,"name":"Col de Burdincurutcheta &#8211; St Pierre le Vieux"}]},{"@type":"WebSite","@id":"https://www.cyclosouvenir.be/fr/#website","url":"https://www.cyclosouvenir.be/fr/","name":"Cyclosouvenir","description":"De trofee voor een memorabele beklimming.","publisher":{"@id":"https://www.cyclosouvenir.be/fr/#organization"},"potentialAction":[{"@type":"SearchAction","target":{"@type":"EntryPoint","urlTemplate":"https://www.cyclosouvenir.be/fr/?s={search_term_string}"},"query-input":{"@type":"PropertyValueSpecification","valueRequired":true,"valueName":"search_term_string"}}],"inLanguage":"fr-FR"},{"@type":"Organization","@id":"https://www.cyclosouvenir.be/fr/#organization","name":"Cyclosouvenir","url":"https://www.cyclosouvenir.be/fr/","logo":{"@type":"ImageObject","inLanguage":"fr-FR","@id":"https://www.cyclosouvenir.be/fr/#/schema/logo/image/","url":"https://www.cyclosouvenir.be/wp-content/uploads/2024/02/Cyclosouvenir_Banner-removebg-preview.png","contentUrl":"https://www.cyclosouvenir.be/wp-content/uploads/2024/02/Cyclosouvenir_Banner-removebg-preview.png","width":997,"height":250,"caption":"Cyclosouvenir"},"image":{"@id":"https://www.cyclosouvenir.be/fr/#/schema/logo/image/"}}]}</script>
<!-- / Yoast SEO plugin. -->

Le col de Burdinkurutxeta ("la petite croix de fer" en basque) est un col des Pyrénées françaises situé en Basse-Navarre dans le département des Pyrénées-Atlantiques. Il s'élève à une hauteur de 1 141 m. Il est utilisé par la route des cols. Source Wikipedia
