{"id":12340,"date":"2024-04-20T07:54:30","date_gmt":"2024-04-20T07:54:30","guid":{"rendered":"https:\/\/demo9.inetproductions.be\/product\/pico-veleta-monachil\/"},"modified":"2025-07-13T09:21:01","modified_gmt":"2025-07-13T09:21:01","slug":"pico-veleta-monachil","status":"publish","type":"product","link":"https:\/\/www.cyclosouvenir.be\/fr\/produit\/pico-veleta-monachil\/","title":{"rendered":"Pico Veleta &#8211; Monachil"},"content":{"rendered":"","protected":false},"excerpt":{"rendered":"<p>Le Pico Veleta est une montagne de 3 396 m\u00e8tres d&rsquo;altitude situ\u00e9e dans la province de Grenade, en Espagne. Le sommet est, apr\u00e8s le Mulhac\u00e9n, le point le plus \u00e9lev\u00e9 de la Sierra Nevada et la quatri\u00e8me plus haute montagne d&rsquo;Espagne.<\/p>\n<p>Il existe une route goudronn\u00e9e jusqu&rsquo;\u00e0 quelques m\u00e8tres en dessous du sommet, mais elle est ferm\u00e9e \u00e0 la circulation automobile depuis des ann\u00e9es, \u00e0 une altitude d&rsquo;environ 2 500 m\u00e8tres, et ne peut donc plus \u00eatre consid\u00e9r\u00e9e comme la route la plus haute d&rsquo;Europe. Cette route, qui vient de Cenes de la Vega, est tr\u00e8s pris\u00e9e des constructeurs automobiles pour tester leurs nouveaux mod\u00e8les, qui sont g\u00e9n\u00e9ralement lourdement camoufl\u00e9s en faisant plusieurs fois l&rsquo;aller-retour. Source : Wikipedia<\/p>\n","protected":false},"featured_media":12337,"comment_status":"open","ping_status":"closed","template":"","meta":{"_et_pb_use_builder":"","_et_pb_old_content":"","_et_gb_content_width":""},"product_brand":[],"product_cat":[306,2595,3584],"product_tag":[],"class_list":{"0":"post-12340","1":"product","2":"type-product","3":"status-publish","4":"has-post-thumbnail","6":"product_cat-bornes","7":"product_cat-espagne","8":"product_cat-sierra-nevada-fr-2","9":"tm-has-options","11":"first","12":"instock","13":"taxable","14":"shipping-taxable","15":"purchasable","16":"product-type-simple"},"yoast_head":"<!-- This site is optimized with the Yoast SEO plugin v26.2 - https:\/\/yoast.com\/wordpress\/plugins\/seo\/ -->\n<title>Pico Veleta - Monachil - Cyclosouvenir<\/title>\n<meta name=\"robots\" content=\"index, follow, max-snippet:-1, max-image-preview:large, max-video-preview:-1\" \/>\n<link rel=\"canonical\" href=\"https:\/\/www.cyclosouvenir.be\/fr\/produit\/pico-veleta-monachil\/\" \/>\n<meta property=\"og:locale\" content=\"fr_FR\" \/>\n<meta property=\"og:type\" content=\"article\" \/>\n<meta property=\"og:title\" content=\"Pico Veleta - Monachil - Cyclosouvenir\" \/>\n<meta property=\"og:description\" content=\"Le Pico Veleta est une montagne de 3 396 m\u00e8tres d&#039;altitude situ\u00e9e dans la province de Grenade, en Espagne. Le sommet est, apr\u00e8s le Mulhac\u00e9n, le point le plus \u00e9lev\u00e9 de la Sierra Nevada et la quatri\u00e8me plus haute montagne d&#039;Espagne. Il existe une route goudronn\u00e9e jusqu&#039;\u00e0 quelques m\u00e8tres en dessous du sommet, mais elle est ferm\u00e9e \u00e0 la circulation automobile depuis des ann\u00e9es, \u00e0 une altitude d&#039;environ 2 500 m\u00e8tres, et ne peut donc plus \u00eatre consid\u00e9r\u00e9e comme la route la plus haute d&#039;Europe. Cette route, qui vient de Cenes de la Vega, est tr\u00e8s pris\u00e9e des constructeurs automobiles pour tester leurs nouveaux mod\u00e8les, qui sont g\u00e9n\u00e9ralement lourdement camoufl\u00e9s en faisant plusieurs fois l&#039;aller-retour. Source : Wikipedia\" \/>\n<meta property=\"og:url\" content=\"https:\/\/www.cyclosouvenir.be\/fr\/produit\/pico-veleta-monachil\/\" \/>\n<meta property=\"og:site_name\" content=\"Cyclosouvenir\" \/>\n<meta property=\"article:modified_time\" content=\"2025-07-13T09:21:01+00:00\" \/>\n<meta property=\"og:image\" content=\"https:\/\/www.cyclosouvenir.be\/wp-content\/uploads\/2024\/04\/Pico_Veleta_Monachil.png\" \/>\n\t<meta property=\"og:image:width\" content=\"250\" \/>\n\t<meta property=\"og:image:height\" content=\"300\" \/>\n\t<meta property=\"og:image:type\" content=\"image\/png\" \/>\n<meta name=\"twitter:card\" content=\"summary_large_image\" \/>\n<script type=\"application\/ld+json\" class=\"yoast-schema-graph\">{\"@context\":\"https:\/\/schema.org\",\"@graph\":[{\"@type\":\"WebPage\",\"@id\":\"https:\/\/www.cyclosouvenir.be\/fr\/produit\/pico-veleta-monachil\/\",\"url\":\"https:\/\/www.cyclosouvenir.be\/fr\/produit\/pico-veleta-monachil\/\",\"name\":\"Pico Veleta - Monachil - Cyclosouvenir\",\"isPartOf\":{\"@id\":\"https:\/\/www.cyclosouvenir.be\/fr\/#website\"},\"primaryImageOfPage\":{\"@id\":\"https:\/\/www.cyclosouvenir.be\/fr\/produit\/pico-veleta-monachil\/#primaryimage\"},\"image\":{\"@id\":\"https:\/\/www.cyclosouvenir.be\/fr\/produit\/pico-veleta-monachil\/#primaryimage\"},\"thumbnailUrl\":\"https:\/\/www.cyclosouvenir.be\/wp-content\/uploads\/2024\/04\/Pico_Veleta_Monachil.png\",\"datePublished\":\"2024-04-20T07:54:30+00:00\",\"dateModified\":\"2025-07-13T09:21:01+00:00\",\"breadcrumb\":{\"@id\":\"https:\/\/www.cyclosouvenir.be\/fr\/produit\/pico-veleta-monachil\/#breadcrumb\"},\"inLanguage\":\"fr-FR\",\"potentialAction\":[{\"@type\":\"ReadAction\",\"target\":[\"https:\/\/www.cyclosouvenir.be\/fr\/produit\/pico-veleta-monachil\/\"]}]},{\"@type\":\"ImageObject\",\"inLanguage\":\"fr-FR\",\"@id\":\"https:\/\/www.cyclosouvenir.be\/fr\/produit\/pico-veleta-monachil\/#primaryimage\",\"url\":\"https:\/\/www.cyclosouvenir.be\/wp-content\/uploads\/2024\/04\/Pico_Veleta_Monachil.png\",\"contentUrl\":\"https:\/\/www.cyclosouvenir.be\/wp-content\/uploads\/2024\/04\/Pico_Veleta_Monachil.png\",\"width\":250,\"height\":300},{\"@type\":\"BreadcrumbList\",\"@id\":\"https:\/\/www.cyclosouvenir.be\/fr\/produit\/pico-veleta-monachil\/#breadcrumb\",\"itemListElement\":[{\"@type\":\"ListItem\",\"position\":1,\"name\":\"Home\",\"item\":\"https:\/\/www.cyclosouvenir.be\/fr\/\"},{\"@type\":\"ListItem\",\"position\":2,\"name\":\"Boutique\",\"item\":\"https:\/\/www.cyclosouvenir.be\/fr\/boutique\/\"},{\"@type\":\"ListItem\",\"position\":3,\"name\":\"Pico Veleta &#8211; Monachil\"}]},{\"@type\":\"WebSite\",\"@id\":\"https:\/\/www.cyclosouvenir.be\/fr\/#website\",\"url\":\"https:\/\/www.cyclosouvenir.be\/fr\/\",\"name\":\"Cyclosouvenir\",\"description\":\"De trofee voor een memorabele beklimming.\",\"publisher\":{\"@id\":\"https:\/\/www.cyclosouvenir.be\/fr\/#organization\"},\"potentialAction\":[{\"@type\":\"SearchAction\",\"target\":{\"@type\":\"EntryPoint\",\"urlTemplate\":\"https:\/\/www.cyclosouvenir.be\/fr\/?s={search_term_string}\"},\"query-input\":{\"@type\":\"PropertyValueSpecification\",\"valueRequired\":true,\"valueName\":\"search_term_string\"}}],\"inLanguage\":\"fr-FR\"},{\"@type\":\"Organization\",\"@id\":\"https:\/\/www.cyclosouvenir.be\/fr\/#organization\",\"name\":\"Cyclosouvenir\",\"url\":\"https:\/\/www.cyclosouvenir.be\/fr\/\",\"logo\":{\"@type\":\"ImageObject\",\"inLanguage\":\"fr-FR\",\"@id\":\"https:\/\/www.cyclosouvenir.be\/fr\/#\/schema\/logo\/image\/\",\"url\":\"https:\/\/www.cyclosouvenir.be\/wp-content\/uploads\/2024\/02\/Cyclosouvenir_Banner-removebg-preview.png\",\"contentUrl\":\"https:\/\/www.cyclosouvenir.be\/wp-content\/uploads\/2024\/02\/Cyclosouvenir_Banner-removebg-preview.png\",\"width\":997,\"height\":250,\"caption\":\"Cyclosouvenir\"},\"image\":{\"@id\":\"https:\/\/www.cyclosouvenir.be\/fr\/#\/schema\/logo\/image\/\"}}]}<\/script>\n<!-- \/ Yoast SEO plugin. -->","yoast_head_json":{"title":"Pico Veleta - Monachil - Cyclosouvenir","robots":{"index":"index","follow":"follow","max-snippet":"max-snippet:-1","max-image-preview":"max-image-preview:large","max-video-preview":"max-video-preview:-1"},"canonical":"https:\/\/www.cyclosouvenir.be\/fr\/produit\/pico-veleta-monachil\/","og_locale":"fr_FR","og_type":"article","og_title":"Pico Veleta - Monachil - Cyclosouvenir","og_description":"Le Pico Veleta est une montagne de 3 396 m\u00e8tres d'altitude situ\u00e9e dans la province de Grenade, en Espagne. Le sommet est, apr\u00e8s le Mulhac\u00e9n, le point le plus \u00e9lev\u00e9 de la Sierra Nevada et la quatri\u00e8me plus haute montagne d'Espagne. Il existe une route goudronn\u00e9e jusqu'\u00e0 quelques m\u00e8tres en dessous du sommet, mais elle est ferm\u00e9e \u00e0 la circulation automobile depuis des ann\u00e9es, \u00e0 une altitude d'environ 2 500 m\u00e8tres, et ne peut donc plus \u00eatre consid\u00e9r\u00e9e comme la route la plus haute d'Europe. Cette route, qui vient de Cenes de la Vega, est tr\u00e8s pris\u00e9e des constructeurs automobiles pour tester leurs nouveaux mod\u00e8les, qui sont g\u00e9n\u00e9ralement lourdement camoufl\u00e9s en faisant plusieurs fois l'aller-retour. Source : Wikipedia","og_url":"https:\/\/www.cyclosouvenir.be\/fr\/produit\/pico-veleta-monachil\/","og_site_name":"Cyclosouvenir","article_modified_time":"2025-07-13T09:21:01+00:00","og_image":[{"width":250,"height":300,"url":"https:\/\/www.cyclosouvenir.be\/wp-content\/uploads\/2024\/04\/Pico_Veleta_Monachil.png","type":"image\/png"}],"twitter_card":"summary_large_image","schema":{"@context":"https:\/\/schema.org","@graph":[{"@type":"WebPage","@id":"https:\/\/www.cyclosouvenir.be\/fr\/produit\/pico-veleta-monachil\/","url":"https:\/\/www.cyclosouvenir.be\/fr\/produit\/pico-veleta-monachil\/","name":"Pico Veleta - Monachil - Cyclosouvenir","isPartOf":{"@id":"https:\/\/www.cyclosouvenir.be\/fr\/#website"},"primaryImageOfPage":{"@id":"https:\/\/www.cyclosouvenir.be\/fr\/produit\/pico-veleta-monachil\/#primaryimage"},"image":{"@id":"https:\/\/www.cyclosouvenir.be\/fr\/produit\/pico-veleta-monachil\/#primaryimage"},"thumbnailUrl":"https:\/\/www.cyclosouvenir.be\/wp-content\/uploads\/2024\/04\/Pico_Veleta_Monachil.png","datePublished":"2024-04-20T07:54:30+00:00","dateModified":"2025-07-13T09:21:01+00:00","breadcrumb":{"@id":"https:\/\/www.cyclosouvenir.be\/fr\/produit\/pico-veleta-monachil\/#breadcrumb"},"inLanguage":"fr-FR","potentialAction":[{"@type":"ReadAction","target":["https:\/\/www.cyclosouvenir.be\/fr\/produit\/pico-veleta-monachil\/"]}]},{"@type":"ImageObject","inLanguage":"fr-FR","@id":"https:\/\/www.cyclosouvenir.be\/fr\/produit\/pico-veleta-monachil\/#primaryimage","url":"https:\/\/www.cyclosouvenir.be\/wp-content\/uploads\/2024\/04\/Pico_Veleta_Monachil.png","contentUrl":"https:\/\/www.cyclosouvenir.be\/wp-content\/uploads\/2024\/04\/Pico_Veleta_Monachil.png","width":250,"height":300},{"@type":"BreadcrumbList","@id":"https:\/\/www.cyclosouvenir.be\/fr\/produit\/pico-veleta-monachil\/#breadcrumb","itemListElement":[{"@type":"ListItem","position":1,"name":"Home","item":"https:\/\/www.cyclosouvenir.be\/fr\/"},{"@type":"ListItem","position":2,"name":"Boutique","item":"https:\/\/www.cyclosouvenir.be\/fr\/boutique\/"},{"@type":"ListItem","position":3,"name":"Pico Veleta &#8211; Monachil"}]},{"@type":"WebSite","@id":"https:\/\/www.cyclosouvenir.be\/fr\/#website","url":"https:\/\/www.cyclosouvenir.be\/fr\/","name":"Cyclosouvenir","description":"De trofee voor een memorabele beklimming.","publisher":{"@id":"https:\/\/www.cyclosouvenir.be\/fr\/#organization"},"potentialAction":[{"@type":"SearchAction","target":{"@type":"EntryPoint","urlTemplate":"https:\/\/www.cyclosouvenir.be\/fr\/?s={search_term_string}"},"query-input":{"@type":"PropertyValueSpecification","valueRequired":true,"valueName":"search_term_string"}}],"inLanguage":"fr-FR"},{"@type":"Organization","@id":"https:\/\/www.cyclosouvenir.be\/fr\/#organization","name":"Cyclosouvenir","url":"https:\/\/www.cyclosouvenir.be\/fr\/","logo":{"@type":"ImageObject","inLanguage":"fr-FR","@id":"https:\/\/www.cyclosouvenir.be\/fr\/#\/schema\/logo\/image\/","url":"https:\/\/www.cyclosouvenir.be\/wp-content\/uploads\/2024\/02\/Cyclosouvenir_Banner-removebg-preview.png","contentUrl":"https:\/\/www.cyclosouvenir.be\/wp-content\/uploads\/2024\/02\/Cyclosouvenir_Banner-removebg-preview.png","width":997,"height":250,"caption":"Cyclosouvenir"},"image":{"@id":"https:\/\/www.cyclosouvenir.be\/fr\/#\/schema\/logo\/image\/"}}]}},"_links":{"self":[{"href":"https:\/\/www.cyclosouvenir.be\/fr\/wp-json\/wp\/v2\/product\/12340","targetHints":{"allow":["GET"]}}],"collection":[{"href":"https:\/\/www.cyclosouvenir.be\/fr\/wp-json\/wp\/v2\/product"}],"about":[{"href":"https:\/\/www.cyclosouvenir.be\/fr\/wp-json\/wp\/v2\/types\/product"}],"replies":[{"embeddable":true,"href":"https:\/\/www.cyclosouvenir.be\/fr\/wp-json\/wp\/v2\/comments?post=12340"}],"wp:featuredmedia":[{"embeddable":true,"href":"https:\/\/www.cyclosouvenir.be\/fr\/wp-json\/wp\/v2\/media\/12337"}],"wp:attachment":[{"href":"https:\/\/www.cyclosouvenir.be\/fr\/wp-json\/wp\/v2\/media?parent=12340"}],"wp:term":[{"taxonomy":"product_brand","embeddable":true,"href":"https:\/\/www.cyclosouvenir.be\/fr\/wp-json\/wp\/v2\/product_brand?post=12340"},{"taxonomy":"product_cat","embeddable":true,"href":"https:\/\/www.cyclosouvenir.be\/fr\/wp-json\/wp\/v2\/product_cat?post=12340"},{"taxonomy":"product_tag","embeddable":true,"href":"https:\/\/www.cyclosouvenir.be\/fr\/wp-json\/wp\/v2\/product_tag?post=12340"}],"curies":[{"name":"wp","href":"https:\/\/api.w.org\/{rel}","templated":true}]}}

<p>Le Pico Veleta est une montagne de 3 396 mètres d&rsquo;altitude située dans la province de Grenade, en Espagne. Le sommet est, après le Mulhacén, le point le plus élevé de la Sierra Nevada et la quatrième plus haute montagne d&rsquo;Espagne.</p>
<p>Il existe une route goudronnée jusqu&rsquo;à quelques mètres en dessous du sommet, mais elle est fermée à la circulation automobile depuis des années, à une altitude d&rsquo;environ 2 500 mètres, et ne peut donc plus être considérée comme la route la plus haute d&rsquo;Europe. Cette route, qui vient de Cenes de la Vega, est très prisée des constructeurs automobiles pour tester leurs nouveaux modèles, qui sont généralement lourdement camouflés en faisant plusieurs fois l&rsquo;aller-retour. Source : Wikipedia</p>

<!-- This site is optimized with the Yoast SEO plugin v26.2 - https://yoast.com/wordpress/plugins/seo/ -->
<title>Pico Veleta - Monachil - Cyclosouvenir</title>
<meta name="robots" content="index, follow, max-snippet:-1, max-image-preview:large, max-video-preview:-1" />
<link rel="canonical" href="https://www.cyclosouvenir.be/fr/produit/pico-veleta-monachil/" />
<meta property="og:locale" content="fr_FR" />
<meta property="og:type" content="article" />
<meta property="og:title" content="Pico Veleta - Monachil - Cyclosouvenir" />
<meta property="og:description" content="Le Pico Veleta est une montagne de 3 396 mètres d&#039;altitude située dans la province de Grenade, en Espagne. Le sommet est, après le Mulhacén, le point le plus élevé de la Sierra Nevada et la quatrième plus haute montagne d&#039;Espagne. Il existe une route goudronnée jusqu&#039;à quelques mètres en dessous du sommet, mais elle est fermée à la circulation automobile depuis des années, à une altitude d&#039;environ 2 500 mètres, et ne peut donc plus être considérée comme la route la plus haute d&#039;Europe. Cette route, qui vient de Cenes de la Vega, est très prisée des constructeurs automobiles pour tester leurs nouveaux modèles, qui sont généralement lourdement camouflés en faisant plusieurs fois l&#039;aller-retour. Source : Wikipedia" />
<meta property="og:url" content="https://www.cyclosouvenir.be/fr/produit/pico-veleta-monachil/" />
<meta property="og:site_name" content="Cyclosouvenir" />
<meta property="article:modified_time" content="2025-07-13T09:21:01+00:00" />
<meta property="og:image" content="https://www.cyclosouvenir.be/wp-content/uploads/2024/04/Pico_Veleta_Monachil.png" />
	<meta property="og:image:width" content="250" />
	<meta property="og:image:height" content="300" />
	<meta property="og:image:type" content="image/png" />
<meta name="twitter:card" content="summary_large_image" />
<script type="application/ld+json" class="yoast-schema-graph">{"@context":"https://schema.org","@graph":[{"@type":"WebPage","@id":"https://www.cyclosouvenir.be/fr/produit/pico-veleta-monachil/","url":"https://www.cyclosouvenir.be/fr/produit/pico-veleta-monachil/","name":"Pico Veleta - Monachil - Cyclosouvenir","isPartOf":{"@id":"https://www.cyclosouvenir.be/fr/#website"},"primaryImageOfPage":{"@id":"https://www.cyclosouvenir.be/fr/produit/pico-veleta-monachil/#primaryimage"},"image":{"@id":"https://www.cyclosouvenir.be/fr/produit/pico-veleta-monachil/#primaryimage"},"thumbnailUrl":"https://www.cyclosouvenir.be/wp-content/uploads/2024/04/Pico_Veleta_Monachil.png","datePublished":"2024-04-20T07:54:30+00:00","dateModified":"2025-07-13T09:21:01+00:00","breadcrumb":{"@id":"https://www.cyclosouvenir.be/fr/produit/pico-veleta-monachil/#breadcrumb"},"inLanguage":"fr-FR","potentialAction":[{"@type":"ReadAction","target":["https://www.cyclosouvenir.be/fr/produit/pico-veleta-monachil/"]}]},{"@type":"ImageObject","inLanguage":"fr-FR","@id":"https://www.cyclosouvenir.be/fr/produit/pico-veleta-monachil/#primaryimage","url":"https://www.cyclosouvenir.be/wp-content/uploads/2024/04/Pico_Veleta_Monachil.png","contentUrl":"https://www.cyclosouvenir.be/wp-content/uploads/2024/04/Pico_Veleta_Monachil.png","width":250,"height":300},{"@type":"BreadcrumbList","@id":"https://www.cyclosouvenir.be/fr/produit/pico-veleta-monachil/#breadcrumb","itemListElement":[{"@type":"ListItem","position":1,"name":"Home","item":"https://www.cyclosouvenir.be/fr/"},{"@type":"ListItem","position":2,"name":"Boutique","item":"https://www.cyclosouvenir.be/fr/boutique/"},{"@type":"ListItem","position":3,"name":"Pico Veleta &#8211; Monachil"}]},{"@type":"WebSite","@id":"https://www.cyclosouvenir.be/fr/#website","url":"https://www.cyclosouvenir.be/fr/","name":"Cyclosouvenir","description":"De trofee voor een memorabele beklimming.","publisher":{"@id":"https://www.cyclosouvenir.be/fr/#organization"},"potentialAction":[{"@type":"SearchAction","target":{"@type":"EntryPoint","urlTemplate":"https://www.cyclosouvenir.be/fr/?s={search_term_string}"},"query-input":{"@type":"PropertyValueSpecification","valueRequired":true,"valueName":"search_term_string"}}],"inLanguage":"fr-FR"},{"@type":"Organization","@id":"https://www.cyclosouvenir.be/fr/#organization","name":"Cyclosouvenir","url":"https://www.cyclosouvenir.be/fr/","logo":{"@type":"ImageObject","inLanguage":"fr-FR","@id":"https://www.cyclosouvenir.be/fr/#/schema/logo/image/","url":"https://www.cyclosouvenir.be/wp-content/uploads/2024/02/Cyclosouvenir_Banner-removebg-preview.png","contentUrl":"https://www.cyclosouvenir.be/wp-content/uploads/2024/02/Cyclosouvenir_Banner-removebg-preview.png","width":997,"height":250,"caption":"Cyclosouvenir"},"image":{"@id":"https://www.cyclosouvenir.be/fr/#/schema/logo/image/"}}]}</script>
<!-- / Yoast SEO plugin. -->

Le Pico Veleta est une montagne de 3 396 mètres d'altitude située dans la province de Grenade, en Espagne. Le sommet est, après le Mulhacén, le point le plus élevé de la Sierra Nevada et la quatrième plus haute montagne d'Espagne. Il existe une route goudronnée jusqu'à quelques mètres en dessous du sommet, mais elle est fermée à la circulation automobile depuis des années, à une altitude d'environ 2 500 mètres, et ne peut donc plus être considérée comme la route la plus haute d'Europe. Cette route, qui vient de Cenes de la Vega, est très prisée des constructeurs automobiles pour tester leurs nouveaux modèles, qui sont généralement lourdement camouflés en faisant plusieurs fois l'aller-retour. Source : Wikipedia
