{"id":14833,"date":"2025-04-29T12:52:02","date_gmt":"2025-04-29T12:52:02","guid":{"rendered":"https:\/\/www.cyclosouvenir.be\/product\/cols-du-grand-cucheron-la-rochette\/"},"modified":"2025-07-13T09:22:26","modified_gmt":"2025-07-13T09:22:26","slug":"cols-du-grand-cucheron-la-rochette","status":"publish","type":"product","link":"https:\/\/www.cyclosouvenir.be\/fr\/produit\/cols-du-grand-cucheron-la-rochette\/","title":{"rendered":"Col du Grand Cucheron &#8211; La Rochette"},"content":{"rendered":"","protected":false},"excerpt":{"rendered":"<p>Le col du Grand Cucheron est un col de montagne situ\u00e9 dans le d\u00e9partement fran\u00e7ais de la Savoie et faisant partie des Alpes fran\u00e7aises.<\/p>\n<p>Le col est situ\u00e9 dans la partie nord des montagnes de Belledonne et relie la vall\u00e9e de la Maurienne \u00e0 la vall\u00e9e de l&rsquo;Is\u00e8re.<\/p>\n","protected":false},"featured_media":14820,"comment_status":"open","ping_status":"closed","template":"","meta":{"_et_pb_use_builder":"","_et_pb_old_content":"","_et_gb_content_width":""},"product_brand":[],"product_cat":[3503,3527,306],"product_tag":[],"class_list":{"0":"post-14833","1":"product","2":"type-product","3":"status-publish","4":"has-post-thumbnail","6":"product_cat-france-fr-2","7":"product_cat-les-alpes-fr","8":"product_cat-bornes","9":"tm-has-options","11":"first","12":"instock","13":"taxable","14":"shipping-taxable","15":"purchasable","16":"product-type-simple"},"yoast_head":"<!-- This site is optimized with the Yoast SEO plugin v26.2 - https:\/\/yoast.com\/wordpress\/plugins\/seo\/ -->\n<title>Col du Grand Cucheron - La Rochette - Cyclosouvenir<\/title>\n<meta name=\"robots\" content=\"index, follow, max-snippet:-1, max-image-preview:large, max-video-preview:-1\" \/>\n<link rel=\"canonical\" href=\"https:\/\/www.cyclosouvenir.be\/fr\/produit\/cols-du-grand-cucheron-la-rochette\/\" \/>\n<meta property=\"og:locale\" content=\"fr_FR\" \/>\n<meta property=\"og:type\" content=\"article\" \/>\n<meta property=\"og:title\" content=\"Col du Grand Cucheron - La Rochette - Cyclosouvenir\" \/>\n<meta property=\"og:description\" content=\"Le col du Grand Cucheron est un col de montagne situ\u00e9 dans le d\u00e9partement fran\u00e7ais de la Savoie et faisant partie des Alpes fran\u00e7aises. Le col est situ\u00e9 dans la partie nord des montagnes de Belledonne et relie la vall\u00e9e de la Maurienne \u00e0 la vall\u00e9e de l&#039;Is\u00e8re.\" \/>\n<meta property=\"og:url\" content=\"https:\/\/www.cyclosouvenir.be\/fr\/produit\/cols-du-grand-cucheron-la-rochette\/\" \/>\n<meta property=\"og:site_name\" content=\"Cyclosouvenir\" \/>\n<meta property=\"article:modified_time\" content=\"2025-07-13T09:22:26+00:00\" \/>\n<meta property=\"og:image\" content=\"https:\/\/www.cyclosouvenir.be\/wp-content\/uploads\/2025\/04\/Col_du_Grand_Cucheron_La_Rochette.png\" \/>\n\t<meta property=\"og:image:width\" content=\"250\" \/>\n\t<meta property=\"og:image:height\" content=\"300\" \/>\n\t<meta property=\"og:image:type\" content=\"image\/png\" \/>\n<meta name=\"twitter:card\" content=\"summary_large_image\" \/>\n<script type=\"application\/ld+json\" class=\"yoast-schema-graph\">{\"@context\":\"https:\/\/schema.org\",\"@graph\":[{\"@type\":\"WebPage\",\"@id\":\"https:\/\/www.cyclosouvenir.be\/fr\/produit\/cols-du-grand-cucheron-la-rochette\/\",\"url\":\"https:\/\/www.cyclosouvenir.be\/fr\/produit\/cols-du-grand-cucheron-la-rochette\/\",\"name\":\"Col du Grand Cucheron - La Rochette - Cyclosouvenir\",\"isPartOf\":{\"@id\":\"https:\/\/www.cyclosouvenir.be\/fr\/#website\"},\"primaryImageOfPage\":{\"@id\":\"https:\/\/www.cyclosouvenir.be\/fr\/produit\/cols-du-grand-cucheron-la-rochette\/#primaryimage\"},\"image\":{\"@id\":\"https:\/\/www.cyclosouvenir.be\/fr\/produit\/cols-du-grand-cucheron-la-rochette\/#primaryimage\"},\"thumbnailUrl\":\"https:\/\/www.cyclosouvenir.be\/wp-content\/uploads\/2025\/04\/Col_du_Grand_Cucheron_La_Rochette.png\",\"datePublished\":\"2025-04-29T12:52:02+00:00\",\"dateModified\":\"2025-07-13T09:22:26+00:00\",\"breadcrumb\":{\"@id\":\"https:\/\/www.cyclosouvenir.be\/fr\/produit\/cols-du-grand-cucheron-la-rochette\/#breadcrumb\"},\"inLanguage\":\"fr-FR\",\"potentialAction\":[{\"@type\":\"ReadAction\",\"target\":[\"https:\/\/www.cyclosouvenir.be\/fr\/produit\/cols-du-grand-cucheron-la-rochette\/\"]}]},{\"@type\":\"ImageObject\",\"inLanguage\":\"fr-FR\",\"@id\":\"https:\/\/www.cyclosouvenir.be\/fr\/produit\/cols-du-grand-cucheron-la-rochette\/#primaryimage\",\"url\":\"https:\/\/www.cyclosouvenir.be\/wp-content\/uploads\/2025\/04\/Col_du_Grand_Cucheron_La_Rochette.png\",\"contentUrl\":\"https:\/\/www.cyclosouvenir.be\/wp-content\/uploads\/2025\/04\/Col_du_Grand_Cucheron_La_Rochette.png\",\"width\":250,\"height\":300},{\"@type\":\"BreadcrumbList\",\"@id\":\"https:\/\/www.cyclosouvenir.be\/fr\/produit\/cols-du-grand-cucheron-la-rochette\/#breadcrumb\",\"itemListElement\":[{\"@type\":\"ListItem\",\"position\":1,\"name\":\"Home\",\"item\":\"https:\/\/www.cyclosouvenir.be\/fr\/\"},{\"@type\":\"ListItem\",\"position\":2,\"name\":\"Boutique\",\"item\":\"https:\/\/www.cyclosouvenir.be\/fr\/boutique\/\"},{\"@type\":\"ListItem\",\"position\":3,\"name\":\"Col du Grand Cucheron &#8211; La Rochette\"}]},{\"@type\":\"WebSite\",\"@id\":\"https:\/\/www.cyclosouvenir.be\/fr\/#website\",\"url\":\"https:\/\/www.cyclosouvenir.be\/fr\/\",\"name\":\"Cyclosouvenir\",\"description\":\"De trofee voor een memorabele beklimming.\",\"publisher\":{\"@id\":\"https:\/\/www.cyclosouvenir.be\/fr\/#organization\"},\"potentialAction\":[{\"@type\":\"SearchAction\",\"target\":{\"@type\":\"EntryPoint\",\"urlTemplate\":\"https:\/\/www.cyclosouvenir.be\/fr\/?s={search_term_string}\"},\"query-input\":{\"@type\":\"PropertyValueSpecification\",\"valueRequired\":true,\"valueName\":\"search_term_string\"}}],\"inLanguage\":\"fr-FR\"},{\"@type\":\"Organization\",\"@id\":\"https:\/\/www.cyclosouvenir.be\/fr\/#organization\",\"name\":\"Cyclosouvenir\",\"url\":\"https:\/\/www.cyclosouvenir.be\/fr\/\",\"logo\":{\"@type\":\"ImageObject\",\"inLanguage\":\"fr-FR\",\"@id\":\"https:\/\/www.cyclosouvenir.be\/fr\/#\/schema\/logo\/image\/\",\"url\":\"https:\/\/www.cyclosouvenir.be\/wp-content\/uploads\/2024\/02\/Cyclosouvenir_Banner-removebg-preview.png\",\"contentUrl\":\"https:\/\/www.cyclosouvenir.be\/wp-content\/uploads\/2024\/02\/Cyclosouvenir_Banner-removebg-preview.png\",\"width\":997,\"height\":250,\"caption\":\"Cyclosouvenir\"},\"image\":{\"@id\":\"https:\/\/www.cyclosouvenir.be\/fr\/#\/schema\/logo\/image\/\"}}]}<\/script>\n<!-- \/ Yoast SEO plugin. -->","yoast_head_json":{"title":"Col du Grand Cucheron - La Rochette - Cyclosouvenir","robots":{"index":"index","follow":"follow","max-snippet":"max-snippet:-1","max-image-preview":"max-image-preview:large","max-video-preview":"max-video-preview:-1"},"canonical":"https:\/\/www.cyclosouvenir.be\/fr\/produit\/cols-du-grand-cucheron-la-rochette\/","og_locale":"fr_FR","og_type":"article","og_title":"Col du Grand Cucheron - La Rochette - Cyclosouvenir","og_description":"Le col du Grand Cucheron est un col de montagne situ\u00e9 dans le d\u00e9partement fran\u00e7ais de la Savoie et faisant partie des Alpes fran\u00e7aises. Le col est situ\u00e9 dans la partie nord des montagnes de Belledonne et relie la vall\u00e9e de la Maurienne \u00e0 la vall\u00e9e de l'Is\u00e8re.","og_url":"https:\/\/www.cyclosouvenir.be\/fr\/produit\/cols-du-grand-cucheron-la-rochette\/","og_site_name":"Cyclosouvenir","article_modified_time":"2025-07-13T09:22:26+00:00","og_image":[{"width":250,"height":300,"url":"https:\/\/www.cyclosouvenir.be\/wp-content\/uploads\/2025\/04\/Col_du_Grand_Cucheron_La_Rochette.png","type":"image\/png"}],"twitter_card":"summary_large_image","schema":{"@context":"https:\/\/schema.org","@graph":[{"@type":"WebPage","@id":"https:\/\/www.cyclosouvenir.be\/fr\/produit\/cols-du-grand-cucheron-la-rochette\/","url":"https:\/\/www.cyclosouvenir.be\/fr\/produit\/cols-du-grand-cucheron-la-rochette\/","name":"Col du Grand Cucheron - La Rochette - Cyclosouvenir","isPartOf":{"@id":"https:\/\/www.cyclosouvenir.be\/fr\/#website"},"primaryImageOfPage":{"@id":"https:\/\/www.cyclosouvenir.be\/fr\/produit\/cols-du-grand-cucheron-la-rochette\/#primaryimage"},"image":{"@id":"https:\/\/www.cyclosouvenir.be\/fr\/produit\/cols-du-grand-cucheron-la-rochette\/#primaryimage"},"thumbnailUrl":"https:\/\/www.cyclosouvenir.be\/wp-content\/uploads\/2025\/04\/Col_du_Grand_Cucheron_La_Rochette.png","datePublished":"2025-04-29T12:52:02+00:00","dateModified":"2025-07-13T09:22:26+00:00","breadcrumb":{"@id":"https:\/\/www.cyclosouvenir.be\/fr\/produit\/cols-du-grand-cucheron-la-rochette\/#breadcrumb"},"inLanguage":"fr-FR","potentialAction":[{"@type":"ReadAction","target":["https:\/\/www.cyclosouvenir.be\/fr\/produit\/cols-du-grand-cucheron-la-rochette\/"]}]},{"@type":"ImageObject","inLanguage":"fr-FR","@id":"https:\/\/www.cyclosouvenir.be\/fr\/produit\/cols-du-grand-cucheron-la-rochette\/#primaryimage","url":"https:\/\/www.cyclosouvenir.be\/wp-content\/uploads\/2025\/04\/Col_du_Grand_Cucheron_La_Rochette.png","contentUrl":"https:\/\/www.cyclosouvenir.be\/wp-content\/uploads\/2025\/04\/Col_du_Grand_Cucheron_La_Rochette.png","width":250,"height":300},{"@type":"BreadcrumbList","@id":"https:\/\/www.cyclosouvenir.be\/fr\/produit\/cols-du-grand-cucheron-la-rochette\/#breadcrumb","itemListElement":[{"@type":"ListItem","position":1,"name":"Home","item":"https:\/\/www.cyclosouvenir.be\/fr\/"},{"@type":"ListItem","position":2,"name":"Boutique","item":"https:\/\/www.cyclosouvenir.be\/fr\/boutique\/"},{"@type":"ListItem","position":3,"name":"Col du Grand Cucheron &#8211; La Rochette"}]},{"@type":"WebSite","@id":"https:\/\/www.cyclosouvenir.be\/fr\/#website","url":"https:\/\/www.cyclosouvenir.be\/fr\/","name":"Cyclosouvenir","description":"De trofee voor een memorabele beklimming.","publisher":{"@id":"https:\/\/www.cyclosouvenir.be\/fr\/#organization"},"potentialAction":[{"@type":"SearchAction","target":{"@type":"EntryPoint","urlTemplate":"https:\/\/www.cyclosouvenir.be\/fr\/?s={search_term_string}"},"query-input":{"@type":"PropertyValueSpecification","valueRequired":true,"valueName":"search_term_string"}}],"inLanguage":"fr-FR"},{"@type":"Organization","@id":"https:\/\/www.cyclosouvenir.be\/fr\/#organization","name":"Cyclosouvenir","url":"https:\/\/www.cyclosouvenir.be\/fr\/","logo":{"@type":"ImageObject","inLanguage":"fr-FR","@id":"https:\/\/www.cyclosouvenir.be\/fr\/#\/schema\/logo\/image\/","url":"https:\/\/www.cyclosouvenir.be\/wp-content\/uploads\/2024\/02\/Cyclosouvenir_Banner-removebg-preview.png","contentUrl":"https:\/\/www.cyclosouvenir.be\/wp-content\/uploads\/2024\/02\/Cyclosouvenir_Banner-removebg-preview.png","width":997,"height":250,"caption":"Cyclosouvenir"},"image":{"@id":"https:\/\/www.cyclosouvenir.be\/fr\/#\/schema\/logo\/image\/"}}]}},"_links":{"self":[{"href":"https:\/\/www.cyclosouvenir.be\/fr\/wp-json\/wp\/v2\/product\/14833","targetHints":{"allow":["GET"]}}],"collection":[{"href":"https:\/\/www.cyclosouvenir.be\/fr\/wp-json\/wp\/v2\/product"}],"about":[{"href":"https:\/\/www.cyclosouvenir.be\/fr\/wp-json\/wp\/v2\/types\/product"}],"replies":[{"embeddable":true,"href":"https:\/\/www.cyclosouvenir.be\/fr\/wp-json\/wp\/v2\/comments?post=14833"}],"wp:featuredmedia":[{"embeddable":true,"href":"https:\/\/www.cyclosouvenir.be\/fr\/wp-json\/wp\/v2\/media\/14820"}],"wp:attachment":[{"href":"https:\/\/www.cyclosouvenir.be\/fr\/wp-json\/wp\/v2\/media?parent=14833"}],"wp:term":[{"taxonomy":"product_brand","embeddable":true,"href":"https:\/\/www.cyclosouvenir.be\/fr\/wp-json\/wp\/v2\/product_brand?post=14833"},{"taxonomy":"product_cat","embeddable":true,"href":"https:\/\/www.cyclosouvenir.be\/fr\/wp-json\/wp\/v2\/product_cat?post=14833"},{"taxonomy":"product_tag","embeddable":true,"href":"https:\/\/www.cyclosouvenir.be\/fr\/wp-json\/wp\/v2\/product_tag?post=14833"}],"curies":[{"name":"wp","href":"https:\/\/api.w.org\/{rel}","templated":true}]}}

<p>Le col du Grand Cucheron est un col de montagne situé dans le département français de la Savoie et faisant partie des Alpes françaises.</p>
<p>Le col est situé dans la partie nord des montagnes de Belledonne et relie la vallée de la Maurienne à la vallée de l&rsquo;Isère.</p>

<!-- This site is optimized with the Yoast SEO plugin v26.2 - https://yoast.com/wordpress/plugins/seo/ -->
<title>Col du Grand Cucheron - La Rochette - Cyclosouvenir</title>
<meta name="robots" content="index, follow, max-snippet:-1, max-image-preview:large, max-video-preview:-1" />
<link rel="canonical" href="https://www.cyclosouvenir.be/fr/produit/cols-du-grand-cucheron-la-rochette/" />
<meta property="og:locale" content="fr_FR" />
<meta property="og:type" content="article" />
<meta property="og:title" content="Col du Grand Cucheron - La Rochette - Cyclosouvenir" />
<meta property="og:description" content="Le col du Grand Cucheron est un col de montagne situé dans le département français de la Savoie et faisant partie des Alpes françaises. Le col est situé dans la partie nord des montagnes de Belledonne et relie la vallée de la Maurienne à la vallée de l&#039;Isère." />
<meta property="og:url" content="https://www.cyclosouvenir.be/fr/produit/cols-du-grand-cucheron-la-rochette/" />
<meta property="og:site_name" content="Cyclosouvenir" />
<meta property="article:modified_time" content="2025-07-13T09:22:26+00:00" />
<meta property="og:image" content="https://www.cyclosouvenir.be/wp-content/uploads/2025/04/Col_du_Grand_Cucheron_La_Rochette.png" />
	<meta property="og:image:width" content="250" />
	<meta property="og:image:height" content="300" />
	<meta property="og:image:type" content="image/png" />
<meta name="twitter:card" content="summary_large_image" />
<script type="application/ld+json" class="yoast-schema-graph">{"@context":"https://schema.org","@graph":[{"@type":"WebPage","@id":"https://www.cyclosouvenir.be/fr/produit/cols-du-grand-cucheron-la-rochette/","url":"https://www.cyclosouvenir.be/fr/produit/cols-du-grand-cucheron-la-rochette/","name":"Col du Grand Cucheron - La Rochette - Cyclosouvenir","isPartOf":{"@id":"https://www.cyclosouvenir.be/fr/#website"},"primaryImageOfPage":{"@id":"https://www.cyclosouvenir.be/fr/produit/cols-du-grand-cucheron-la-rochette/#primaryimage"},"image":{"@id":"https://www.cyclosouvenir.be/fr/produit/cols-du-grand-cucheron-la-rochette/#primaryimage"},"thumbnailUrl":"https://www.cyclosouvenir.be/wp-content/uploads/2025/04/Col_du_Grand_Cucheron_La_Rochette.png","datePublished":"2025-04-29T12:52:02+00:00","dateModified":"2025-07-13T09:22:26+00:00","breadcrumb":{"@id":"https://www.cyclosouvenir.be/fr/produit/cols-du-grand-cucheron-la-rochette/#breadcrumb"},"inLanguage":"fr-FR","potentialAction":[{"@type":"ReadAction","target":["https://www.cyclosouvenir.be/fr/produit/cols-du-grand-cucheron-la-rochette/"]}]},{"@type":"ImageObject","inLanguage":"fr-FR","@id":"https://www.cyclosouvenir.be/fr/produit/cols-du-grand-cucheron-la-rochette/#primaryimage","url":"https://www.cyclosouvenir.be/wp-content/uploads/2025/04/Col_du_Grand_Cucheron_La_Rochette.png","contentUrl":"https://www.cyclosouvenir.be/wp-content/uploads/2025/04/Col_du_Grand_Cucheron_La_Rochette.png","width":250,"height":300},{"@type":"BreadcrumbList","@id":"https://www.cyclosouvenir.be/fr/produit/cols-du-grand-cucheron-la-rochette/#breadcrumb","itemListElement":[{"@type":"ListItem","position":1,"name":"Home","item":"https://www.cyclosouvenir.be/fr/"},{"@type":"ListItem","position":2,"name":"Boutique","item":"https://www.cyclosouvenir.be/fr/boutique/"},{"@type":"ListItem","position":3,"name":"Col du Grand Cucheron &#8211; La Rochette"}]},{"@type":"WebSite","@id":"https://www.cyclosouvenir.be/fr/#website","url":"https://www.cyclosouvenir.be/fr/","name":"Cyclosouvenir","description":"De trofee voor een memorabele beklimming.","publisher":{"@id":"https://www.cyclosouvenir.be/fr/#organization"},"potentialAction":[{"@type":"SearchAction","target":{"@type":"EntryPoint","urlTemplate":"https://www.cyclosouvenir.be/fr/?s={search_term_string}"},"query-input":{"@type":"PropertyValueSpecification","valueRequired":true,"valueName":"search_term_string"}}],"inLanguage":"fr-FR"},{"@type":"Organization","@id":"https://www.cyclosouvenir.be/fr/#organization","name":"Cyclosouvenir","url":"https://www.cyclosouvenir.be/fr/","logo":{"@type":"ImageObject","inLanguage":"fr-FR","@id":"https://www.cyclosouvenir.be/fr/#/schema/logo/image/","url":"https://www.cyclosouvenir.be/wp-content/uploads/2024/02/Cyclosouvenir_Banner-removebg-preview.png","contentUrl":"https://www.cyclosouvenir.be/wp-content/uploads/2024/02/Cyclosouvenir_Banner-removebg-preview.png","width":997,"height":250,"caption":"Cyclosouvenir"},"image":{"@id":"https://www.cyclosouvenir.be/fr/#/schema/logo/image/"}}]}</script>
<!-- / Yoast SEO plugin. -->

Le col du Grand Cucheron est un col de montagne situé dans le département français de la Savoie et faisant partie des Alpes françaises. Le col est situé dans la partie nord des montagnes de Belledonne et relie la vallée de la Maurienne à la vallée de l'Isère.
