{"id":11986,"date":"2024-02-13T11:37:00","date_gmt":"2024-02-13T11:37:00","guid":{"rendered":"https:\/\/demo9.inetproductions.be\/product\/col-du-lautaret-briancon\/"},"modified":"2024-05-09T11:53:15","modified_gmt":"2024-05-09T11:53:15","slug":"col-du-lautaret-briancon","status":"publish","type":"product","link":"https:\/\/www.cyclosouvenir.be\/it\/prodotto\/col-du-lautaret-briancon\/","title":{"rendered":"Col du Lautaret &#8211; Brian\u00e7on"},"content":{"rendered":"","protected":false},"excerpt":{"rendered":"<p>Il Col du Lautaret \u00e8 un passo di montagna delle Alpi francesi.<\/p>\n<p>Il passo \u00e8 famoso per le tappe del Tour de France che passano da qui. Per scalare il versante sud del Col du Galibier, bisogna prima conquistare il Col du Lautaret. La combinazione di questi due colli rende la tappa molto dura. La maggior parte dei corridori cercher\u00e0 quindi di risparmiare le forze sul Col du Lautaret. Il Col du Lauraret non \u00e8 sempre considerato una salita categorizzata nel Tour de France, poich\u00e9 di solito il Col du Galibier lo segue immediatamente. Wikipedia<\/p>\n","protected":false},"featured_media":240,"comment_status":"closed","ping_status":"closed","template":"","meta":{"_et_pb_use_builder":"","_et_pb_old_content":"","_et_gb_content_width":""},"product_brand":[],"product_cat":[3505,3528,562],"product_tag":[],"class_list":{"0":"post-11986","1":"product","2":"type-product","3":"status-publish","4":"has-post-thumbnail","6":"product_cat-francia-it","7":"product_cat-le-alpi","8":"product_cat-cippi","9":"tm-has-options","11":"first","12":"instock","13":"taxable","14":"shipping-taxable","15":"purchasable","16":"product-type-simple"},"yoast_head":"<!-- This site is optimized with the Yoast SEO plugin v26.2 - https:\/\/yoast.com\/wordpress\/plugins\/seo\/ -->\n<title>Col du Lautaret - Brian\u00e7on - Cyclosouvenir<\/title>\n<meta name=\"robots\" content=\"index, follow, max-snippet:-1, max-image-preview:large, max-video-preview:-1\" \/>\n<link rel=\"canonical\" href=\"https:\/\/www.cyclosouvenir.be\/it\/prodotto\/col-du-lautaret-briancon\/\" \/>\n<meta property=\"og:locale\" content=\"it_IT\" \/>\n<meta property=\"og:type\" content=\"article\" \/>\n<meta property=\"og:title\" content=\"Col du Lautaret - Brian\u00e7on - Cyclosouvenir\" \/>\n<meta property=\"og:description\" content=\"Il Col du Lautaret \u00e8 un passo di montagna delle Alpi francesi. Il passo \u00e8 famoso per le tappe del Tour de France che passano da qui. Per scalare il versante sud del Col du Galibier, bisogna prima conquistare il Col du Lautaret. La combinazione di questi due colli rende la tappa molto dura. La maggior parte dei corridori cercher\u00e0 quindi di risparmiare le forze sul Col du Lautaret. Il Col du Lauraret non \u00e8 sempre considerato una salita categorizzata nel Tour de France, poich\u00e9 di solito il Col du Galibier lo segue immediatamente. Wikipedia\" \/>\n<meta property=\"og:url\" content=\"https:\/\/www.cyclosouvenir.be\/it\/prodotto\/col-du-lautaret-briancon\/\" \/>\n<meta property=\"og:site_name\" content=\"Cyclosouvenir\" \/>\n<meta property=\"article:modified_time\" content=\"2024-05-09T11:53:15+00:00\" \/>\n<meta property=\"og:image\" content=\"https:\/\/www.cyclosouvenir.be\/wp-content\/uploads\/2024\/02\/Col_du_Lautaret_Briancon.png\" \/>\n\t<meta property=\"og:image:width\" content=\"250\" \/>\n\t<meta property=\"og:image:height\" content=\"300\" \/>\n\t<meta property=\"og:image:type\" content=\"image\/png\" \/>\n<meta name=\"twitter:card\" content=\"summary_large_image\" \/>\n<script type=\"application\/ld+json\" class=\"yoast-schema-graph\">{\"@context\":\"https:\/\/schema.org\",\"@graph\":[{\"@type\":\"WebPage\",\"@id\":\"https:\/\/www.cyclosouvenir.be\/it\/prodotto\/col-du-lautaret-briancon\/\",\"url\":\"https:\/\/www.cyclosouvenir.be\/it\/prodotto\/col-du-lautaret-briancon\/\",\"name\":\"Col du Lautaret - Brian\u00e7on - Cyclosouvenir\",\"isPartOf\":{\"@id\":\"https:\/\/www.cyclosouvenir.be\/it\/#website\"},\"primaryImageOfPage\":{\"@id\":\"https:\/\/www.cyclosouvenir.be\/it\/prodotto\/col-du-lautaret-briancon\/#primaryimage\"},\"image\":{\"@id\":\"https:\/\/www.cyclosouvenir.be\/it\/prodotto\/col-du-lautaret-briancon\/#primaryimage\"},\"thumbnailUrl\":\"https:\/\/www.cyclosouvenir.be\/wp-content\/uploads\/2024\/02\/Col_du_Lautaret_Briancon.png\",\"datePublished\":\"2024-02-13T11:37:00+00:00\",\"dateModified\":\"2024-05-09T11:53:15+00:00\",\"breadcrumb\":{\"@id\":\"https:\/\/www.cyclosouvenir.be\/it\/prodotto\/col-du-lautaret-briancon\/#breadcrumb\"},\"inLanguage\":\"it-IT\",\"potentialAction\":[{\"@type\":\"ReadAction\",\"target\":[\"https:\/\/www.cyclosouvenir.be\/it\/prodotto\/col-du-lautaret-briancon\/\"]}]},{\"@type\":\"ImageObject\",\"inLanguage\":\"it-IT\",\"@id\":\"https:\/\/www.cyclosouvenir.be\/it\/prodotto\/col-du-lautaret-briancon\/#primaryimage\",\"url\":\"https:\/\/www.cyclosouvenir.be\/wp-content\/uploads\/2024\/02\/Col_du_Lautaret_Briancon.png\",\"contentUrl\":\"https:\/\/www.cyclosouvenir.be\/wp-content\/uploads\/2024\/02\/Col_du_Lautaret_Briancon.png\",\"width\":250,\"height\":300},{\"@type\":\"BreadcrumbList\",\"@id\":\"https:\/\/www.cyclosouvenir.be\/it\/prodotto\/col-du-lautaret-briancon\/#breadcrumb\",\"itemListElement\":[{\"@type\":\"ListItem\",\"position\":1,\"name\":\"Home\",\"item\":\"https:\/\/www.cyclosouvenir.be\/it\/\"},{\"@type\":\"ListItem\",\"position\":2,\"name\":\"Negozio\",\"item\":\"https:\/\/www.cyclosouvenir.be\/it\/negozio\/\"},{\"@type\":\"ListItem\",\"position\":3,\"name\":\"Col du Lautaret &#8211; Brian\u00e7on\"}]},{\"@type\":\"WebSite\",\"@id\":\"https:\/\/www.cyclosouvenir.be\/it\/#website\",\"url\":\"https:\/\/www.cyclosouvenir.be\/it\/\",\"name\":\"Cyclosouvenir\",\"description\":\"De trofee voor een memorabele beklimming.\",\"publisher\":{\"@id\":\"https:\/\/www.cyclosouvenir.be\/it\/#organization\"},\"potentialAction\":[{\"@type\":\"SearchAction\",\"target\":{\"@type\":\"EntryPoint\",\"urlTemplate\":\"https:\/\/www.cyclosouvenir.be\/it\/?s={search_term_string}\"},\"query-input\":{\"@type\":\"PropertyValueSpecification\",\"valueRequired\":true,\"valueName\":\"search_term_string\"}}],\"inLanguage\":\"it-IT\"},{\"@type\":\"Organization\",\"@id\":\"https:\/\/www.cyclosouvenir.be\/it\/#organization\",\"name\":\"Cyclosouvenir\",\"url\":\"https:\/\/www.cyclosouvenir.be\/it\/\",\"logo\":{\"@type\":\"ImageObject\",\"inLanguage\":\"it-IT\",\"@id\":\"https:\/\/www.cyclosouvenir.be\/it\/#\/schema\/logo\/image\/\",\"url\":\"https:\/\/www.cyclosouvenir.be\/wp-content\/uploads\/2024\/02\/Cyclosouvenir_Banner-removebg-preview.png\",\"contentUrl\":\"https:\/\/www.cyclosouvenir.be\/wp-content\/uploads\/2024\/02\/Cyclosouvenir_Banner-removebg-preview.png\",\"width\":997,\"height\":250,\"caption\":\"Cyclosouvenir\"},\"image\":{\"@id\":\"https:\/\/www.cyclosouvenir.be\/it\/#\/schema\/logo\/image\/\"}}]}<\/script>\n<!-- \/ Yoast SEO plugin. -->","yoast_head_json":{"title":"Col du Lautaret - Brian\u00e7on - Cyclosouvenir","robots":{"index":"index","follow":"follow","max-snippet":"max-snippet:-1","max-image-preview":"max-image-preview:large","max-video-preview":"max-video-preview:-1"},"canonical":"https:\/\/www.cyclosouvenir.be\/it\/prodotto\/col-du-lautaret-briancon\/","og_locale":"it_IT","og_type":"article","og_title":"Col du Lautaret - Brian\u00e7on - Cyclosouvenir","og_description":"Il Col du Lautaret \u00e8 un passo di montagna delle Alpi francesi. Il passo \u00e8 famoso per le tappe del Tour de France che passano da qui. Per scalare il versante sud del Col du Galibier, bisogna prima conquistare il Col du Lautaret. La combinazione di questi due colli rende la tappa molto dura. La maggior parte dei corridori cercher\u00e0 quindi di risparmiare le forze sul Col du Lautaret. Il Col du Lauraret non \u00e8 sempre considerato una salita categorizzata nel Tour de France, poich\u00e9 di solito il Col du Galibier lo segue immediatamente. Wikipedia","og_url":"https:\/\/www.cyclosouvenir.be\/it\/prodotto\/col-du-lautaret-briancon\/","og_site_name":"Cyclosouvenir","article_modified_time":"2024-05-09T11:53:15+00:00","og_image":[{"width":250,"height":300,"url":"https:\/\/www.cyclosouvenir.be\/wp-content\/uploads\/2024\/02\/Col_du_Lautaret_Briancon.png","type":"image\/png"}],"twitter_card":"summary_large_image","schema":{"@context":"https:\/\/schema.org","@graph":[{"@type":"WebPage","@id":"https:\/\/www.cyclosouvenir.be\/it\/prodotto\/col-du-lautaret-briancon\/","url":"https:\/\/www.cyclosouvenir.be\/it\/prodotto\/col-du-lautaret-briancon\/","name":"Col du Lautaret - Brian\u00e7on - Cyclosouvenir","isPartOf":{"@id":"https:\/\/www.cyclosouvenir.be\/it\/#website"},"primaryImageOfPage":{"@id":"https:\/\/www.cyclosouvenir.be\/it\/prodotto\/col-du-lautaret-briancon\/#primaryimage"},"image":{"@id":"https:\/\/www.cyclosouvenir.be\/it\/prodotto\/col-du-lautaret-briancon\/#primaryimage"},"thumbnailUrl":"https:\/\/www.cyclosouvenir.be\/wp-content\/uploads\/2024\/02\/Col_du_Lautaret_Briancon.png","datePublished":"2024-02-13T11:37:00+00:00","dateModified":"2024-05-09T11:53:15+00:00","breadcrumb":{"@id":"https:\/\/www.cyclosouvenir.be\/it\/prodotto\/col-du-lautaret-briancon\/#breadcrumb"},"inLanguage":"it-IT","potentialAction":[{"@type":"ReadAction","target":["https:\/\/www.cyclosouvenir.be\/it\/prodotto\/col-du-lautaret-briancon\/"]}]},{"@type":"ImageObject","inLanguage":"it-IT","@id":"https:\/\/www.cyclosouvenir.be\/it\/prodotto\/col-du-lautaret-briancon\/#primaryimage","url":"https:\/\/www.cyclosouvenir.be\/wp-content\/uploads\/2024\/02\/Col_du_Lautaret_Briancon.png","contentUrl":"https:\/\/www.cyclosouvenir.be\/wp-content\/uploads\/2024\/02\/Col_du_Lautaret_Briancon.png","width":250,"height":300},{"@type":"BreadcrumbList","@id":"https:\/\/www.cyclosouvenir.be\/it\/prodotto\/col-du-lautaret-briancon\/#breadcrumb","itemListElement":[{"@type":"ListItem","position":1,"name":"Home","item":"https:\/\/www.cyclosouvenir.be\/it\/"},{"@type":"ListItem","position":2,"name":"Negozio","item":"https:\/\/www.cyclosouvenir.be\/it\/negozio\/"},{"@type":"ListItem","position":3,"name":"Col du Lautaret &#8211; Brian\u00e7on"}]},{"@type":"WebSite","@id":"https:\/\/www.cyclosouvenir.be\/it\/#website","url":"https:\/\/www.cyclosouvenir.be\/it\/","name":"Cyclosouvenir","description":"De trofee voor een memorabele beklimming.","publisher":{"@id":"https:\/\/www.cyclosouvenir.be\/it\/#organization"},"potentialAction":[{"@type":"SearchAction","target":{"@type":"EntryPoint","urlTemplate":"https:\/\/www.cyclosouvenir.be\/it\/?s={search_term_string}"},"query-input":{"@type":"PropertyValueSpecification","valueRequired":true,"valueName":"search_term_string"}}],"inLanguage":"it-IT"},{"@type":"Organization","@id":"https:\/\/www.cyclosouvenir.be\/it\/#organization","name":"Cyclosouvenir","url":"https:\/\/www.cyclosouvenir.be\/it\/","logo":{"@type":"ImageObject","inLanguage":"it-IT","@id":"https:\/\/www.cyclosouvenir.be\/it\/#\/schema\/logo\/image\/","url":"https:\/\/www.cyclosouvenir.be\/wp-content\/uploads\/2024\/02\/Cyclosouvenir_Banner-removebg-preview.png","contentUrl":"https:\/\/www.cyclosouvenir.be\/wp-content\/uploads\/2024\/02\/Cyclosouvenir_Banner-removebg-preview.png","width":997,"height":250,"caption":"Cyclosouvenir"},"image":{"@id":"https:\/\/www.cyclosouvenir.be\/it\/#\/schema\/logo\/image\/"}}]}},"_links":{"self":[{"href":"https:\/\/www.cyclosouvenir.be\/it\/wp-json\/wp\/v2\/product\/11986","targetHints":{"allow":["GET"]}}],"collection":[{"href":"https:\/\/www.cyclosouvenir.be\/it\/wp-json\/wp\/v2\/product"}],"about":[{"href":"https:\/\/www.cyclosouvenir.be\/it\/wp-json\/wp\/v2\/types\/product"}],"replies":[{"embeddable":true,"href":"https:\/\/www.cyclosouvenir.be\/it\/wp-json\/wp\/v2\/comments?post=11986"}],"wp:featuredmedia":[{"embeddable":true,"href":"https:\/\/www.cyclosouvenir.be\/it\/wp-json\/wp\/v2\/media\/240"}],"wp:attachment":[{"href":"https:\/\/www.cyclosouvenir.be\/it\/wp-json\/wp\/v2\/media?parent=11986"}],"wp:term":[{"taxonomy":"product_brand","embeddable":true,"href":"https:\/\/www.cyclosouvenir.be\/it\/wp-json\/wp\/v2\/product_brand?post=11986"},{"taxonomy":"product_cat","embeddable":true,"href":"https:\/\/www.cyclosouvenir.be\/it\/wp-json\/wp\/v2\/product_cat?post=11986"},{"taxonomy":"product_tag","embeddable":true,"href":"https:\/\/www.cyclosouvenir.be\/it\/wp-json\/wp\/v2\/product_tag?post=11986"}],"curies":[{"name":"wp","href":"https:\/\/api.w.org\/{rel}","templated":true}]}}

Col du Lautaret &#8211; Briançon

<p>Il Col du Lautaret è un passo di montagna delle Alpi francesi.</p>
<p>Il passo è famoso per le tappe del Tour de France che passano da qui. Per scalare il versante sud del Col du Galibier, bisogna prima conquistare il Col du Lautaret. La combinazione di questi due colli rende la tappa molto dura. La maggior parte dei corridori cercherà quindi di risparmiare le forze sul Col du Lautaret. Il Col du Lauraret non è sempre considerato una salita categorizzata nel Tour de France, poiché di solito il Col du Galibier lo segue immediatamente. Wikipedia</p>

<!-- This site is optimized with the Yoast SEO plugin v26.2 - https://yoast.com/wordpress/plugins/seo/ -->
<title>Col du Lautaret - Briançon - Cyclosouvenir</title>
<meta name="robots" content="index, follow, max-snippet:-1, max-image-preview:large, max-video-preview:-1" />
<link rel="canonical" href="https://www.cyclosouvenir.be/it/prodotto/col-du-lautaret-briancon/" />
<meta property="og:locale" content="it_IT" />
<meta property="og:type" content="article" />
<meta property="og:title" content="Col du Lautaret - Briançon - Cyclosouvenir" />
<meta property="og:description" content="Il Col du Lautaret è un passo di montagna delle Alpi francesi. Il passo è famoso per le tappe del Tour de France che passano da qui. Per scalare il versante sud del Col du Galibier, bisogna prima conquistare il Col du Lautaret. La combinazione di questi due colli rende la tappa molto dura. La maggior parte dei corridori cercherà quindi di risparmiare le forze sul Col du Lautaret. Il Col du Lauraret non è sempre considerato una salita categorizzata nel Tour de France, poiché di solito il Col du Galibier lo segue immediatamente. Wikipedia" />
<meta property="og:url" content="https://www.cyclosouvenir.be/it/prodotto/col-du-lautaret-briancon/" />
<meta property="og:site_name" content="Cyclosouvenir" />
<meta property="article:modified_time" content="2024-05-09T11:53:15+00:00" />
<meta property="og:image" content="https://www.cyclosouvenir.be/wp-content/uploads/2024/02/Col_du_Lautaret_Briancon.png" />
	<meta property="og:image:width" content="250" />
	<meta property="og:image:height" content="300" />
	<meta property="og:image:type" content="image/png" />
<meta name="twitter:card" content="summary_large_image" />
<script type="application/ld+json" class="yoast-schema-graph">{"@context":"https://schema.org","@graph":[{"@type":"WebPage","@id":"https://www.cyclosouvenir.be/it/prodotto/col-du-lautaret-briancon/","url":"https://www.cyclosouvenir.be/it/prodotto/col-du-lautaret-briancon/","name":"Col du Lautaret - Briançon - Cyclosouvenir","isPartOf":{"@id":"https://www.cyclosouvenir.be/it/#website"},"primaryImageOfPage":{"@id":"https://www.cyclosouvenir.be/it/prodotto/col-du-lautaret-briancon/#primaryimage"},"image":{"@id":"https://www.cyclosouvenir.be/it/prodotto/col-du-lautaret-briancon/#primaryimage"},"thumbnailUrl":"https://www.cyclosouvenir.be/wp-content/uploads/2024/02/Col_du_Lautaret_Briancon.png","datePublished":"2024-02-13T11:37:00+00:00","dateModified":"2024-05-09T11:53:15+00:00","breadcrumb":{"@id":"https://www.cyclosouvenir.be/it/prodotto/col-du-lautaret-briancon/#breadcrumb"},"inLanguage":"it-IT","potentialAction":[{"@type":"ReadAction","target":["https://www.cyclosouvenir.be/it/prodotto/col-du-lautaret-briancon/"]}]},{"@type":"ImageObject","inLanguage":"it-IT","@id":"https://www.cyclosouvenir.be/it/prodotto/col-du-lautaret-briancon/#primaryimage","url":"https://www.cyclosouvenir.be/wp-content/uploads/2024/02/Col_du_Lautaret_Briancon.png","contentUrl":"https://www.cyclosouvenir.be/wp-content/uploads/2024/02/Col_du_Lautaret_Briancon.png","width":250,"height":300},{"@type":"BreadcrumbList","@id":"https://www.cyclosouvenir.be/it/prodotto/col-du-lautaret-briancon/#breadcrumb","itemListElement":[{"@type":"ListItem","position":1,"name":"Home","item":"https://www.cyclosouvenir.be/it/"},{"@type":"ListItem","position":2,"name":"Negozio","item":"https://www.cyclosouvenir.be/it/negozio/"},{"@type":"ListItem","position":3,"name":"Col du Lautaret &#8211; Briançon"}]},{"@type":"WebSite","@id":"https://www.cyclosouvenir.be/it/#website","url":"https://www.cyclosouvenir.be/it/","name":"Cyclosouvenir","description":"De trofee voor een memorabele beklimming.","publisher":{"@id":"https://www.cyclosouvenir.be/it/#organization"},"potentialAction":[{"@type":"SearchAction","target":{"@type":"EntryPoint","urlTemplate":"https://www.cyclosouvenir.be/it/?s={search_term_string}"},"query-input":{"@type":"PropertyValueSpecification","valueRequired":true,"valueName":"search_term_string"}}],"inLanguage":"it-IT"},{"@type":"Organization","@id":"https://www.cyclosouvenir.be/it/#organization","name":"Cyclosouvenir","url":"https://www.cyclosouvenir.be/it/","logo":{"@type":"ImageObject","inLanguage":"it-IT","@id":"https://www.cyclosouvenir.be/it/#/schema/logo/image/","url":"https://www.cyclosouvenir.be/wp-content/uploads/2024/02/Cyclosouvenir_Banner-removebg-preview.png","contentUrl":"https://www.cyclosouvenir.be/wp-content/uploads/2024/02/Cyclosouvenir_Banner-removebg-preview.png","width":997,"height":250,"caption":"Cyclosouvenir"},"image":{"@id":"https://www.cyclosouvenir.be/it/#/schema/logo/image/"}}]}</script>
<!-- / Yoast SEO plugin. -->

Col du Lautaret - Briançon - Cyclosouvenir

Il Col du Lautaret è un passo di montagna delle Alpi francesi. Il passo è famoso per le tappe del Tour de France che passano da qui. Per scalare il versante sud del Col du Galibier, bisogna prima conquistare il Col du Lautaret. La combinazione di questi due colli rende la tappa molto dura. La maggior parte dei corridori cercherà quindi di risparmiare le forze sul Col du Lautaret. Il Col du Lauraret non è sempre considerato una salita categorizzata nel Tour de France, poiché di solito il Col du Galibier lo segue immediatamente. Wikipedia
