{"id":12024,"date":"2024-02-13T11:36:52","date_gmt":"2024-02-13T11:36:52","guid":{"rendered":"https:\/\/demo9.inetproductions.be\/product\/plateau-de-beille-les-cabannes\/"},"modified":"2024-05-09T12:27:04","modified_gmt":"2024-05-09T12:27:04","slug":"plateau-de-beille-les-cabannes","status":"publish","type":"product","link":"https:\/\/www.cyclosouvenir.be\/it\/prodotto\/plateau-de-beille-les-cabannes\/","title":{"rendered":"Plateau de Beille &#8211; Les Cabannes"},"content":{"rendered":"","protected":false},"excerpt":{"rendered":"<p>Plateau de Beille \u00e8 una stazione di sport invernali nei Pirenei francesi. La citt\u00e0 si trova nella regione Occitanie, nel dipartimento dell&#8217;Ari\u00e8ge.<\/p>\n<p>Il Plateau de Beille \u00e8 stato punto di arrivo del Tour de France per sei volte. Le prime tre volte, il vincitore del Tour ha vinto la tappa. Nel 1998, Marco Pantani vinse l&#8217;arrivo in salita. Al Tour 2007, fu Alberto Contador a battere Michael Rasmussen in volata. Anche nel 2011 \u00e8 stato inserito il Plateau de Beille come luogo di arrivo e l\u00ec Jelle Vanendert ha tagliato il traguardo per primo.<\/p>\n<p>Anche Lance Armstrong ha vinto su Plateau de Beille (addirittura due volte), ma dopo che gli sono state tolte le 7 vittorie del Tour, anche queste due vittorie di tappa sono state annullate. Wikipedia<\/p>\n","protected":false},"featured_media":175,"comment_status":"closed","ping_status":"closed","template":"","meta":{"_et_pb_use_builder":"","_et_pb_old_content":"","_et_gb_content_width":""},"product_brand":[],"product_cat":[3505,3561,562],"product_tag":[],"class_list":{"0":"post-12024","1":"product","2":"type-product","3":"status-publish","4":"has-post-thumbnail","6":"product_cat-francia-it","7":"product_cat-i-pirenei","8":"product_cat-cippi","9":"tm-has-options","11":"first","12":"instock","13":"taxable","14":"shipping-taxable","15":"purchasable","16":"product-type-simple"},"yoast_head":"<!-- This site is optimized with the Yoast SEO plugin v26.2 - https:\/\/yoast.com\/wordpress\/plugins\/seo\/ -->\n<title>Plateau de Beille - Les Cabannes - Cyclosouvenir<\/title>\n<meta name=\"robots\" content=\"index, follow, max-snippet:-1, max-image-preview:large, max-video-preview:-1\" \/>\n<link rel=\"canonical\" href=\"https:\/\/www.cyclosouvenir.be\/it\/prodotto\/plateau-de-beille-les-cabannes\/\" \/>\n<meta property=\"og:locale\" content=\"it_IT\" \/>\n<meta property=\"og:type\" content=\"article\" \/>\n<meta property=\"og:title\" content=\"Plateau de Beille - Les Cabannes - Cyclosouvenir\" \/>\n<meta property=\"og:description\" content=\"Plateau de Beille \u00e8 una stazione di sport invernali nei Pirenei francesi. La citt\u00e0 si trova nella regione Occitanie, nel dipartimento dell&#039;Ari\u00e8ge. Il Plateau de Beille \u00e8 stato punto di arrivo del Tour de France per sei volte. Le prime tre volte, il vincitore del Tour ha vinto la tappa. Nel 1998, Marco Pantani vinse l&#039;arrivo in salita. Al Tour 2007, fu Alberto Contador a battere Michael Rasmussen in volata. Anche nel 2011 \u00e8 stato inserito il Plateau de Beille come luogo di arrivo e l\u00ec Jelle Vanendert ha tagliato il traguardo per primo. Anche Lance Armstrong ha vinto su Plateau de Beille (addirittura due volte), ma dopo che gli sono state tolte le 7 vittorie del Tour, anche queste due vittorie di tappa sono state annullate. Wikipedia\" \/>\n<meta property=\"og:url\" content=\"https:\/\/www.cyclosouvenir.be\/it\/prodotto\/plateau-de-beille-les-cabannes\/\" \/>\n<meta property=\"og:site_name\" content=\"Cyclosouvenir\" \/>\n<meta property=\"article:modified_time\" content=\"2024-05-09T12:27:04+00:00\" \/>\n<meta property=\"og:image\" content=\"https:\/\/www.cyclosouvenir.be\/wp-content\/uploads\/2024\/02\/Plateau_de_Beille_Les_Cabannes.png\" \/>\n\t<meta property=\"og:image:width\" content=\"250\" \/>\n\t<meta property=\"og:image:height\" content=\"300\" \/>\n\t<meta property=\"og:image:type\" content=\"image\/png\" \/>\n<meta name=\"twitter:card\" content=\"summary_large_image\" \/>\n<script type=\"application\/ld+json\" class=\"yoast-schema-graph\">{\"@context\":\"https:\/\/schema.org\",\"@graph\":[{\"@type\":\"WebPage\",\"@id\":\"https:\/\/www.cyclosouvenir.be\/it\/prodotto\/plateau-de-beille-les-cabannes\/\",\"url\":\"https:\/\/www.cyclosouvenir.be\/it\/prodotto\/plateau-de-beille-les-cabannes\/\",\"name\":\"Plateau de Beille - Les Cabannes - Cyclosouvenir\",\"isPartOf\":{\"@id\":\"https:\/\/www.cyclosouvenir.be\/it\/#website\"},\"primaryImageOfPage\":{\"@id\":\"https:\/\/www.cyclosouvenir.be\/it\/prodotto\/plateau-de-beille-les-cabannes\/#primaryimage\"},\"image\":{\"@id\":\"https:\/\/www.cyclosouvenir.be\/it\/prodotto\/plateau-de-beille-les-cabannes\/#primaryimage\"},\"thumbnailUrl\":\"https:\/\/www.cyclosouvenir.be\/wp-content\/uploads\/2024\/02\/Plateau_de_Beille_Les_Cabannes.png\",\"datePublished\":\"2024-02-13T11:36:52+00:00\",\"dateModified\":\"2024-05-09T12:27:04+00:00\",\"breadcrumb\":{\"@id\":\"https:\/\/www.cyclosouvenir.be\/it\/prodotto\/plateau-de-beille-les-cabannes\/#breadcrumb\"},\"inLanguage\":\"it-IT\",\"potentialAction\":[{\"@type\":\"ReadAction\",\"target\":[\"https:\/\/www.cyclosouvenir.be\/it\/prodotto\/plateau-de-beille-les-cabannes\/\"]}]},{\"@type\":\"ImageObject\",\"inLanguage\":\"it-IT\",\"@id\":\"https:\/\/www.cyclosouvenir.be\/it\/prodotto\/plateau-de-beille-les-cabannes\/#primaryimage\",\"url\":\"https:\/\/www.cyclosouvenir.be\/wp-content\/uploads\/2024\/02\/Plateau_de_Beille_Les_Cabannes.png\",\"contentUrl\":\"https:\/\/www.cyclosouvenir.be\/wp-content\/uploads\/2024\/02\/Plateau_de_Beille_Les_Cabannes.png\",\"width\":250,\"height\":300},{\"@type\":\"BreadcrumbList\",\"@id\":\"https:\/\/www.cyclosouvenir.be\/it\/prodotto\/plateau-de-beille-les-cabannes\/#breadcrumb\",\"itemListElement\":[{\"@type\":\"ListItem\",\"position\":1,\"name\":\"Home\",\"item\":\"https:\/\/www.cyclosouvenir.be\/it\/\"},{\"@type\":\"ListItem\",\"position\":2,\"name\":\"Negozio\",\"item\":\"https:\/\/www.cyclosouvenir.be\/it\/negozio\/\"},{\"@type\":\"ListItem\",\"position\":3,\"name\":\"Plateau de Beille &#8211; Les Cabannes\"}]},{\"@type\":\"WebSite\",\"@id\":\"https:\/\/www.cyclosouvenir.be\/it\/#website\",\"url\":\"https:\/\/www.cyclosouvenir.be\/it\/\",\"name\":\"Cyclosouvenir\",\"description\":\"De trofee voor een memorabele beklimming.\",\"publisher\":{\"@id\":\"https:\/\/www.cyclosouvenir.be\/it\/#organization\"},\"potentialAction\":[{\"@type\":\"SearchAction\",\"target\":{\"@type\":\"EntryPoint\",\"urlTemplate\":\"https:\/\/www.cyclosouvenir.be\/it\/?s={search_term_string}\"},\"query-input\":{\"@type\":\"PropertyValueSpecification\",\"valueRequired\":true,\"valueName\":\"search_term_string\"}}],\"inLanguage\":\"it-IT\"},{\"@type\":\"Organization\",\"@id\":\"https:\/\/www.cyclosouvenir.be\/it\/#organization\",\"name\":\"Cyclosouvenir\",\"url\":\"https:\/\/www.cyclosouvenir.be\/it\/\",\"logo\":{\"@type\":\"ImageObject\",\"inLanguage\":\"it-IT\",\"@id\":\"https:\/\/www.cyclosouvenir.be\/it\/#\/schema\/logo\/image\/\",\"url\":\"https:\/\/www.cyclosouvenir.be\/wp-content\/uploads\/2024\/02\/Cyclosouvenir_Banner-removebg-preview.png\",\"contentUrl\":\"https:\/\/www.cyclosouvenir.be\/wp-content\/uploads\/2024\/02\/Cyclosouvenir_Banner-removebg-preview.png\",\"width\":997,\"height\":250,\"caption\":\"Cyclosouvenir\"},\"image\":{\"@id\":\"https:\/\/www.cyclosouvenir.be\/it\/#\/schema\/logo\/image\/\"}}]}<\/script>\n<!-- \/ Yoast SEO plugin. -->","yoast_head_json":{"title":"Plateau de Beille - Les Cabannes - Cyclosouvenir","robots":{"index":"index","follow":"follow","max-snippet":"max-snippet:-1","max-image-preview":"max-image-preview:large","max-video-preview":"max-video-preview:-1"},"canonical":"https:\/\/www.cyclosouvenir.be\/it\/prodotto\/plateau-de-beille-les-cabannes\/","og_locale":"it_IT","og_type":"article","og_title":"Plateau de Beille - Les Cabannes - Cyclosouvenir","og_description":"Plateau de Beille \u00e8 una stazione di sport invernali nei Pirenei francesi. La citt\u00e0 si trova nella regione Occitanie, nel dipartimento dell'Ari\u00e8ge. Il Plateau de Beille \u00e8 stato punto di arrivo del Tour de France per sei volte. Le prime tre volte, il vincitore del Tour ha vinto la tappa. Nel 1998, Marco Pantani vinse l'arrivo in salita. Al Tour 2007, fu Alberto Contador a battere Michael Rasmussen in volata. Anche nel 2011 \u00e8 stato inserito il Plateau de Beille come luogo di arrivo e l\u00ec Jelle Vanendert ha tagliato il traguardo per primo. Anche Lance Armstrong ha vinto su Plateau de Beille (addirittura due volte), ma dopo che gli sono state tolte le 7 vittorie del Tour, anche queste due vittorie di tappa sono state annullate. Wikipedia","og_url":"https:\/\/www.cyclosouvenir.be\/it\/prodotto\/plateau-de-beille-les-cabannes\/","og_site_name":"Cyclosouvenir","article_modified_time":"2024-05-09T12:27:04+00:00","og_image":[{"width":250,"height":300,"url":"https:\/\/www.cyclosouvenir.be\/wp-content\/uploads\/2024\/02\/Plateau_de_Beille_Les_Cabannes.png","type":"image\/png"}],"twitter_card":"summary_large_image","schema":{"@context":"https:\/\/schema.org","@graph":[{"@type":"WebPage","@id":"https:\/\/www.cyclosouvenir.be\/it\/prodotto\/plateau-de-beille-les-cabannes\/","url":"https:\/\/www.cyclosouvenir.be\/it\/prodotto\/plateau-de-beille-les-cabannes\/","name":"Plateau de Beille - Les Cabannes - Cyclosouvenir","isPartOf":{"@id":"https:\/\/www.cyclosouvenir.be\/it\/#website"},"primaryImageOfPage":{"@id":"https:\/\/www.cyclosouvenir.be\/it\/prodotto\/plateau-de-beille-les-cabannes\/#primaryimage"},"image":{"@id":"https:\/\/www.cyclosouvenir.be\/it\/prodotto\/plateau-de-beille-les-cabannes\/#primaryimage"},"thumbnailUrl":"https:\/\/www.cyclosouvenir.be\/wp-content\/uploads\/2024\/02\/Plateau_de_Beille_Les_Cabannes.png","datePublished":"2024-02-13T11:36:52+00:00","dateModified":"2024-05-09T12:27:04+00:00","breadcrumb":{"@id":"https:\/\/www.cyclosouvenir.be\/it\/prodotto\/plateau-de-beille-les-cabannes\/#breadcrumb"},"inLanguage":"it-IT","potentialAction":[{"@type":"ReadAction","target":["https:\/\/www.cyclosouvenir.be\/it\/prodotto\/plateau-de-beille-les-cabannes\/"]}]},{"@type":"ImageObject","inLanguage":"it-IT","@id":"https:\/\/www.cyclosouvenir.be\/it\/prodotto\/plateau-de-beille-les-cabannes\/#primaryimage","url":"https:\/\/www.cyclosouvenir.be\/wp-content\/uploads\/2024\/02\/Plateau_de_Beille_Les_Cabannes.png","contentUrl":"https:\/\/www.cyclosouvenir.be\/wp-content\/uploads\/2024\/02\/Plateau_de_Beille_Les_Cabannes.png","width":250,"height":300},{"@type":"BreadcrumbList","@id":"https:\/\/www.cyclosouvenir.be\/it\/prodotto\/plateau-de-beille-les-cabannes\/#breadcrumb","itemListElement":[{"@type":"ListItem","position":1,"name":"Home","item":"https:\/\/www.cyclosouvenir.be\/it\/"},{"@type":"ListItem","position":2,"name":"Negozio","item":"https:\/\/www.cyclosouvenir.be\/it\/negozio\/"},{"@type":"ListItem","position":3,"name":"Plateau de Beille &#8211; Les Cabannes"}]},{"@type":"WebSite","@id":"https:\/\/www.cyclosouvenir.be\/it\/#website","url":"https:\/\/www.cyclosouvenir.be\/it\/","name":"Cyclosouvenir","description":"De trofee voor een memorabele beklimming.","publisher":{"@id":"https:\/\/www.cyclosouvenir.be\/it\/#organization"},"potentialAction":[{"@type":"SearchAction","target":{"@type":"EntryPoint","urlTemplate":"https:\/\/www.cyclosouvenir.be\/it\/?s={search_term_string}"},"query-input":{"@type":"PropertyValueSpecification","valueRequired":true,"valueName":"search_term_string"}}],"inLanguage":"it-IT"},{"@type":"Organization","@id":"https:\/\/www.cyclosouvenir.be\/it\/#organization","name":"Cyclosouvenir","url":"https:\/\/www.cyclosouvenir.be\/it\/","logo":{"@type":"ImageObject","inLanguage":"it-IT","@id":"https:\/\/www.cyclosouvenir.be\/it\/#\/schema\/logo\/image\/","url":"https:\/\/www.cyclosouvenir.be\/wp-content\/uploads\/2024\/02\/Cyclosouvenir_Banner-removebg-preview.png","contentUrl":"https:\/\/www.cyclosouvenir.be\/wp-content\/uploads\/2024\/02\/Cyclosouvenir_Banner-removebg-preview.png","width":997,"height":250,"caption":"Cyclosouvenir"},"image":{"@id":"https:\/\/www.cyclosouvenir.be\/it\/#\/schema\/logo\/image\/"}}]}},"_links":{"self":[{"href":"https:\/\/www.cyclosouvenir.be\/it\/wp-json\/wp\/v2\/product\/12024","targetHints":{"allow":["GET"]}}],"collection":[{"href":"https:\/\/www.cyclosouvenir.be\/it\/wp-json\/wp\/v2\/product"}],"about":[{"href":"https:\/\/www.cyclosouvenir.be\/it\/wp-json\/wp\/v2\/types\/product"}],"replies":[{"embeddable":true,"href":"https:\/\/www.cyclosouvenir.be\/it\/wp-json\/wp\/v2\/comments?post=12024"}],"wp:featuredmedia":[{"embeddable":true,"href":"https:\/\/www.cyclosouvenir.be\/it\/wp-json\/wp\/v2\/media\/175"}],"wp:attachment":[{"href":"https:\/\/www.cyclosouvenir.be\/it\/wp-json\/wp\/v2\/media?parent=12024"}],"wp:term":[{"taxonomy":"product_brand","embeddable":true,"href":"https:\/\/www.cyclosouvenir.be\/it\/wp-json\/wp\/v2\/product_brand?post=12024"},{"taxonomy":"product_cat","embeddable":true,"href":"https:\/\/www.cyclosouvenir.be\/it\/wp-json\/wp\/v2\/product_cat?post=12024"},{"taxonomy":"product_tag","embeddable":true,"href":"https:\/\/www.cyclosouvenir.be\/it\/wp-json\/wp\/v2\/product_tag?post=12024"}],"curies":[{"name":"wp","href":"https:\/\/api.w.org\/{rel}","templated":true}]}}

<p>Plateau de Beille è una stazione di sport invernali nei Pirenei francesi. La città si trova nella regione Occitanie, nel dipartimento dell&#8217;Ariège.</p>
<p>Il Plateau de Beille è stato punto di arrivo del Tour de France per sei volte. Le prime tre volte, il vincitore del Tour ha vinto la tappa. Nel 1998, Marco Pantani vinse l&#8217;arrivo in salita. Al Tour 2007, fu Alberto Contador a battere Michael Rasmussen in volata. Anche nel 2011 è stato inserito il Plateau de Beille come luogo di arrivo e lì Jelle Vanendert ha tagliato il traguardo per primo.</p>
<p>Anche Lance Armstrong ha vinto su Plateau de Beille (addirittura due volte), ma dopo che gli sono state tolte le 7 vittorie del Tour, anche queste due vittorie di tappa sono state annullate. Wikipedia</p>

<!-- This site is optimized with the Yoast SEO plugin v26.2 - https://yoast.com/wordpress/plugins/seo/ -->
<title>Plateau de Beille - Les Cabannes - Cyclosouvenir</title>
<meta name="robots" content="index, follow, max-snippet:-1, max-image-preview:large, max-video-preview:-1" />
<link rel="canonical" href="https://www.cyclosouvenir.be/it/prodotto/plateau-de-beille-les-cabannes/" />
<meta property="og:locale" content="it_IT" />
<meta property="og:type" content="article" />
<meta property="og:title" content="Plateau de Beille - Les Cabannes - Cyclosouvenir" />
<meta property="og:description" content="Plateau de Beille è una stazione di sport invernali nei Pirenei francesi. La città si trova nella regione Occitanie, nel dipartimento dell&#039;Ariège. Il Plateau de Beille è stato punto di arrivo del Tour de France per sei volte. Le prime tre volte, il vincitore del Tour ha vinto la tappa. Nel 1998, Marco Pantani vinse l&#039;arrivo in salita. Al Tour 2007, fu Alberto Contador a battere Michael Rasmussen in volata. Anche nel 2011 è stato inserito il Plateau de Beille come luogo di arrivo e lì Jelle Vanendert ha tagliato il traguardo per primo. Anche Lance Armstrong ha vinto su Plateau de Beille (addirittura due volte), ma dopo che gli sono state tolte le 7 vittorie del Tour, anche queste due vittorie di tappa sono state annullate. Wikipedia" />
<meta property="og:url" content="https://www.cyclosouvenir.be/it/prodotto/plateau-de-beille-les-cabannes/" />
<meta property="og:site_name" content="Cyclosouvenir" />
<meta property="article:modified_time" content="2024-05-09T12:27:04+00:00" />
<meta property="og:image" content="https://www.cyclosouvenir.be/wp-content/uploads/2024/02/Plateau_de_Beille_Les_Cabannes.png" />
	<meta property="og:image:width" content="250" />
	<meta property="og:image:height" content="300" />
	<meta property="og:image:type" content="image/png" />
<meta name="twitter:card" content="summary_large_image" />
<script type="application/ld+json" class="yoast-schema-graph">{"@context":"https://schema.org","@graph":[{"@type":"WebPage","@id":"https://www.cyclosouvenir.be/it/prodotto/plateau-de-beille-les-cabannes/","url":"https://www.cyclosouvenir.be/it/prodotto/plateau-de-beille-les-cabannes/","name":"Plateau de Beille - Les Cabannes - Cyclosouvenir","isPartOf":{"@id":"https://www.cyclosouvenir.be/it/#website"},"primaryImageOfPage":{"@id":"https://www.cyclosouvenir.be/it/prodotto/plateau-de-beille-les-cabannes/#primaryimage"},"image":{"@id":"https://www.cyclosouvenir.be/it/prodotto/plateau-de-beille-les-cabannes/#primaryimage"},"thumbnailUrl":"https://www.cyclosouvenir.be/wp-content/uploads/2024/02/Plateau_de_Beille_Les_Cabannes.png","datePublished":"2024-02-13T11:36:52+00:00","dateModified":"2024-05-09T12:27:04+00:00","breadcrumb":{"@id":"https://www.cyclosouvenir.be/it/prodotto/plateau-de-beille-les-cabannes/#breadcrumb"},"inLanguage":"it-IT","potentialAction":[{"@type":"ReadAction","target":["https://www.cyclosouvenir.be/it/prodotto/plateau-de-beille-les-cabannes/"]}]},{"@type":"ImageObject","inLanguage":"it-IT","@id":"https://www.cyclosouvenir.be/it/prodotto/plateau-de-beille-les-cabannes/#primaryimage","url":"https://www.cyclosouvenir.be/wp-content/uploads/2024/02/Plateau_de_Beille_Les_Cabannes.png","contentUrl":"https://www.cyclosouvenir.be/wp-content/uploads/2024/02/Plateau_de_Beille_Les_Cabannes.png","width":250,"height":300},{"@type":"BreadcrumbList","@id":"https://www.cyclosouvenir.be/it/prodotto/plateau-de-beille-les-cabannes/#breadcrumb","itemListElement":[{"@type":"ListItem","position":1,"name":"Home","item":"https://www.cyclosouvenir.be/it/"},{"@type":"ListItem","position":2,"name":"Negozio","item":"https://www.cyclosouvenir.be/it/negozio/"},{"@type":"ListItem","position":3,"name":"Plateau de Beille &#8211; Les Cabannes"}]},{"@type":"WebSite","@id":"https://www.cyclosouvenir.be/it/#website","url":"https://www.cyclosouvenir.be/it/","name":"Cyclosouvenir","description":"De trofee voor een memorabele beklimming.","publisher":{"@id":"https://www.cyclosouvenir.be/it/#organization"},"potentialAction":[{"@type":"SearchAction","target":{"@type":"EntryPoint","urlTemplate":"https://www.cyclosouvenir.be/it/?s={search_term_string}"},"query-input":{"@type":"PropertyValueSpecification","valueRequired":true,"valueName":"search_term_string"}}],"inLanguage":"it-IT"},{"@type":"Organization","@id":"https://www.cyclosouvenir.be/it/#organization","name":"Cyclosouvenir","url":"https://www.cyclosouvenir.be/it/","logo":{"@type":"ImageObject","inLanguage":"it-IT","@id":"https://www.cyclosouvenir.be/it/#/schema/logo/image/","url":"https://www.cyclosouvenir.be/wp-content/uploads/2024/02/Cyclosouvenir_Banner-removebg-preview.png","contentUrl":"https://www.cyclosouvenir.be/wp-content/uploads/2024/02/Cyclosouvenir_Banner-removebg-preview.png","width":997,"height":250,"caption":"Cyclosouvenir"},"image":{"@id":"https://www.cyclosouvenir.be/it/#/schema/logo/image/"}}]}</script>
<!-- / Yoast SEO plugin. -->

Plateau de Beille è una stazione di sport invernali nei Pirenei francesi. La città si trova nella regione Occitanie, nel dipartimento dell'Ariège. Il Plateau de Beille è stato punto di arrivo del Tour de France per sei volte. Le prime tre volte, il vincitore del Tour ha vinto la tappa. Nel 1998, Marco Pantani vinse l'arrivo in salita. Al Tour 2007, fu Alberto Contador a battere Michael Rasmussen in volata. Anche nel 2011 è stato inserito il Plateau de Beille come luogo di arrivo e lì Jelle Vanendert ha tagliato il traguardo per primo. Anche Lance Armstrong ha vinto su Plateau de Beille (addirittura due volte), ma dopo che gli sono state tolte le 7 vittorie del Tour, anche queste due vittorie di tappa sono state annullate. Wikipedia
