{"id":12333,"date":"2024-04-20T07:45:21","date_gmt":"2024-04-20T07:45:21","guid":{"rendered":"https:\/\/demo9.inetproductions.be\/product\/passo-sella-selva-di-val-gardena\/"},"modified":"2025-07-13T09:20:57","modified_gmt":"2025-07-13T09:20:57","slug":"passo-sella-selva-di-val-gardena","status":"publish","type":"product","link":"https:\/\/www.cyclosouvenir.be\/it\/prodotto\/passo-sella-selva-di-val-gardena\/","title":{"rendered":"Passo Sella &#8211; Selva di Val Gardena"},"content":{"rendered":"","protected":false},"excerpt":{"rendered":"<p>Le col de Sella (italien : Passo di Sella, allemand : Sellajoch, ladin (Gherd\u00ebina) : J\u00ebuf de Sela, Ladin (Fassa) : Jouf de Sela) constitue le lien en Italie entre le Val di Fassa et le Val Gardena (Gherd\u00ebina, Gr\u00f6den). L&#8217;altezza del passo attraversa anche il confine tra le province italiane di Trento e dell&#8217;Alto Adige. La route du col est souvent emprunt\u00e9e en combinaison avec le col de Pordoi, le col de Campolongo et le col de Gardena, qui encerclent \u00e9galement le puissant massif de Sella.<\/p>\n<p>Fonte Wikipedia<\/p>\n","protected":false},"featured_media":12330,"comment_status":"open","ping_status":"closed","template":"","meta":{"_et_pb_use_builder":"","_et_pb_old_content":"","_et_gb_content_width":""},"product_brand":[],"product_cat":[3509,3570,562],"product_tag":[],"class_list":{"0":"post-12333","1":"product","2":"type-product","3":"status-publish","4":"has-post-thumbnail","6":"product_cat-italia-it","7":"product_cat-dolomiti-it","8":"product_cat-cippi","9":"tm-has-options","11":"first","12":"instock","13":"taxable","14":"shipping-taxable","15":"purchasable","16":"product-type-simple"},"yoast_head":"<!-- This site is optimized with the Yoast SEO plugin v26.2 - https:\/\/yoast.com\/wordpress\/plugins\/seo\/ -->\n<title>Passo Sella - Selva di Val Gardena - Cyclosouvenir<\/title>\n<meta name=\"robots\" content=\"index, follow, max-snippet:-1, max-image-preview:large, max-video-preview:-1\" \/>\n<link rel=\"canonical\" href=\"https:\/\/www.cyclosouvenir.be\/it\/prodotto\/passo-sella-selva-di-val-gardena\/\" \/>\n<meta property=\"og:locale\" content=\"it_IT\" \/>\n<meta property=\"og:type\" content=\"article\" \/>\n<meta property=\"og:title\" content=\"Passo Sella - Selva di Val Gardena - Cyclosouvenir\" \/>\n<meta property=\"og:description\" content=\"Le col de Sella (italien : Passo di Sella, allemand : Sellajoch, ladin (Gherd\u00ebina) : J\u00ebuf de Sela, Ladin (Fassa) : Jouf de Sela) constitue le lien en Italie entre le Val di Fassa et le Val Gardena (Gherd\u00ebina, Gr\u00f6den). L&#039;altezza del passo attraversa anche il confine tra le province italiane di Trento e dell&#039;Alto Adige. La route du col est souvent emprunt\u00e9e en combinaison avec le col de Pordoi, le col de Campolongo et le col de Gardena, qui encerclent \u00e9galement le puissant massif de Sella. Fonte Wikipedia\" \/>\n<meta property=\"og:url\" content=\"https:\/\/www.cyclosouvenir.be\/it\/prodotto\/passo-sella-selva-di-val-gardena\/\" \/>\n<meta property=\"og:site_name\" content=\"Cyclosouvenir\" \/>\n<meta property=\"article:modified_time\" content=\"2025-07-13T09:20:57+00:00\" \/>\n<meta property=\"og:image\" content=\"https:\/\/www.cyclosouvenir.be\/wp-content\/uploads\/2024\/04\/Passo_Sella_Selva_di_Val_Gardena.png\" \/>\n\t<meta property=\"og:image:width\" content=\"250\" \/>\n\t<meta property=\"og:image:height\" content=\"300\" \/>\n\t<meta property=\"og:image:type\" content=\"image\/png\" \/>\n<meta name=\"twitter:card\" content=\"summary_large_image\" \/>\n<script type=\"application\/ld+json\" class=\"yoast-schema-graph\">{\"@context\":\"https:\/\/schema.org\",\"@graph\":[{\"@type\":\"WebPage\",\"@id\":\"https:\/\/www.cyclosouvenir.be\/it\/prodotto\/passo-sella-selva-di-val-gardena\/\",\"url\":\"https:\/\/www.cyclosouvenir.be\/it\/prodotto\/passo-sella-selva-di-val-gardena\/\",\"name\":\"Passo Sella - Selva di Val Gardena - Cyclosouvenir\",\"isPartOf\":{\"@id\":\"https:\/\/www.cyclosouvenir.be\/it\/#website\"},\"primaryImageOfPage\":{\"@id\":\"https:\/\/www.cyclosouvenir.be\/it\/prodotto\/passo-sella-selva-di-val-gardena\/#primaryimage\"},\"image\":{\"@id\":\"https:\/\/www.cyclosouvenir.be\/it\/prodotto\/passo-sella-selva-di-val-gardena\/#primaryimage\"},\"thumbnailUrl\":\"https:\/\/www.cyclosouvenir.be\/wp-content\/uploads\/2024\/04\/Passo_Sella_Selva_di_Val_Gardena.png\",\"datePublished\":\"2024-04-20T07:45:21+00:00\",\"dateModified\":\"2025-07-13T09:20:57+00:00\",\"breadcrumb\":{\"@id\":\"https:\/\/www.cyclosouvenir.be\/it\/prodotto\/passo-sella-selva-di-val-gardena\/#breadcrumb\"},\"inLanguage\":\"it-IT\",\"potentialAction\":[{\"@type\":\"ReadAction\",\"target\":[\"https:\/\/www.cyclosouvenir.be\/it\/prodotto\/passo-sella-selva-di-val-gardena\/\"]}]},{\"@type\":\"ImageObject\",\"inLanguage\":\"it-IT\",\"@id\":\"https:\/\/www.cyclosouvenir.be\/it\/prodotto\/passo-sella-selva-di-val-gardena\/#primaryimage\",\"url\":\"https:\/\/www.cyclosouvenir.be\/wp-content\/uploads\/2024\/04\/Passo_Sella_Selva_di_Val_Gardena.png\",\"contentUrl\":\"https:\/\/www.cyclosouvenir.be\/wp-content\/uploads\/2024\/04\/Passo_Sella_Selva_di_Val_Gardena.png\",\"width\":250,\"height\":300},{\"@type\":\"BreadcrumbList\",\"@id\":\"https:\/\/www.cyclosouvenir.be\/it\/prodotto\/passo-sella-selva-di-val-gardena\/#breadcrumb\",\"itemListElement\":[{\"@type\":\"ListItem\",\"position\":1,\"name\":\"Home\",\"item\":\"https:\/\/www.cyclosouvenir.be\/it\/\"},{\"@type\":\"ListItem\",\"position\":2,\"name\":\"Negozio\",\"item\":\"https:\/\/www.cyclosouvenir.be\/it\/negozio\/\"},{\"@type\":\"ListItem\",\"position\":3,\"name\":\"Passo Sella &#8211; Selva di Val Gardena\"}]},{\"@type\":\"WebSite\",\"@id\":\"https:\/\/www.cyclosouvenir.be\/it\/#website\",\"url\":\"https:\/\/www.cyclosouvenir.be\/it\/\",\"name\":\"Cyclosouvenir\",\"description\":\"De trofee voor een memorabele beklimming.\",\"publisher\":{\"@id\":\"https:\/\/www.cyclosouvenir.be\/it\/#organization\"},\"potentialAction\":[{\"@type\":\"SearchAction\",\"target\":{\"@type\":\"EntryPoint\",\"urlTemplate\":\"https:\/\/www.cyclosouvenir.be\/it\/?s={search_term_string}\"},\"query-input\":{\"@type\":\"PropertyValueSpecification\",\"valueRequired\":true,\"valueName\":\"search_term_string\"}}],\"inLanguage\":\"it-IT\"},{\"@type\":\"Organization\",\"@id\":\"https:\/\/www.cyclosouvenir.be\/it\/#organization\",\"name\":\"Cyclosouvenir\",\"url\":\"https:\/\/www.cyclosouvenir.be\/it\/\",\"logo\":{\"@type\":\"ImageObject\",\"inLanguage\":\"it-IT\",\"@id\":\"https:\/\/www.cyclosouvenir.be\/it\/#\/schema\/logo\/image\/\",\"url\":\"https:\/\/www.cyclosouvenir.be\/wp-content\/uploads\/2024\/02\/Cyclosouvenir_Banner-removebg-preview.png\",\"contentUrl\":\"https:\/\/www.cyclosouvenir.be\/wp-content\/uploads\/2024\/02\/Cyclosouvenir_Banner-removebg-preview.png\",\"width\":997,\"height\":250,\"caption\":\"Cyclosouvenir\"},\"image\":{\"@id\":\"https:\/\/www.cyclosouvenir.be\/it\/#\/schema\/logo\/image\/\"}}]}<\/script>\n<!-- \/ Yoast SEO plugin. -->","yoast_head_json":{"title":"Passo Sella - Selva di Val Gardena - Cyclosouvenir","robots":{"index":"index","follow":"follow","max-snippet":"max-snippet:-1","max-image-preview":"max-image-preview:large","max-video-preview":"max-video-preview:-1"},"canonical":"https:\/\/www.cyclosouvenir.be\/it\/prodotto\/passo-sella-selva-di-val-gardena\/","og_locale":"it_IT","og_type":"article","og_title":"Passo Sella - Selva di Val Gardena - Cyclosouvenir","og_description":"Le col de Sella (italien : Passo di Sella, allemand : Sellajoch, ladin (Gherd\u00ebina) : J\u00ebuf de Sela, Ladin (Fassa) : Jouf de Sela) constitue le lien en Italie entre le Val di Fassa et le Val Gardena (Gherd\u00ebina, Gr\u00f6den). L'altezza del passo attraversa anche il confine tra le province italiane di Trento e dell'Alto Adige. La route du col est souvent emprunt\u00e9e en combinaison avec le col de Pordoi, le col de Campolongo et le col de Gardena, qui encerclent \u00e9galement le puissant massif de Sella. Fonte Wikipedia","og_url":"https:\/\/www.cyclosouvenir.be\/it\/prodotto\/passo-sella-selva-di-val-gardena\/","og_site_name":"Cyclosouvenir","article_modified_time":"2025-07-13T09:20:57+00:00","og_image":[{"width":250,"height":300,"url":"https:\/\/www.cyclosouvenir.be\/wp-content\/uploads\/2024\/04\/Passo_Sella_Selva_di_Val_Gardena.png","type":"image\/png"}],"twitter_card":"summary_large_image","schema":{"@context":"https:\/\/schema.org","@graph":[{"@type":"WebPage","@id":"https:\/\/www.cyclosouvenir.be\/it\/prodotto\/passo-sella-selva-di-val-gardena\/","url":"https:\/\/www.cyclosouvenir.be\/it\/prodotto\/passo-sella-selva-di-val-gardena\/","name":"Passo Sella - Selva di Val Gardena - Cyclosouvenir","isPartOf":{"@id":"https:\/\/www.cyclosouvenir.be\/it\/#website"},"primaryImageOfPage":{"@id":"https:\/\/www.cyclosouvenir.be\/it\/prodotto\/passo-sella-selva-di-val-gardena\/#primaryimage"},"image":{"@id":"https:\/\/www.cyclosouvenir.be\/it\/prodotto\/passo-sella-selva-di-val-gardena\/#primaryimage"},"thumbnailUrl":"https:\/\/www.cyclosouvenir.be\/wp-content\/uploads\/2024\/04\/Passo_Sella_Selva_di_Val_Gardena.png","datePublished":"2024-04-20T07:45:21+00:00","dateModified":"2025-07-13T09:20:57+00:00","breadcrumb":{"@id":"https:\/\/www.cyclosouvenir.be\/it\/prodotto\/passo-sella-selva-di-val-gardena\/#breadcrumb"},"inLanguage":"it-IT","potentialAction":[{"@type":"ReadAction","target":["https:\/\/www.cyclosouvenir.be\/it\/prodotto\/passo-sella-selva-di-val-gardena\/"]}]},{"@type":"ImageObject","inLanguage":"it-IT","@id":"https:\/\/www.cyclosouvenir.be\/it\/prodotto\/passo-sella-selva-di-val-gardena\/#primaryimage","url":"https:\/\/www.cyclosouvenir.be\/wp-content\/uploads\/2024\/04\/Passo_Sella_Selva_di_Val_Gardena.png","contentUrl":"https:\/\/www.cyclosouvenir.be\/wp-content\/uploads\/2024\/04\/Passo_Sella_Selva_di_Val_Gardena.png","width":250,"height":300},{"@type":"BreadcrumbList","@id":"https:\/\/www.cyclosouvenir.be\/it\/prodotto\/passo-sella-selva-di-val-gardena\/#breadcrumb","itemListElement":[{"@type":"ListItem","position":1,"name":"Home","item":"https:\/\/www.cyclosouvenir.be\/it\/"},{"@type":"ListItem","position":2,"name":"Negozio","item":"https:\/\/www.cyclosouvenir.be\/it\/negozio\/"},{"@type":"ListItem","position":3,"name":"Passo Sella &#8211; Selva di Val Gardena"}]},{"@type":"WebSite","@id":"https:\/\/www.cyclosouvenir.be\/it\/#website","url":"https:\/\/www.cyclosouvenir.be\/it\/","name":"Cyclosouvenir","description":"De trofee voor een memorabele beklimming.","publisher":{"@id":"https:\/\/www.cyclosouvenir.be\/it\/#organization"},"potentialAction":[{"@type":"SearchAction","target":{"@type":"EntryPoint","urlTemplate":"https:\/\/www.cyclosouvenir.be\/it\/?s={search_term_string}"},"query-input":{"@type":"PropertyValueSpecification","valueRequired":true,"valueName":"search_term_string"}}],"inLanguage":"it-IT"},{"@type":"Organization","@id":"https:\/\/www.cyclosouvenir.be\/it\/#organization","name":"Cyclosouvenir","url":"https:\/\/www.cyclosouvenir.be\/it\/","logo":{"@type":"ImageObject","inLanguage":"it-IT","@id":"https:\/\/www.cyclosouvenir.be\/it\/#\/schema\/logo\/image\/","url":"https:\/\/www.cyclosouvenir.be\/wp-content\/uploads\/2024\/02\/Cyclosouvenir_Banner-removebg-preview.png","contentUrl":"https:\/\/www.cyclosouvenir.be\/wp-content\/uploads\/2024\/02\/Cyclosouvenir_Banner-removebg-preview.png","width":997,"height":250,"caption":"Cyclosouvenir"},"image":{"@id":"https:\/\/www.cyclosouvenir.be\/it\/#\/schema\/logo\/image\/"}}]}},"_links":{"self":[{"href":"https:\/\/www.cyclosouvenir.be\/it\/wp-json\/wp\/v2\/product\/12333","targetHints":{"allow":["GET"]}}],"collection":[{"href":"https:\/\/www.cyclosouvenir.be\/it\/wp-json\/wp\/v2\/product"}],"about":[{"href":"https:\/\/www.cyclosouvenir.be\/it\/wp-json\/wp\/v2\/types\/product"}],"replies":[{"embeddable":true,"href":"https:\/\/www.cyclosouvenir.be\/it\/wp-json\/wp\/v2\/comments?post=12333"}],"wp:featuredmedia":[{"embeddable":true,"href":"https:\/\/www.cyclosouvenir.be\/it\/wp-json\/wp\/v2\/media\/12330"}],"wp:attachment":[{"href":"https:\/\/www.cyclosouvenir.be\/it\/wp-json\/wp\/v2\/media?parent=12333"}],"wp:term":[{"taxonomy":"product_brand","embeddable":true,"href":"https:\/\/www.cyclosouvenir.be\/it\/wp-json\/wp\/v2\/product_brand?post=12333"},{"taxonomy":"product_cat","embeddable":true,"href":"https:\/\/www.cyclosouvenir.be\/it\/wp-json\/wp\/v2\/product_cat?post=12333"},{"taxonomy":"product_tag","embeddable":true,"href":"https:\/\/www.cyclosouvenir.be\/it\/wp-json\/wp\/v2\/product_tag?post=12333"}],"curies":[{"name":"wp","href":"https:\/\/api.w.org\/{rel}","templated":true}]}}

<p>Le col de Sella (italien : Passo di Sella, allemand : Sellajoch, ladin (Gherdëina) : Jëuf de Sela, Ladin (Fassa) : Jouf de Sela) constitue le lien en Italie entre le Val di Fassa et le Val Gardena (Gherdëina, Gröden). L&#8217;altezza del passo attraversa anche il confine tra le province italiane di Trento e dell&#8217;Alto Adige. La route du col est souvent empruntée en combinaison avec le col de Pordoi, le col de Campolongo et le col de Gardena, qui encerclent également le puissant massif de Sella.</p>
<p>Fonte Wikipedia</p>

<!-- This site is optimized with the Yoast SEO plugin v26.2 - https://yoast.com/wordpress/plugins/seo/ -->
<title>Passo Sella - Selva di Val Gardena - Cyclosouvenir</title>
<meta name="robots" content="index, follow, max-snippet:-1, max-image-preview:large, max-video-preview:-1" />
<link rel="canonical" href="https://www.cyclosouvenir.be/it/prodotto/passo-sella-selva-di-val-gardena/" />
<meta property="og:locale" content="it_IT" />
<meta property="og:type" content="article" />
<meta property="og:title" content="Passo Sella - Selva di Val Gardena - Cyclosouvenir" />
<meta property="og:description" content="Le col de Sella (italien : Passo di Sella, allemand : Sellajoch, ladin (Gherdëina) : Jëuf de Sela, Ladin (Fassa) : Jouf de Sela) constitue le lien en Italie entre le Val di Fassa et le Val Gardena (Gherdëina, Gröden). L&#039;altezza del passo attraversa anche il confine tra le province italiane di Trento e dell&#039;Alto Adige. La route du col est souvent empruntée en combinaison avec le col de Pordoi, le col de Campolongo et le col de Gardena, qui encerclent également le puissant massif de Sella. Fonte Wikipedia" />
<meta property="og:url" content="https://www.cyclosouvenir.be/it/prodotto/passo-sella-selva-di-val-gardena/" />
<meta property="og:site_name" content="Cyclosouvenir" />
<meta property="article:modified_time" content="2025-07-13T09:20:57+00:00" />
<meta property="og:image" content="https://www.cyclosouvenir.be/wp-content/uploads/2024/04/Passo_Sella_Selva_di_Val_Gardena.png" />
	<meta property="og:image:width" content="250" />
	<meta property="og:image:height" content="300" />
	<meta property="og:image:type" content="image/png" />
<meta name="twitter:card" content="summary_large_image" />
<script type="application/ld+json" class="yoast-schema-graph">{"@context":"https://schema.org","@graph":[{"@type":"WebPage","@id":"https://www.cyclosouvenir.be/it/prodotto/passo-sella-selva-di-val-gardena/","url":"https://www.cyclosouvenir.be/it/prodotto/passo-sella-selva-di-val-gardena/","name":"Passo Sella - Selva di Val Gardena - Cyclosouvenir","isPartOf":{"@id":"https://www.cyclosouvenir.be/it/#website"},"primaryImageOfPage":{"@id":"https://www.cyclosouvenir.be/it/prodotto/passo-sella-selva-di-val-gardena/#primaryimage"},"image":{"@id":"https://www.cyclosouvenir.be/it/prodotto/passo-sella-selva-di-val-gardena/#primaryimage"},"thumbnailUrl":"https://www.cyclosouvenir.be/wp-content/uploads/2024/04/Passo_Sella_Selva_di_Val_Gardena.png","datePublished":"2024-04-20T07:45:21+00:00","dateModified":"2025-07-13T09:20:57+00:00","breadcrumb":{"@id":"https://www.cyclosouvenir.be/it/prodotto/passo-sella-selva-di-val-gardena/#breadcrumb"},"inLanguage":"it-IT","potentialAction":[{"@type":"ReadAction","target":["https://www.cyclosouvenir.be/it/prodotto/passo-sella-selva-di-val-gardena/"]}]},{"@type":"ImageObject","inLanguage":"it-IT","@id":"https://www.cyclosouvenir.be/it/prodotto/passo-sella-selva-di-val-gardena/#primaryimage","url":"https://www.cyclosouvenir.be/wp-content/uploads/2024/04/Passo_Sella_Selva_di_Val_Gardena.png","contentUrl":"https://www.cyclosouvenir.be/wp-content/uploads/2024/04/Passo_Sella_Selva_di_Val_Gardena.png","width":250,"height":300},{"@type":"BreadcrumbList","@id":"https://www.cyclosouvenir.be/it/prodotto/passo-sella-selva-di-val-gardena/#breadcrumb","itemListElement":[{"@type":"ListItem","position":1,"name":"Home","item":"https://www.cyclosouvenir.be/it/"},{"@type":"ListItem","position":2,"name":"Negozio","item":"https://www.cyclosouvenir.be/it/negozio/"},{"@type":"ListItem","position":3,"name":"Passo Sella &#8211; Selva di Val Gardena"}]},{"@type":"WebSite","@id":"https://www.cyclosouvenir.be/it/#website","url":"https://www.cyclosouvenir.be/it/","name":"Cyclosouvenir","description":"De trofee voor een memorabele beklimming.","publisher":{"@id":"https://www.cyclosouvenir.be/it/#organization"},"potentialAction":[{"@type":"SearchAction","target":{"@type":"EntryPoint","urlTemplate":"https://www.cyclosouvenir.be/it/?s={search_term_string}"},"query-input":{"@type":"PropertyValueSpecification","valueRequired":true,"valueName":"search_term_string"}}],"inLanguage":"it-IT"},{"@type":"Organization","@id":"https://www.cyclosouvenir.be/it/#organization","name":"Cyclosouvenir","url":"https://www.cyclosouvenir.be/it/","logo":{"@type":"ImageObject","inLanguage":"it-IT","@id":"https://www.cyclosouvenir.be/it/#/schema/logo/image/","url":"https://www.cyclosouvenir.be/wp-content/uploads/2024/02/Cyclosouvenir_Banner-removebg-preview.png","contentUrl":"https://www.cyclosouvenir.be/wp-content/uploads/2024/02/Cyclosouvenir_Banner-removebg-preview.png","width":997,"height":250,"caption":"Cyclosouvenir"},"image":{"@id":"https://www.cyclosouvenir.be/it/#/schema/logo/image/"}}]}</script>
<!-- / Yoast SEO plugin. -->

Le col de Sella (italien : Passo di Sella, allemand : Sellajoch, ladin (Gherdëina) : Jëuf de Sela, Ladin (Fassa) : Jouf de Sela) constitue le lien en Italie entre le Val di Fassa et le Val Gardena (Gherdëina, Gröden). L'altezza del passo attraversa anche il confine tra le province italiane di Trento e dell'Alto Adige. La route du col est souvent empruntée en combinaison avec le col de Pordoi, le col de Campolongo et le col de Gardena, qui encerclent également le puissant massif de Sella. Fonte Wikipedia
